{"id":16558,"date":"2026-03-09T19:51:19","date_gmt":"2026-03-09T19:51:19","guid":{"rendered":"https:\/\/www.billard-club-sottevillais.com\/?page_id=16558"},"modified":"2026-03-09T19:53:49","modified_gmt":"2026-03-09T19:53:49","slug":"libre-r4-t3-8-mars-2026","status":"publish","type":"page","link":"https:\/\/www.billard-club-sottevillais.com\/?page_id=16558","title":{"rendered":"Libre R4 T3 &#8211; 8 Mars 2026"},"content":{"rendered":"<p style=\"text-align: justify;\">R\u00e9sultats des Tournois, vous trouverez ici toutes les informations concernant les rencontres sportives auxquelles participe le Billard Club Sottevillais.<\/p>\n<p style=\"text-align: center;\"><!--more--><img loading=\"lazy\" decoding=\"async\" class=\"aligncenter wp-image-59 size-full\" title=\"sport\" src=\"http:\/\/www.billard-club-sottevillais.com\/wp-content\/uploads\/2011\/07\/sport.jpg\" alt=\"\" width=\"231\" height=\"116\" \/><\/p>\n<p data-start=\"193\" data-end=\"508\">Le 3\u00e8me tour de <strong data-start=\"212\" data-end=\"224\">Libre R4<\/strong> s\u2019est d\u00e9roul\u00e9 le <strong data-start=\"242\" data-end=\"270\">dimanche 8 mars 2026<\/strong>.<br data-start=\"271\" data-end=\"274\" \/>Les joueurs \u00e9taient r\u00e9partis en <strong data-start=\"306\" data-end=\"323\">quatre poules<\/strong> disput\u00e9es \u00e0 <strong data-start=\"336\" data-end=\"370\">F\u00e9camp, Rouen et Oissel<\/strong>.<br data-start=\"371\" data-end=\"374\" \/><strong>Cinq sottevillais<\/strong> \u00e9taient engag\u00e9s dans cette comp\u00e9tition r\u00e9gionale.<\/p>\n<p data-start=\"193\" data-end=\"508\"><strong data-start=\"523\" data-end=\"562\">\u00a0 \u00a0 &#8211; Poule A \u2013 F\u00e9camp (6 joueurs)<\/strong><\/p>\n<ul>\n<li><strong data-start=\"860\" data-end=\"882\">Dominique Langlois <\/strong>termine<strong data-start=\"860\" data-end=\"882\"> 4\u1d49<\/strong><\/li>\n<li data-start=\"710\" data-end=\"766\"><strong data-start=\"769\" data-end=\"788\">Francine Burgot<\/strong> prend la 6<strong data-start=\"798\" data-end=\"810\">\u1d49 place<\/strong><\/li>\n<\/ul>\n<p><strong data-start=\"825\" data-end=\"857\">\u00a0 \u00a0 &#8211; Poule B \u2013 Oissel\u00a0 (5 joueurs)<\/strong><\/p>\n<ul>\n<li><strong data-start=\"611\" data-end=\"626\">Serge Petit<\/strong> r\u00e9alise un tr\u00e8s beau parcours et remporte la poule avec 4<strong data-start=\"687\" data-end=\"702\"> victoires dont 3 bonifi\u00e9s<\/strong> \ud83d\udc4f<\/li>\n<\/ul>\n<p data-start=\"916\" data-end=\"954\"><strong data-start=\"923\" data-end=\"954\">\u00a0 \u00a0 &#8211; Poule C \u2013 Rouen (4 joueurs)<\/strong><\/p>\n<ul>\n<li><strong data-start=\"710\" data-end=\"729\">S\u00e9bastien Hid\u00e9e<\/strong> remporte la poule gr\u00e2ce \u00e0 ses <strong>3 victoires dont 2 bonifi\u00e9es \ud83d\udc4f<\/strong><\/li>\n<li><strong data-start=\"957\" data-end=\"977\">Frederic Tedd <\/strong>prend la 2\u00e8me place avec <strong>2 victoires<\/strong><\/li>\n<\/ul>\n<p data-start=\"1138\" data-end=\"1176\"><strong data-start=\"1145\" data-end=\"1176\">\u00a0 \u00a0 &#8211; Poule D \u2013 Rouen (4 joueurs)<\/strong><\/p>\n<ul data-start=\"1177\" data-end=\"1239\">\n<li>Aucun sottevillais engag\u00e9s<\/li>\n<\/ul>\n<p><em>Poule A,<\/em><\/p>\n<p><img loading=\"lazy\" decoding=\"async\" class=\"aligncenter wp-image-16560\" src=\"http:\/\/www.billard-club-sottevillais.com\/wp-content\/uploads\/2026\/03\/FM-T3-Libre-R4-Fecamp-Poule-A-8.03.2026-1024x724.jpg\" alt=\"\" width=\"750\" height=\"530\" srcset=\"https:\/\/www.billard-club-sottevillais.com\/wp-content\/uploads\/2026\/03\/FM-T3-Libre-R4-Fecamp-Poule-A-8.03.2026-1024x724.jpg 1024w, https:\/\/www.billard-club-sottevillais.com\/wp-content\/uploads\/2026\/03\/FM-T3-Libre-R4-Fecamp-Poule-A-8.03.2026-300x212.jpg 300w, https:\/\/www.billard-club-sottevillais.com\/wp-content\/uploads\/2026\/03\/FM-T3-Libre-R4-Fecamp-Poule-A-8.03.2026-768x543.jpg 768w, https:\/\/www.billard-club-sottevillais.com\/wp-content\/uploads\/2026\/03\/FM-T3-Libre-R4-Fecamp-Poule-A-8.03.2026-1536x1086.jpg 1536w, https:\/\/www.billard-club-sottevillais.com\/wp-content\/uploads\/2026\/03\/FM-T3-Libre-R4-Fecamp-Poule-A-8.03.2026-rotated.jpg 1754w\" sizes=\"auto, (max-width: 706px) 89vw, (max-width: 767px) 82vw, 740px\" \/><\/p>\n<p><em>Poule B,<\/em><\/p>\n<p><img loading=\"lazy\" decoding=\"async\" class=\"aligncenter wp-image-16562\" src=\"http:\/\/www.billard-club-sottevillais.com\/wp-content\/uploads\/2026\/03\/FM-T3-Libre-R4-Oissel-Poule-B-8.03.2026-1-1024x724.jpg\" alt=\"\" width=\"750\" height=\"530\" srcset=\"https:\/\/www.billard-club-sottevillais.com\/wp-content\/uploads\/2026\/03\/FM-T3-Libre-R4-Oissel-Poule-B-8.03.2026-1-1024x724.jpg 1024w, https:\/\/www.billard-club-sottevillais.com\/wp-content\/uploads\/2026\/03\/FM-T3-Libre-R4-Oissel-Poule-B-8.03.2026-1-300x212.jpg 300w, https:\/\/www.billard-club-sottevillais.com\/wp-content\/uploads\/2026\/03\/FM-T3-Libre-R4-Oissel-Poule-B-8.03.2026-1-768x543.jpg 768w, https:\/\/www.billard-club-sottevillais.com\/wp-content\/uploads\/2026\/03\/FM-T3-Libre-R4-Oissel-Poule-B-8.03.2026-1-1536x1086.jpg 1536w, https:\/\/www.billard-club-sottevillais.com\/wp-content\/uploads\/2026\/03\/FM-T3-Libre-R4-Oissel-Poule-B-8.03.2026-1-rotated.jpg 1754w\" sizes=\"auto, (max-width: 706px) 89vw, (max-width: 767px) 82vw, 740px\" \/><\/p>\n<p><em>Poule C,<\/em><\/p>\n<p><img loading=\"lazy\" decoding=\"async\" class=\"aligncenter wp-image-16565\" src=\"http:\/\/www.billard-club-sottevillais.com\/wp-content\/uploads\/2026\/03\/FM-T3-Libre-R4-Rouen-Poule-C-8.03.2026-1024x724.jpg\" alt=\"\" width=\"750\" height=\"530\" srcset=\"https:\/\/www.billard-club-sottevillais.com\/wp-content\/uploads\/2026\/03\/FM-T3-Libre-R4-Rouen-Poule-C-8.03.2026-1024x724.jpg 1024w, https:\/\/www.billard-club-sottevillais.com\/wp-content\/uploads\/2026\/03\/FM-T3-Libre-R4-Rouen-Poule-C-8.03.2026-300x212.jpg 300w, https:\/\/www.billard-club-sottevillais.com\/wp-content\/uploads\/2026\/03\/FM-T3-Libre-R4-Rouen-Poule-C-8.03.2026-768x543.jpg 768w, https:\/\/www.billard-club-sottevillais.com\/wp-content\/uploads\/2026\/03\/FM-T3-Libre-R4-Rouen-Poule-C-8.03.2026-1536x1086.jpg 1536w, https:\/\/www.billard-club-sottevillais.com\/wp-content\/uploads\/2026\/03\/FM-T3-Libre-R4-Rouen-Poule-C-8.03.2026-rotated.jpg 1754w\" sizes=\"auto, (max-width: 706px) 89vw, (max-width: 767px) 82vw, 740px\" \/><\/p>\n<p><em>Poule D,<\/em><\/p>\n<p><img loading=\"lazy\" decoding=\"async\" class=\"aligncenter wp-image-16566\" src=\"http:\/\/www.billard-club-sottevillais.com\/wp-content\/uploads\/2026\/03\/FM-T3-Libre-R4-Rouen-Poule-D-8.03.2026-1024x724.jpg\" alt=\"\" width=\"750\" height=\"530\" srcset=\"https:\/\/www.billard-club-sottevillais.com\/wp-content\/uploads\/2026\/03\/FM-T3-Libre-R4-Rouen-Poule-D-8.03.2026-1024x724.jpg 1024w, https:\/\/www.billard-club-sottevillais.com\/wp-content\/uploads\/2026\/03\/FM-T3-Libre-R4-Rouen-Poule-D-8.03.2026-300x212.jpg 300w, https:\/\/www.billard-club-sottevillais.com\/wp-content\/uploads\/2026\/03\/FM-T3-Libre-R4-Rouen-Poule-D-8.03.2026-768x543.jpg 768w, https:\/\/www.billard-club-sottevillais.com\/wp-content\/uploads\/2026\/03\/FM-T3-Libre-R4-Rouen-Poule-D-8.03.2026-1536x1086.jpg 1536w, https:\/\/www.billard-club-sottevillais.com\/wp-content\/uploads\/2026\/03\/FM-T3-Libre-R4-Rouen-Poule-D-8.03.2026-rotated.jpg 1754w\" sizes=\"auto, (max-width: 706px) 89vw, (max-width: 767px) 82vw, 740px\" \/><\/p>\n<h4 style=\"padding-left: 30px;\">Le pdf ici : <a href=\"http:\/\/www.billard-club-sottevillais.com\/wp-content\/uploads\/2026\/03\/FM-T3-Libre-R4-Fecamp-Poule-A-8.03.2026.pdf\">FM T3 &#8211; Libre R4 &#8211; F\u00e9camp Poule A 8.03.2026<\/a><\/h4>\n<h4 style=\"padding-left: 30px;\">Le pdf ici : <a href=\"http:\/\/www.billard-club-sottevillais.com\/wp-content\/uploads\/2026\/03\/FM-T3-Libre-R4-Oissel-Poule-B-8.03.2026.pdf\">FM T3 &#8211; Libre R4 &#8211; Oissel Poule B 8.03.2026<\/a><\/h4>\n<h4 style=\"padding-left: 30px;\">Le pdf ici : <a href=\"http:\/\/www.billard-club-sottevillais.com\/wp-content\/uploads\/2026\/03\/FM-T3-Libre-R4-Rouen-Poule-C-8.03.2026.pdf\">FM T3 &#8211; Libre R4 &#8211; Rouen Poule C 8.03.2026<\/a><\/h4>\n<h4 style=\"padding-left: 30px;\">Le pdf ici : <a href=\"http:\/\/www.billard-club-sottevillais.com\/wp-content\/uploads\/2026\/03\/FM-T3-Libre-R4-Rouen-Poule-D-8.03.2026.pdf\">FM T3 &#8211; Libre R4 &#8211; Rouen Poule D 8.03.2026<\/a><\/h4>\n\n\n<p><\/p>\n","protected":false},"excerpt":{"rendered":"<p>R\u00e9sultats des Tournois, vous trouverez ici toutes les informations concernant les rencontres sportives auxquelles participe le Billard Club Sottevillais.<\/p>\n","protected":false},"author":7,"featured_media":0,"parent":0,"menu_order":0,"comment_status":"closed","ping_status":"closed","template":"","meta":{"footnotes":""},"class_list":["post-16558","page","type-page","status-publish","hentry"],"_links":{"self":[{"href":"https:\/\/www.billard-club-sottevillais.com\/index.php?rest_route=\/wp\/v2\/pages\/16558","targetHints":{"allow":["GET"]}}],"collection":[{"href":"https:\/\/www.billard-club-sottevillais.com\/index.php?rest_route=\/wp\/v2\/pages"}],"about":[{"href":"https:\/\/www.billard-club-sottevillais.com\/index.php?rest_route=\/wp\/v2\/types\/page"}],"author":[{"embeddable":true,"href":"https:\/\/www.billard-club-sottevillais.com\/index.php?rest_route=\/wp\/v2\/users\/7"}],"replies":[{"embeddable":true,"href":"https:\/\/www.billard-club-sottevillais.com\/index.php?rest_route=%2Fwp%2Fv2%2Fcomments&post=16558"}],"version-history":[{"count":6,"href":"https:\/\/www.billard-club-sottevillais.com\/index.php?rest_route=\/wp\/v2\/pages\/16558\/revisions"}],"predecessor-version":[{"id":16576,"href":"https:\/\/www.billard-club-sottevillais.com\/index.php?rest_route=\/wp\/v2\/pages\/16558\/revisions\/16576"}],"wp:attachment":[{"href":"https:\/\/www.billard-club-sottevillais.com\/index.php?rest_route=%2Fwp%2Fv2%2Fmedia&parent=16558"}],"curies":[{"name":"wp","href":"https:\/\/api.w.org\/{rel}","templated":true}]}}