{"id":16547,"date":"2026-03-09T19:23:22","date_gmt":"2026-03-09T19:23:22","guid":{"rendered":"https:\/\/www.billard-club-sottevillais.com\/?page_id=16547"},"modified":"2026-03-09T19:23:22","modified_gmt":"2026-03-09T19:23:22","slug":"libre-n3-t4-1-mars-2026","status":"publish","type":"page","link":"https:\/\/www.billard-club-sottevillais.com\/?page_id=16547","title":{"rendered":"Libre N3 T4 &#8211; 1 mars 2026"},"content":{"rendered":"<p>R\u00e9sultats des Tournois, vous trouverez ici toutes les informations concernant les rencontres sportives auxquelles participe le Billard Club Sottevillais.<\/p>\n<p style=\"text-align: center;\"><!--more--><img loading=\"lazy\" decoding=\"async\" class=\"aligncenter size-full wp-image-8398\" title=\"Res-Sport\" src=\"http:\/\/www.billard-club-sottevillais.com\/wp-content\/uploads\/2011\/07\/Res-Sport1.jpg\" alt=\"\" width=\"231\" height=\"116\" \/><\/p>\n<p style=\"text-align: justify;\">Le 4\u00e8me tour de libre N3 a eu lieu le 1 Mars 2026 \u00e0 St Nicolas d&rsquo;Aliermont. Jacques Alexandre repr\u00e9sentait le BCS dans un tour \u00e0 4.<\/p>\n<p style=\"text-align: justify;\">Jacques avec deux victoires et une d\u00e9faite prend la 3\u00e8me place.<\/p>\n<p>Pierre-Louis Lambeau de St Nicolas est Champion de Normandie.<\/p>\n<p style=\"text-align: justify;\"><img loading=\"lazy\" decoding=\"async\" class=\"aligncenter wp-image-16548\" src=\"http:\/\/www.billard-club-sottevillais.com\/wp-content\/uploads\/2026\/03\/FM-T4-Libre-N3-St-Nicolas-Poule-A-01.03.2026-1024x724.jpg\" alt=\"\" width=\"750\" height=\"530\" srcset=\"https:\/\/www.billard-club-sottevillais.com\/wp-content\/uploads\/2026\/03\/FM-T4-Libre-N3-St-Nicolas-Poule-A-01.03.2026-1024x724.jpg 1024w, https:\/\/www.billard-club-sottevillais.com\/wp-content\/uploads\/2026\/03\/FM-T4-Libre-N3-St-Nicolas-Poule-A-01.03.2026-300x212.jpg 300w, https:\/\/www.billard-club-sottevillais.com\/wp-content\/uploads\/2026\/03\/FM-T4-Libre-N3-St-Nicolas-Poule-A-01.03.2026-768x543.jpg 768w, https:\/\/www.billard-club-sottevillais.com\/wp-content\/uploads\/2026\/03\/FM-T4-Libre-N3-St-Nicolas-Poule-A-01.03.2026-1536x1086.jpg 1536w, https:\/\/www.billard-club-sottevillais.com\/wp-content\/uploads\/2026\/03\/FM-T4-Libre-N3-St-Nicolas-Poule-A-01.03.2026-rotated.jpg 1754w\" sizes=\"auto, (max-width: 706px) 89vw, (max-width: 767px) 82vw, 740px\" \/><\/p>\n<h4 style=\"padding-left: 30px;\">Le pdf ici : <a href=\"http:\/\/www.billard-club-sottevillais.com\/wp-content\/uploads\/2026\/03\/FM-T4-Libre-N3-St-Nicolas-Poule-A-01.03.2026.pdf\">FM T4 Libre N3 St Nicolas Poule A 01.03.2026<\/a><\/h4>\n\n\n<p><\/p>\n","protected":false},"excerpt":{"rendered":"<p>R\u00e9sultats des Tournois, vous trouverez ici toutes les informations concernant les rencontres sportives auxquelles participe le Billard Club Sottevillais.<\/p>\n","protected":false},"author":7,"featured_media":0,"parent":0,"menu_order":0,"comment_status":"closed","ping_status":"closed","template":"","meta":{"footnotes":""},"class_list":["post-16547","page","type-page","status-publish","hentry"],"_links":{"self":[{"href":"https:\/\/www.billard-club-sottevillais.com\/index.php?rest_route=\/wp\/v2\/pages\/16547","targetHints":{"allow":["GET"]}}],"collection":[{"href":"https:\/\/www.billard-club-sottevillais.com\/index.php?rest_route=\/wp\/v2\/pages"}],"about":[{"href":"https:\/\/www.billard-club-sottevillais.com\/index.php?rest_route=\/wp\/v2\/types\/page"}],"author":[{"embeddable":true,"href":"https:\/\/www.billard-club-sottevillais.com\/index.php?rest_route=\/wp\/v2\/users\/7"}],"replies":[{"embeddable":true,"href":"https:\/\/www.billard-club-sottevillais.com\/index.php?rest_route=%2Fwp%2Fv2%2Fcomments&post=16547"}],"version-history":[{"count":1,"href":"https:\/\/www.billard-club-sottevillais.com\/index.php?rest_route=\/wp\/v2\/pages\/16547\/revisions"}],"predecessor-version":[{"id":16550,"href":"https:\/\/www.billard-club-sottevillais.com\/index.php?rest_route=\/wp\/v2\/pages\/16547\/revisions\/16550"}],"wp:attachment":[{"href":"https:\/\/www.billard-club-sottevillais.com\/index.php?rest_route=%2Fwp%2Fv2%2Fmedia&parent=16547"}],"curies":[{"name":"wp","href":"https:\/\/api.w.org\/{rel}","templated":true}]}}