{"id":16333,"date":"2026-02-01T13:57:04","date_gmt":"2026-02-01T13:57:04","guid":{"rendered":"https:\/\/www.billard-club-sottevillais.com\/?page_id=16333"},"modified":"2026-02-01T13:57:36","modified_gmt":"2026-02-01T13:57:36","slug":"libre-n3-t3-25-janvier-2026","status":"publish","type":"page","link":"https:\/\/www.billard-club-sottevillais.com\/?page_id=16333","title":{"rendered":"Libre N3 T3 &#8211; 25 Janvier 2026"},"content":{"rendered":"<p data-start=\"100\" data-end=\"297\">Le 3\u1d49 tour de la cat\u00e9gorie <strong data-start=\"127\" data-end=\"139\">Libre N3<\/strong> s\u2019est d\u00e9roul\u00e9 le <strong data-start=\"157\" data-end=\"194\">dimanche 25 janvier 2026 \u00e0 Bernay<\/strong>.<br data-start=\"195\" data-end=\"198\" \/>Le <strong data-start=\"203\" data-end=\"210\">BCS<\/strong> y \u00e9tait repr\u00e9sent\u00e9 par <strong data-start=\"234\" data-end=\"255\">Jacques Alexandre<\/strong>, engag\u00e9 dans une poule de 4 joueurs.<\/p>\n<p data-start=\"304\" data-end=\"534\">Auteur d\u2019un excellent parcours, Jacques <strong data-start=\"344\" data-end=\"377\">remporte ses trois rencontres<\/strong>. Il termine toutefois \u00e0 la <strong data-start=\"405\" data-end=\"431\">2\u1d49 place du classement<\/strong>, devanc\u00e9 par <strong data-start=\"445\" data-end=\"462\">Cyril Garreau<\/strong>, vainqueur de deux matchs mais b\u00e9n\u00e9ficiant de <strong data-start=\"509\" data-end=\"533\">deux points de bonus<\/strong>.<\/p>\n<p><img loading=\"lazy\" decoding=\"async\" class=\"aligncenter wp-image-16334\" src=\"http:\/\/www.billard-club-sottevillais.com\/wp-content\/uploads\/2026\/02\/FM-T3-Libre-N3-Bernay-Poule-A-25-01-2026-1024x724.jpg\" alt=\"\" width=\"750\" height=\"530\" srcset=\"https:\/\/www.billard-club-sottevillais.com\/wp-content\/uploads\/2026\/02\/FM-T3-Libre-N3-Bernay-Poule-A-25-01-2026-1024x724.jpg 1024w, https:\/\/www.billard-club-sottevillais.com\/wp-content\/uploads\/2026\/02\/FM-T3-Libre-N3-Bernay-Poule-A-25-01-2026-300x212.jpg 300w, https:\/\/www.billard-club-sottevillais.com\/wp-content\/uploads\/2026\/02\/FM-T3-Libre-N3-Bernay-Poule-A-25-01-2026-768x543.jpg 768w, https:\/\/www.billard-club-sottevillais.com\/wp-content\/uploads\/2026\/02\/FM-T3-Libre-N3-Bernay-Poule-A-25-01-2026-1536x1086.jpg 1536w, https:\/\/www.billard-club-sottevillais.com\/wp-content\/uploads\/2026\/02\/FM-T3-Libre-N3-Bernay-Poule-A-25-01-2026-rotated.jpg 1754w\" sizes=\"auto, (max-width: 706px) 89vw, (max-width: 767px) 82vw, 740px\" \/><\/p>\n<h4 style=\"padding-left: 30px;\">Le pdf ici :\u00a0<a href=\"http:\/\/www.billard-club-sottevillais.com\/wp-content\/uploads\/2026\/02\/FM-T3-Libre-N3-Bernay-Poule-A-25-01-2026.pdf\">FM T3 Libre N3 Bernay Poule A 25-01-2026<\/a><\/h4>\n\n\n<p><\/p>\n","protected":false},"excerpt":{"rendered":"<p>Le 3\u1d49 tour de la cat\u00e9gorie Libre N3 s\u2019est d\u00e9roul\u00e9 le dimanche 25 janvier 2026 \u00e0 Bernay.Le BCS y \u00e9tait repr\u00e9sent\u00e9 par Jacques Alexandre, engag\u00e9 dans une poule de 4 joueurs. Auteur d\u2019un excellent parcours, Jacques remporte ses trois rencontres. Il termine toutefois \u00e0 la 2\u1d49 place du classement, devanc\u00e9 par Cyril Garreau, vainqueur de &hellip; <\/p>\n<p class=\"link-more\"><a href=\"https:\/\/www.billard-club-sottevillais.com\/?page_id=16333\" class=\"more-link\">Continuer la lecture<span class=\"screen-reader-text\"> de &laquo;&nbsp;Libre N3 T3 &#8211; 25 Janvier 2026&nbsp;&raquo;<\/span><\/a><\/p>\n","protected":false},"author":7,"featured_media":0,"parent":0,"menu_order":0,"comment_status":"closed","ping_status":"closed","template":"","meta":{"footnotes":""},"class_list":["post-16333","page","type-page","status-publish","hentry"],"_links":{"self":[{"href":"https:\/\/www.billard-club-sottevillais.com\/index.php?rest_route=\/wp\/v2\/pages\/16333","targetHints":{"allow":["GET"]}}],"collection":[{"href":"https:\/\/www.billard-club-sottevillais.com\/index.php?rest_route=\/wp\/v2\/pages"}],"about":[{"href":"https:\/\/www.billard-club-sottevillais.com\/index.php?rest_route=\/wp\/v2\/types\/page"}],"author":[{"embeddable":true,"href":"https:\/\/www.billard-club-sottevillais.com\/index.php?rest_route=\/wp\/v2\/users\/7"}],"replies":[{"embeddable":true,"href":"https:\/\/www.billard-club-sottevillais.com\/index.php?rest_route=%2Fwp%2Fv2%2Fcomments&post=16333"}],"version-history":[{"count":2,"href":"https:\/\/www.billard-club-sottevillais.com\/index.php?rest_route=\/wp\/v2\/pages\/16333\/revisions"}],"predecessor-version":[{"id":16337,"href":"https:\/\/www.billard-club-sottevillais.com\/index.php?rest_route=\/wp\/v2\/pages\/16333\/revisions\/16337"}],"wp:attachment":[{"href":"https:\/\/www.billard-club-sottevillais.com\/index.php?rest_route=%2Fwp%2Fv2%2Fmedia&parent=16333"}],"curies":[{"name":"wp","href":"https:\/\/api.w.org\/{rel}","templated":true}]}}