{"id":16082,"date":"2025-12-07T10:55:03","date_gmt":"2025-12-07T10:55:03","guid":{"rendered":"https:\/\/www.billard-club-sottevillais.com\/?page_id=16082"},"modified":"2025-12-07T10:55:03","modified_gmt":"2025-12-07T10:55:03","slug":"equipe-jds-f4-6-decembre-2025","status":"publish","type":"page","link":"https:\/\/www.billard-club-sottevillais.com\/?page_id=16082","title":{"rendered":"Equipe JDS F4 &#8211; 6 d\u00e9cembre 2025"},"content":{"rendered":"<p style=\"text-align: justify;\">R\u00e9sultats des Tournois, vous trouverez ici toutes les informations concernant les rencontres sportives auxquelles participe le Billard Club Sottevillais.<\/p>\n<p style=\"text-align: center;\"><!--more--><img loading=\"lazy\" decoding=\"async\" class=\"aligncenter wp-image-59 size-full\" title=\"sport\" src=\"http:\/\/www.billard-club-sottevillais.com\/wp-content\/uploads\/2011\/07\/sport.jpg\" alt=\"\" width=\"231\" height=\"116\" \/><\/p>\n<p data-start=\"110\" data-end=\"304\">Ce samedi 6 d\u00e9cembre 2025, notre \u00e9quipe de F\u00e9d\u00e9rale 4, compos\u00e9e de <strong data-start=\"177\" data-end=\"196\">S\u00e9bastien Hid\u00e9e<\/strong>, <strong data-start=\"198\" data-end=\"218\">Michel Guillaume<\/strong> et <strong data-start=\"222\" data-end=\"240\">Xavier Sauvage<\/strong>, s\u2019est rendue \u00e0 <strong data-start=\"257\" data-end=\"267\">Bernay<\/strong> pour une confrontation aller\/retour.<\/p>\n<p data-start=\"306\" data-end=\"599\">Les<strong> Sottevillais<\/strong> se sont inclin\u00e9s lors des deux rencontres, aller comme retour, face \u00e0 une \u00e9quipe de Bernay nettement sup\u00e9rieure, alignant des joueurs de niveau <strong data-start=\"467\" data-end=\"482\">R\u00e9gionale 2<\/strong>. Malgr\u00e9 ces d\u00e9faites, nos joueurs n\u2019ont pas d\u00e9m\u00e9rit\u00e9 et ont montr\u00e9 une belle combativit\u00e9 tout au long de la journ\u00e9e.<\/p>\n<h3 data-start=\"811\" data-end=\"838\"><strong data-start=\"815\" data-end=\"838\">Prochaine rencontre<\/strong><\/h3>\n<p data-start=\"839\" data-end=\"981\">Rendez-vous le <strong data-start=\"854\" data-end=\"868\">17 janvier<\/strong>, pour la suite de la comp\u00e9tition.<\/p>\n<p style=\"text-align: center;\"><img loading=\"lazy\" decoding=\"async\" class=\"aligncenter wp-image-16083\" src=\"http:\/\/www.billard-club-sottevillais.com\/wp-content\/uploads\/2025\/12\/Equipe-JDS-F4-bernay-sotteville-7-12-2025-match-1-1024x724.jpg\" alt=\"\" width=\"750\" height=\"530\" srcset=\"https:\/\/www.billard-club-sottevillais.com\/wp-content\/uploads\/2025\/12\/Equipe-JDS-F4-bernay-sotteville-7-12-2025-match-1-1024x724.jpg 1024w, https:\/\/www.billard-club-sottevillais.com\/wp-content\/uploads\/2025\/12\/Equipe-JDS-F4-bernay-sotteville-7-12-2025-match-1-300x212.jpg 300w, https:\/\/www.billard-club-sottevillais.com\/wp-content\/uploads\/2025\/12\/Equipe-JDS-F4-bernay-sotteville-7-12-2025-match-1-768x543.jpg 768w, https:\/\/www.billard-club-sottevillais.com\/wp-content\/uploads\/2025\/12\/Equipe-JDS-F4-bernay-sotteville-7-12-2025-match-1-1536x1086.jpg 1536w, https:\/\/www.billard-club-sottevillais.com\/wp-content\/uploads\/2025\/12\/Equipe-JDS-F4-bernay-sotteville-7-12-2025-match-1-rotated.jpg 1754w\" sizes=\"auto, (max-width: 706px) 89vw, (max-width: 767px) 82vw, 740px\" \/><\/p>\n<h4 style=\"padding-left: 30px;\">Le pdf ici : <a href=\"http:\/\/www.billard-club-sottevillais.com\/wp-content\/uploads\/2025\/12\/Equipe-JDS-F4-bernay-sotteville-7-12-2025-match-1.pdf\">Equipe JDS F4 bernay sotteville 7-12-2025 match 1<\/a><\/h4>\n<h4 style=\"padding-left: 30px;\"><img loading=\"lazy\" decoding=\"async\" class=\"aligncenter wp-image-16085\" src=\"http:\/\/www.billard-club-sottevillais.com\/wp-content\/uploads\/2025\/12\/Equipe-JDS-F4-bernay-sotteville-7-12-2025-match-2-1024x724.jpg\" alt=\"\" width=\"750\" height=\"530\" srcset=\"https:\/\/www.billard-club-sottevillais.com\/wp-content\/uploads\/2025\/12\/Equipe-JDS-F4-bernay-sotteville-7-12-2025-match-2-1024x724.jpg 1024w, https:\/\/www.billard-club-sottevillais.com\/wp-content\/uploads\/2025\/12\/Equipe-JDS-F4-bernay-sotteville-7-12-2025-match-2-300x212.jpg 300w, https:\/\/www.billard-club-sottevillais.com\/wp-content\/uploads\/2025\/12\/Equipe-JDS-F4-bernay-sotteville-7-12-2025-match-2-768x543.jpg 768w, https:\/\/www.billard-club-sottevillais.com\/wp-content\/uploads\/2025\/12\/Equipe-JDS-F4-bernay-sotteville-7-12-2025-match-2-1536x1086.jpg 1536w, https:\/\/www.billard-club-sottevillais.com\/wp-content\/uploads\/2025\/12\/Equipe-JDS-F4-bernay-sotteville-7-12-2025-match-2-rotated.jpg 1754w\" sizes=\"auto, (max-width: 706px) 89vw, (max-width: 767px) 82vw, 740px\" \/><\/h4>\n<h4 style=\"padding-left: 30px;\">Le pdf ici : <a href=\"http:\/\/www.billard-club-sottevillais.com\/wp-content\/uploads\/2025\/12\/Equipe-JDS-F4-bernay-sotteville-7-12-2025-match-2.pdf\">Equipe JDS F4 bernay sotteville 7-12-2025 match 2<\/a><\/h4>\n\n\n<p><\/p>\n","protected":false},"excerpt":{"rendered":"<p>R\u00e9sultats des Tournois, vous trouverez ici toutes les informations concernant les rencontres sportives auxquelles participe le Billard Club Sottevillais.<\/p>\n","protected":false},"author":7,"featured_media":0,"parent":0,"menu_order":0,"comment_status":"closed","ping_status":"closed","template":"","meta":{"footnotes":""},"class_list":["post-16082","page","type-page","status-publish","hentry"],"_links":{"self":[{"href":"https:\/\/www.billard-club-sottevillais.com\/index.php?rest_route=\/wp\/v2\/pages\/16082","targetHints":{"allow":["GET"]}}],"collection":[{"href":"https:\/\/www.billard-club-sottevillais.com\/index.php?rest_route=\/wp\/v2\/pages"}],"about":[{"href":"https:\/\/www.billard-club-sottevillais.com\/index.php?rest_route=\/wp\/v2\/types\/page"}],"author":[{"embeddable":true,"href":"https:\/\/www.billard-club-sottevillais.com\/index.php?rest_route=\/wp\/v2\/users\/7"}],"replies":[{"embeddable":true,"href":"https:\/\/www.billard-club-sottevillais.com\/index.php?rest_route=%2Fwp%2Fv2%2Fcomments&post=16082"}],"version-history":[{"count":1,"href":"https:\/\/www.billard-club-sottevillais.com\/index.php?rest_route=\/wp\/v2\/pages\/16082\/revisions"}],"predecessor-version":[{"id":16087,"href":"https:\/\/www.billard-club-sottevillais.com\/index.php?rest_route=\/wp\/v2\/pages\/16082\/revisions\/16087"}],"wp:attachment":[{"href":"https:\/\/www.billard-club-sottevillais.com\/index.php?rest_route=%2Fwp%2Fv2%2Fmedia&parent=16082"}],"curies":[{"name":"wp","href":"https:\/\/api.w.org\/{rel}","templated":true}]}}