{"id":15878,"date":"2025-10-19T19:11:31","date_gmt":"2025-10-19T19:11:31","guid":{"rendered":"https:\/\/www.billard-club-sottevillais.com\/?page_id=15878"},"modified":"2025-10-19T19:13:34","modified_gmt":"2025-10-19T19:13:34","slug":"libre-n3-t1-19-octobre-2025","status":"publish","type":"page","link":"https:\/\/www.billard-club-sottevillais.com\/?page_id=15878","title":{"rendered":"Libre N3 T1 &#8211; 19 Octobre 2025"},"content":{"rendered":"<p data-start=\"135\" data-end=\"319\">Le premier tour de la cat\u00e9gorie Libre N3 s\u2019est d\u00e9roul\u00e9 le 19 octobre 2025 \u00e0 Louviers. Jacques Alexandre repr\u00e9sentait le Billard Club de Sotteville (BCS) dans une poule de cinq joueurs.<\/p>\n<p data-start=\"321\" data-end=\"522\">Avec trois victoires sur quatre rencontres, Jacques termine \u00e0 la 2\u1d49 place du classement, juste derri\u00e8re Pierre-Louis Lambeau, du club de Saint-Nicolas d\u2019Aliermont.<\/p>\n<p>\u00a0<\/p>\n<p style=\"text-align: justify;\"><img loading=\"lazy\" decoding=\"async\" class=\"aligncenter wp-image-15879\" src=\"http:\/\/www.billard-club-sottevillais.com\/wp-content\/uploads\/2025\/10\/FM-T1-Libre-N3-Louviers-du-19-10-2025-1024x724.jpg\" alt=\"\" width=\"750\" height=\"530\" srcset=\"https:\/\/www.billard-club-sottevillais.com\/wp-content\/uploads\/2025\/10\/FM-T1-Libre-N3-Louviers-du-19-10-2025-1024x724.jpg 1024w, https:\/\/www.billard-club-sottevillais.com\/wp-content\/uploads\/2025\/10\/FM-T1-Libre-N3-Louviers-du-19-10-2025-300x212.jpg 300w, https:\/\/www.billard-club-sottevillais.com\/wp-content\/uploads\/2025\/10\/FM-T1-Libre-N3-Louviers-du-19-10-2025-768x543.jpg 768w, https:\/\/www.billard-club-sottevillais.com\/wp-content\/uploads\/2025\/10\/FM-T1-Libre-N3-Louviers-du-19-10-2025-1536x1086.jpg 1536w, https:\/\/www.billard-club-sottevillais.com\/wp-content\/uploads\/2025\/10\/FM-T1-Libre-N3-Louviers-du-19-10-2025-rotated.jpg 1754w\" sizes=\"auto, (max-width: 706px) 89vw, (max-width: 767px) 82vw, 740px\" \/><\/p>\n<h4 style=\"padding-left: 30px;\">Le pdf ici :\u00a0<a href=\"http:\/\/www.billard-club-sottevillais.com\/wp-content\/uploads\/2025\/10\/FM-T1-Libre-N3-Louviers-du-19-10-2025.pdf\">FM T1 Libre N3 Louviers du 19-10-2025<\/a><\/h4>\n\n\n<p><\/p>\n","protected":false},"excerpt":{"rendered":"<p>Le premier tour de la cat\u00e9gorie Libre N3 s\u2019est d\u00e9roul\u00e9 le 19 octobre 2025 \u00e0 Louviers. Jacques Alexandre repr\u00e9sentait le Billard Club de Sotteville (BCS) dans une poule de cinq joueurs. Avec trois victoires sur quatre rencontres, Jacques termine \u00e0 la 2\u1d49 place du classement, juste derri\u00e8re Pierre-Louis Lambeau, du club de Saint-Nicolas d\u2019Aliermont. \u00a0 &hellip; <\/p>\n<p class=\"link-more\"><a href=\"https:\/\/www.billard-club-sottevillais.com\/?page_id=15878\" class=\"more-link\">Continuer la lecture<span class=\"screen-reader-text\"> de &laquo;&nbsp;Libre N3 T1 &#8211; 19 Octobre 2025&nbsp;&raquo;<\/span><\/a><\/p>\n","protected":false},"author":7,"featured_media":0,"parent":0,"menu_order":0,"comment_status":"closed","ping_status":"closed","template":"","meta":{"footnotes":""},"class_list":["post-15878","page","type-page","status-publish","hentry"],"_links":{"self":[{"href":"https:\/\/www.billard-club-sottevillais.com\/index.php?rest_route=\/wp\/v2\/pages\/15878","targetHints":{"allow":["GET"]}}],"collection":[{"href":"https:\/\/www.billard-club-sottevillais.com\/index.php?rest_route=\/wp\/v2\/pages"}],"about":[{"href":"https:\/\/www.billard-club-sottevillais.com\/index.php?rest_route=\/wp\/v2\/types\/page"}],"author":[{"embeddable":true,"href":"https:\/\/www.billard-club-sottevillais.com\/index.php?rest_route=\/wp\/v2\/users\/7"}],"replies":[{"embeddable":true,"href":"https:\/\/www.billard-club-sottevillais.com\/index.php?rest_route=%2Fwp%2Fv2%2Fcomments&post=15878"}],"version-history":[{"count":2,"href":"https:\/\/www.billard-club-sottevillais.com\/index.php?rest_route=\/wp\/v2\/pages\/15878\/revisions"}],"predecessor-version":[{"id":15882,"href":"https:\/\/www.billard-club-sottevillais.com\/index.php?rest_route=\/wp\/v2\/pages\/15878\/revisions\/15882"}],"wp:attachment":[{"href":"https:\/\/www.billard-club-sottevillais.com\/index.php?rest_route=%2Fwp%2Fv2%2Fmedia&parent=15878"}],"curies":[{"name":"wp","href":"https:\/\/api.w.org\/{rel}","templated":true}]}}