{"id":15490,"date":"2025-02-23T18:14:59","date_gmt":"2025-02-23T18:14:59","guid":{"rendered":"https:\/\/www.billard-club-sottevillais.com\/?page_id=15490"},"modified":"2025-02-23T18:14:59","modified_gmt":"2025-02-23T18:14:59","slug":"finale-departementale-libre-r4-23-fevrier-2025","status":"publish","type":"page","link":"https:\/\/www.billard-club-sottevillais.com\/?page_id=15490","title":{"rendered":"Finale D\u00e9partementale Libre R4 &#8211; 23 F\u00e9vrier 2025"},"content":{"rendered":"<p style=\"text-align: justify;\">R\u00e9sultats des Tournois, vous trouverez ici toutes les informations concernant les rencontres sportives auxquelles participe le Billard Club Sottevillais.<\/p>\n<p style=\"text-align: center;\"><!--more--><\/p>\n<p><img loading=\"lazy\" decoding=\"async\" class=\"aligncenter size-full wp-image-59\" title=\"sport\" src=\"http:\/\/billardcf.cluster010.ovh.net\/wp-content\/uploads\/2011\/07\/sport.jpg\" alt=\"\" width=\"231\" height=\"116\" \/><\/p>\n<h2><\/h2>\n<p style=\"text-align: justify;\">La finale d\u00e9partementale de Libre R4 s&rsquo;est d\u00e9roul\u00e9e le 23 F\u00e9vrier 2025 \u00e0 Sotteville-l\u00e8s-Rouen. 3 Sottevillais repr\u00e9sentaient le BCS pour cette finale \u00e0 6 joueurs, S\u00e9bastien Hid\u00e9e, Xavier Sauvage et Michel Guillaume.<\/p>\n<p>S\u00e9bastien avec 3 victoires bonifi\u00e9s et 2 d\u00e9faites, finit 3\u00e8me.<\/p>\n<p>Xavier gagne 4 matchs avec 2 pts de bonus et une d\u00e9faite, il prend la 2\u00e8me place.<\/p>\n<p>Michel gagne aussi 4 matchs avec 3 pts de bonus et une d\u00e9faite. Il termine 1er. Il est champion d\u00e9partementale.<\/p>\n<p>Michel et Xavier repr\u00e9senteront le BCS lors de la finale de Ligue de Normandie le 27 avril \u00e0 domicile.<\/p>\n<p style=\"text-align: center;\"><img loading=\"lazy\" decoding=\"async\" class=\"aligncenter wp-image-15493\" src=\"http:\/\/www.billard-club-sottevillais.com\/wp-content\/uploads\/2025\/02\/FM-Libre-R4-Sotteville-23-Fevrier-2025-1024x724.jpg\" alt=\"\" width=\"750\" height=\"530\" srcset=\"https:\/\/www.billard-club-sottevillais.com\/wp-content\/uploads\/2025\/02\/FM-Libre-R4-Sotteville-23-Fevrier-2025-1024x724.jpg 1024w, https:\/\/www.billard-club-sottevillais.com\/wp-content\/uploads\/2025\/02\/FM-Libre-R4-Sotteville-23-Fevrier-2025-300x212.jpg 300w, https:\/\/www.billard-club-sottevillais.com\/wp-content\/uploads\/2025\/02\/FM-Libre-R4-Sotteville-23-Fevrier-2025-768x543.jpg 768w, https:\/\/www.billard-club-sottevillais.com\/wp-content\/uploads\/2025\/02\/FM-Libre-R4-Sotteville-23-Fevrier-2025-1536x1086.jpg 1536w, https:\/\/www.billard-club-sottevillais.com\/wp-content\/uploads\/2025\/02\/FM-Libre-R4-Sotteville-23-Fevrier-2025-rotated.jpg 1754w\" sizes=\"auto, (max-width: 706px) 89vw, (max-width: 767px) 82vw, 740px\" \/><\/p>\n<h4 style=\"padding-left: 30px;\">Le Pdf ici : <a href=\"http:\/\/www.billard-club-sottevillais.com\/wp-content\/uploads\/2025\/02\/FM-Libre-R4-Sotteville-23-Fevrier-2025.pdf\">FM-Libre R4 &#8211; Sotteville 23 Fevrier 2025<\/a><\/h4>\n","protected":false},"excerpt":{"rendered":"<p>R\u00e9sultats des Tournois, vous trouverez ici toutes les informations concernant les rencontres sportives auxquelles participe le Billard Club Sottevillais.<\/p>\n","protected":false},"author":7,"featured_media":0,"parent":0,"menu_order":0,"comment_status":"closed","ping_status":"closed","template":"","meta":{"footnotes":""},"class_list":["post-15490","page","type-page","status-publish","hentry"],"_links":{"self":[{"href":"https:\/\/www.billard-club-sottevillais.com\/index.php?rest_route=\/wp\/v2\/pages\/15490","targetHints":{"allow":["GET"]}}],"collection":[{"href":"https:\/\/www.billard-club-sottevillais.com\/index.php?rest_route=\/wp\/v2\/pages"}],"about":[{"href":"https:\/\/www.billard-club-sottevillais.com\/index.php?rest_route=\/wp\/v2\/types\/page"}],"author":[{"embeddable":true,"href":"https:\/\/www.billard-club-sottevillais.com\/index.php?rest_route=\/wp\/v2\/users\/7"}],"replies":[{"embeddable":true,"href":"https:\/\/www.billard-club-sottevillais.com\/index.php?rest_route=%2Fwp%2Fv2%2Fcomments&post=15490"}],"version-history":[{"count":1,"href":"https:\/\/www.billard-club-sottevillais.com\/index.php?rest_route=\/wp\/v2\/pages\/15490\/revisions"}],"predecessor-version":[{"id":15494,"href":"https:\/\/www.billard-club-sottevillais.com\/index.php?rest_route=\/wp\/v2\/pages\/15490\/revisions\/15494"}],"wp:attachment":[{"href":"https:\/\/www.billard-club-sottevillais.com\/index.php?rest_route=%2Fwp%2Fv2%2Fmedia&parent=15490"}],"curies":[{"name":"wp","href":"https:\/\/api.w.org\/{rel}","templated":true}]}}