{"id":15111,"date":"2024-11-17T21:20:14","date_gmt":"2024-11-17T21:20:14","guid":{"rendered":"https:\/\/www.billard-club-sottevillais.com\/?page_id=15111"},"modified":"2024-11-17T21:20:14","modified_gmt":"2024-11-17T21:20:14","slug":"cadre-reg-t1-17-novembre-2024","status":"publish","type":"page","link":"https:\/\/www.billard-club-sottevillais.com\/?page_id=15111","title":{"rendered":"Cadre R\u00e9g T1 &#8211; 17 Novembre 2024"},"content":{"rendered":"<p style=\"text-align: justify;\">Le 1er tour de Cadre R\u00e9gional s&rsquo;est d\u00e9roul\u00e9 le 17 Novembre 2024 \u00e0 Sotteville-l\u00e8s-Rouen. Les joueurs de R\u00e9gional \u00e9taient repartis en 3 poules (Deux \u00e0 Sotteville et une \u00e0 Louviers). Tous les joueurs d&rsquo;une m\u00eame poule se rencontrent.\u00a0 J\u00e9r\u00f4me Staigre et Bruno Pierrel \u00e9taient dans la poule B (4 joueurs), C\u00e9dric Legendre \u00e9tait dans la poule C (4 joueurs).<\/p>\n<p>Dans la poule B, J\u00e9r\u00f4me totalise 1 match gagn\u00e9 et 2 d\u00e9faites avec 2 pts de bonus. il termine 3\u00e8me. Bruno gagne 3 matchs avec 3 pt de bonus. Il remporte ce tour.<\/p>\n<p>Dans la poule C,\u00a0 C\u00e9dric gagne ses 3 matches dont 2 avec le pt de bonus. Il prend la 1ere place.<\/p>\n<p><em>Poule B :<\/em><\/p>\n<p><img loading=\"lazy\" decoding=\"async\" class=\"aligncenter wp-image-15127\" src=\"http:\/\/www.billard-club-sottevillais.com\/wp-content\/uploads\/2024\/11\/FM-T1-Cadre-R1-Sotteville-Poule-B-17-11-2024-1024x724.jpg\" alt=\"\" width=\"750\" height=\"530\" srcset=\"https:\/\/www.billard-club-sottevillais.com\/wp-content\/uploads\/2024\/11\/FM-T1-Cadre-R1-Sotteville-Poule-B-17-11-2024-1024x724.jpg 1024w, https:\/\/www.billard-club-sottevillais.com\/wp-content\/uploads\/2024\/11\/FM-T1-Cadre-R1-Sotteville-Poule-B-17-11-2024-300x212.jpg 300w, https:\/\/www.billard-club-sottevillais.com\/wp-content\/uploads\/2024\/11\/FM-T1-Cadre-R1-Sotteville-Poule-B-17-11-2024-768x543.jpg 768w, https:\/\/www.billard-club-sottevillais.com\/wp-content\/uploads\/2024\/11\/FM-T1-Cadre-R1-Sotteville-Poule-B-17-11-2024-1536x1086.jpg 1536w, https:\/\/www.billard-club-sottevillais.com\/wp-content\/uploads\/2024\/11\/FM-T1-Cadre-R1-Sotteville-Poule-B-17-11-2024-rotated.jpg 1754w\" sizes=\"auto, (max-width: 706px) 89vw, (max-width: 767px) 82vw, 740px\" \/><em>Poule C :<\/em><\/p>\n<p><img loading=\"lazy\" decoding=\"async\" class=\"aligncenter wp-image-15129\" src=\"http:\/\/www.billard-club-sottevillais.com\/wp-content\/uploads\/2024\/11\/FM-T1-Cadre-R1-Sotteville-Poule-C-17-11-2024-1024x724.jpg\" alt=\"\" width=\"750\" height=\"530\" srcset=\"https:\/\/www.billard-club-sottevillais.com\/wp-content\/uploads\/2024\/11\/FM-T1-Cadre-R1-Sotteville-Poule-C-17-11-2024-1024x724.jpg 1024w, https:\/\/www.billard-club-sottevillais.com\/wp-content\/uploads\/2024\/11\/FM-T1-Cadre-R1-Sotteville-Poule-C-17-11-2024-300x212.jpg 300w, https:\/\/www.billard-club-sottevillais.com\/wp-content\/uploads\/2024\/11\/FM-T1-Cadre-R1-Sotteville-Poule-C-17-11-2024-768x543.jpg 768w, https:\/\/www.billard-club-sottevillais.com\/wp-content\/uploads\/2024\/11\/FM-T1-Cadre-R1-Sotteville-Poule-C-17-11-2024-1536x1086.jpg 1536w, https:\/\/www.billard-club-sottevillais.com\/wp-content\/uploads\/2024\/11\/FM-T1-Cadre-R1-Sotteville-Poule-C-17-11-2024-rotated.jpg 1754w\" sizes=\"auto, (max-width: 706px) 89vw, (max-width: 767px) 82vw, 740px\" \/><\/p>\n<h4 style=\"padding-left: 30px;\">Le pdf ici : <a href=\"http:\/\/www.billard-club-sottevillais.com\/wp-content\/uploads\/2024\/11\/FM-T1-Cadre-R1-Sotteville-Poule-B-17-11-2024.pdf\">FM T1 Cadre R1 Sotteville Poule B 17-11-2024<\/a><\/h4>\n<h4 style=\"padding-left: 30px;\">Le pdf ici :<a href=\"http:\/\/www.billard-club-sottevillais.com\/wp-content\/uploads\/2024\/11\/FM-T1-Cadre-R1-Sotteville-Poule-C-17-11-2024.pdf\">FM T1 Cadre R1 Sotteville Poule C 17-11-2024<\/a><\/h4>\n","protected":false},"excerpt":{"rendered":"<p>Le 1er tour de Cadre R\u00e9gional s&rsquo;est d\u00e9roul\u00e9 le 17 Novembre 2024 \u00e0 Sotteville-l\u00e8s-Rouen. Les joueurs de R\u00e9gional \u00e9taient repartis en 3 poules (Deux \u00e0 Sotteville et une \u00e0 Louviers). Tous les joueurs d&rsquo;une m\u00eame poule se rencontrent.\u00a0 J\u00e9r\u00f4me Staigre et Bruno Pierrel \u00e9taient dans la poule B (4 joueurs), C\u00e9dric Legendre \u00e9tait dans la &hellip; <\/p>\n<p class=\"link-more\"><a href=\"https:\/\/www.billard-club-sottevillais.com\/?page_id=15111\" class=\"more-link\">Continuer la lecture<span class=\"screen-reader-text\"> de &laquo;&nbsp;Cadre R\u00e9g T1 &#8211; 17 Novembre 2024&nbsp;&raquo;<\/span><\/a><\/p>\n","protected":false},"author":7,"featured_media":0,"parent":0,"menu_order":0,"comment_status":"closed","ping_status":"closed","template":"","meta":{"footnotes":""},"class_list":["post-15111","page","type-page","status-publish","hentry"],"_links":{"self":[{"href":"https:\/\/www.billard-club-sottevillais.com\/index.php?rest_route=\/wp\/v2\/pages\/15111","targetHints":{"allow":["GET"]}}],"collection":[{"href":"https:\/\/www.billard-club-sottevillais.com\/index.php?rest_route=\/wp\/v2\/pages"}],"about":[{"href":"https:\/\/www.billard-club-sottevillais.com\/index.php?rest_route=\/wp\/v2\/types\/page"}],"author":[{"embeddable":true,"href":"https:\/\/www.billard-club-sottevillais.com\/index.php?rest_route=\/wp\/v2\/users\/7"}],"replies":[{"embeddable":true,"href":"https:\/\/www.billard-club-sottevillais.com\/index.php?rest_route=%2Fwp%2Fv2%2Fcomments&post=15111"}],"version-history":[{"count":2,"href":"https:\/\/www.billard-club-sottevillais.com\/index.php?rest_route=\/wp\/v2\/pages\/15111\/revisions"}],"predecessor-version":[{"id":15131,"href":"https:\/\/www.billard-club-sottevillais.com\/index.php?rest_route=\/wp\/v2\/pages\/15111\/revisions\/15131"}],"wp:attachment":[{"href":"https:\/\/www.billard-club-sottevillais.com\/index.php?rest_route=%2Fwp%2Fv2%2Fmedia&parent=15111"}],"curies":[{"name":"wp","href":"https:\/\/api.w.org\/{rel}","templated":true}]}}