{"id":12321,"date":"2020-07-24T22:37:03","date_gmt":"2020-07-24T22:37:03","guid":{"rendered":"http:\/\/www.billard-club-sottevillais.com\/?page_id=12321"},"modified":"2024-09-23T14:48:32","modified_gmt":"2024-09-23T14:48:32","slug":"accueil","status":"publish","type":"page","link":"https:\/\/www.billard-club-sottevillais.com\/","title":{"rendered":"accueil"},"content":{"rendered":"<p><\/span><\/h3>\n<p><\/strong><\/p>\n\n\n<h2 class=\"wp-block-heading has-text-align-center\">Bienvenue sur le nouveau site du Billard Club Sottevillais. &nbsp;<\/h2>\n\n\n\n<p><\/p>\n\n\n\n<div class=\"wp-block-group\"><div class=\"wp-block-group__inner-container is-layout-flow wp-block-group-is-layout-flow\">\n<blockquote class=\"wp-block-quote has-text-align-center is-layout-flow wp-block-quote-is-layout-flow\">\n<p><a href=\"http:\/\/www.billard-club-sottevillais.com\/?page_id=140\"><strong>D\u00e9couvrez toute l&rsquo;actualit\u00e9 du BCS<\/strong><\/a><\/p>\n<\/blockquote>\n<\/div><\/div>\n\n\n\n<div class=\"wp-block-columns alignwide is-layout-flex wp-container-core-columns-is-layout-9d6595d7 wp-block-columns-is-layout-flex\">\n<div class=\"wp-block-column is-layout-flow wp-block-column-is-layout-flow\">\n<div class=\"wp-block-group\"><div class=\"wp-block-group__inner-container is-layout-flow wp-block-group-is-layout-flow\">\n<figure class=\"wp-block-image alignfull size-large\"><img loading=\"lazy\" decoding=\"async\" width=\"231\" height=\"116\" src=\"http:\/\/www.billard-club-sottevillais.com\/\/wp-content\/uploads\/2011\/07\/Res-Sport.jpg\" alt=\"\" class=\"wp-image-8395\"\/><\/figure>\n\n\n\n<h3 class=\"wp-block-heading\">COMPETITIONS<\/h3>\n\n\n\n<p>Vous y trouverez les r\u00e9sultats sportifs du club mais aussi les informations sportives (Calendriers etc.) <\/p>\n\n\n\n<div class=\"wp-block-button is-style-outline is-style-outline--1\"><a class=\"wp-block-button__link has-very-dark-gray-color has-text-color wp-element-button\" href=\"http:\/\/www.billard-club-sottevillais.com\/?page_id=43\">Lire la suite<\/a><\/div>\n<\/div><\/div>\n\n\n\n<hr class=\"wp-block-separator has-alpha-channel-opacity\"\/>\n\n\n\n<div class=\"wp-block-group\"><div class=\"wp-block-group__inner-container is-layout-flow wp-block-group-is-layout-flow\">\n<figure class=\"wp-block-image alignfull size-large\"><img loading=\"lazy\" decoding=\"async\" width=\"1024\" height=\"682\" src=\"http:\/\/www.billard-club-sottevillais.com\/\/wp-content\/uploads\/2011\/07\/Vie-Club-1024x682.jpg\" alt=\"\" class=\"wp-image-3840\" srcset=\"https:\/\/www.billard-club-sottevillais.com\/wp-content\/uploads\/2011\/07\/Vie-Club-1024x682.jpg 1024w, https:\/\/www.billard-club-sottevillais.com\/wp-content\/uploads\/2011\/07\/Vie-Club-300x199.jpg 300w, https:\/\/www.billard-club-sottevillais.com\/wp-content\/uploads\/2011\/07\/Vie-Club-140x94.jpg 140w, https:\/\/www.billard-club-sottevillais.com\/wp-content\/uploads\/2011\/07\/Vie-Club.jpg 1064w\" sizes=\"auto, (max-width: 706px) 89vw, (max-width: 767px) 82vw, 740px\" \/><\/figure>\n\n\n\n<h3 class=\"wp-block-heading\">VIE DU CLUB<\/h3>\n\n\n\n<p>Tournois internes, Grand Prix, Randonn\u00e9es, Soir\u00e9es \u00e0 th\u00e8mes, Galette des Rois \u2026<\/p>\n\n\n\n<div class=\"wp-block-button is-style-outline is-style-outline--2\"><a class=\"wp-block-button__link has-very-dark-gray-color has-text-color wp-element-button\" href=\"http:\/\/www.billard-club-sottevillais.com\/?page_id=35\">Lire la suite<\/a><\/div>\n<\/div><\/div>\n\n\n\n<p><\/p>\n<\/div>\n\n\n\n<div class=\"wp-block-column is-layout-flow wp-block-column-is-layout-flow\">\n<div class=\"wp-block-group\"><div class=\"wp-block-group__inner-container is-layout-flow wp-block-group-is-layout-flow\">\n<figure class=\"wp-block-image alignfull size-full\"><img loading=\"lazy\" decoding=\"async\" width=\"195\" height=\"109\" src=\"http:\/\/www.billard-club-sottevillais.com\/\/wp-content\/uploads\/2011\/07\/billard-petit.jpg\" alt=\"\" class=\"wp-image-61\"\/><\/figure>\n\n\n\n<h3 class=\"wp-block-heading\">PAGES TECHNIQUES<\/h3>\n\n\n\n<p>Toutes les pages techniques sont disponibles en ligne<\/p>\n\n\n\n<div class=\"wp-block-button is-style-outline is-style-outline--3\"><a class=\"wp-block-button__link has-very-dark-gray-color has-text-color wp-element-button\" href=\"http:\/\/www.billard-club-sottevillais.com\/\/?page_id=39\">Lire la suite<\/a><\/div>\n<\/div><\/div>\n\n\n\n<hr class=\"wp-block-separator has-alpha-channel-opacity\"\/>\n\n\n\n<div class=\"wp-block-group\"><div class=\"wp-block-group__inner-container is-layout-flow wp-block-group-is-layout-flow\">\n<figure class=\"wp-block-image alignfull size-large\"><a href=\"\/?page_id=35\"><img loading=\"lazy\" decoding=\"async\" width=\"1024\" height=\"576\" src=\"http:\/\/www.billard-club-sottevillais.com\/\/wp-content\/uploads\/2020\/01\/DSCF6032-1024x576.jpg\" alt=\"\" class=\"wp-image-11963\" srcset=\"https:\/\/www.billard-club-sottevillais.com\/wp-content\/uploads\/2020\/01\/DSCF6032.jpg 1024w, https:\/\/www.billard-club-sottevillais.com\/wp-content\/uploads\/2020\/01\/DSCF6032-300x169.jpg 300w, https:\/\/www.billard-club-sottevillais.com\/wp-content\/uploads\/2020\/01\/DSCF6032-768x432.jpg 768w\" sizes=\"auto, (max-width: 706px) 89vw, (max-width: 767px) 82vw, 740px\" \/><\/a><\/figure>\n\n\n\n<h3 class=\"wp-block-heading\">LE BCS<\/h3>\n\n\n\n<p>Soyez au courant de toutes les animations organis\u00e9es par le Billard Club <\/p>\n\n\n\n<div class=\"wp-block-button is-style-outline is-style-outline--4\"><a class=\"wp-block-button__link has-very-dark-gray-color has-text-color wp-element-button\" href=\"http:\/\/www.billard-club-sottevillais.com\/?page_id=75\">Lire la suite<\/a><\/div>\n<\/div><\/div>\n<\/div>\n<\/div>\n\n\n\n<hr class=\"wp-block-separator has-css-opacity\"\/>\n\n\n\n<h2 class=\"wp-block-heading\">Formation<\/h2>\n\n\n<div class=\"wp-block-image\">\n<figure class=\"aligncenter size-medium\"><a href=\"\/?page_id=3455\"><img loading=\"lazy\" decoding=\"async\" width=\"300\" height=\"217\" src=\"http:\/\/www.billard-club-sottevillais.com\/\/wp-content\/uploads\/2013\/10\/Label-017-2018-300x217.jpg\" alt=\"\" class=\"wp-image-9319\" srcset=\"https:\/\/www.billard-club-sottevillais.com\/wp-content\/uploads\/2013\/10\/Label-017-2018-300x217.jpg 300w, https:\/\/www.billard-club-sottevillais.com\/wp-content\/uploads\/2013\/10\/Label-017-2018.jpg 512w\" sizes=\"auto, (max-width: 300px) 100vw, 300px\" \/><\/a><\/figure>\n<\/div>\n\n\n<p>La formation au BCS<\/p>\n\n\n\n<div class=\"wp-block-buttons is-layout-flex wp-block-buttons-is-layout-flex\">\n<div class=\"wp-block-button\"><a class=\"wp-block-button__link wp-element-button\" href=\"http:\/\/www.billard-club-sottevillais.com\/\/?page_id=3455\">Consulter la formation<\/a><\/div>\n<\/div>\n\n\n\n<hr class=\"wp-block-separator has-css-opacity\"\/>\n\n\n\n<h2 class=\"wp-block-heading has-text-align-center has-vivid-red-color has-text-color\"><strong><a href=\"?page_id=520\">Contactez nous !<\/a><\/strong><\/h2>\n\n\n\n<hr class=\"wp-block-separator has-css-opacity\"\/>\n\n\n\n<h2 class=\"wp-block-heading\">La galerie photos<\/h2>\n\n\n\n<figure class=\"wp-block-gallery has-nested-images columns-default is-cropped wp-block-gallery-5 is-layout-flex wp-block-gallery-is-layout-flex\">\n<figure class=\"wp-block-image size-large\"><img loading=\"lazy\" decoding=\"async\" width=\"1024\" height=\"576\" data-id=\"11963\" src=\"http:\/\/www.billard-club-sottevillais.com\/\/wp-content\/uploads\/2020\/01\/DSCF6032-1024x576.jpg\" alt=\"\" class=\"wp-image-11963\" srcset=\"https:\/\/www.billard-club-sottevillais.com\/wp-content\/uploads\/2020\/01\/DSCF6032.jpg 1024w, https:\/\/www.billard-club-sottevillais.com\/wp-content\/uploads\/2020\/01\/DSCF6032-300x169.jpg 300w, https:\/\/www.billard-club-sottevillais.com\/wp-content\/uploads\/2020\/01\/DSCF6032-768x432.jpg 768w\" sizes=\"auto, (max-width: 706px) 89vw, (max-width: 767px) 82vw, 740px\" \/><\/figure>\n\n\n\n<figure class=\"wp-block-image size-large\"><img loading=\"lazy\" decoding=\"async\" width=\"1024\" height=\"768\" data-id=\"11759\" src=\"http:\/\/www.billard-club-sottevillais.com\/\/wp-content\/uploads\/2019\/11\/DSCF5822-1024x768.jpg\" alt=\"\" class=\"wp-image-11759\" srcset=\"https:\/\/www.billard-club-sottevillais.com\/wp-content\/uploads\/2019\/11\/DSCF5822.jpg 1024w, https:\/\/www.billard-club-sottevillais.com\/wp-content\/uploads\/2019\/11\/DSCF5822-300x225.jpg 300w, https:\/\/www.billard-club-sottevillais.com\/wp-content\/uploads\/2019\/11\/DSCF5822-768x576.jpg 768w\" sizes=\"auto, (max-width: 706px) 89vw, (max-width: 767px) 82vw, 740px\" \/><\/figure>\n\n\n\n<figure class=\"wp-block-image size-large\"><img loading=\"lazy\" decoding=\"async\" width=\"1024\" height=\"768\" data-id=\"11747\" src=\"http:\/\/www.billard-club-sottevillais.com\/\/wp-content\/uploads\/2019\/11\/DSCF5799-1024x768.jpg\" alt=\"\" class=\"wp-image-11747\" srcset=\"https:\/\/www.billard-club-sottevillais.com\/wp-content\/uploads\/2019\/11\/DSCF5799.jpg 1024w, https:\/\/www.billard-club-sottevillais.com\/wp-content\/uploads\/2019\/11\/DSCF5799-300x225.jpg 300w, https:\/\/www.billard-club-sottevillais.com\/wp-content\/uploads\/2019\/11\/DSCF5799-768x576.jpg 768w\" sizes=\"auto, (max-width: 706px) 89vw, (max-width: 767px) 82vw, 740px\" \/><\/figure>\n\n\n\n<figure class=\"wp-block-image size-large\"><img loading=\"lazy\" decoding=\"async\" width=\"1024\" height=\"768\" data-id=\"9521\" src=\"http:\/\/www.billard-club-sottevillais.com\/\/wp-content\/uploads\/2018\/03\/DSCF2790.jpg\" alt=\"\" class=\"wp-image-9521\" srcset=\"https:\/\/www.billard-club-sottevillais.com\/wp-content\/uploads\/2018\/03\/DSCF2790.jpg 1024w, https:\/\/www.billard-club-sottevillais.com\/wp-content\/uploads\/2018\/03\/DSCF2790-300x225.jpg 300w\" sizes=\"auto, (max-width: 706px) 89vw, (max-width: 767px) 82vw, 740px\" \/><\/figure>\n\n\n\n<figure class=\"wp-block-image size-large\"><img loading=\"lazy\" decoding=\"async\" width=\"640\" height=\"480\" data-id=\"9289\" src=\"http:\/\/www.billard-club-sottevillais.com\/\/wp-content\/uploads\/2018\/02\/DSCF2693.jpg\" alt=\"\" class=\"wp-image-9289\" srcset=\"https:\/\/www.billard-club-sottevillais.com\/wp-content\/uploads\/2018\/02\/DSCF2693.jpg 640w, https:\/\/www.billard-club-sottevillais.com\/wp-content\/uploads\/2018\/02\/DSCF2693-300x225.jpg 300w\" sizes=\"auto, (max-width: 640px) 100vw, 640px\" \/><\/figure>\n\n\n\n<figure class=\"wp-block-image size-large\"><img loading=\"lazy\" decoding=\"async\" width=\"800\" height=\"600\" data-id=\"8382\" src=\"http:\/\/www.billard-club-sottevillais.com\/\/wp-content\/uploads\/2011\/10\/DSCF0455.jpg\" alt=\"\" class=\"wp-image-8382\" srcset=\"https:\/\/www.billard-club-sottevillais.com\/wp-content\/uploads\/2011\/10\/DSCF0455.jpg 800w, https:\/\/www.billard-club-sottevillais.com\/wp-content\/uploads\/2011\/10\/DSCF0455-300x225.jpg 300w\" sizes=\"auto, (max-width: 706px) 89vw, (max-width: 767px) 82vw, 740px\" \/><\/figure>\n\n\n\n<figure class=\"wp-block-image size-large\"><img loading=\"lazy\" decoding=\"async\" width=\"800\" height=\"600\" data-id=\"8384\" src=\"http:\/\/www.billard-club-sottevillais.com\/\/wp-content\/uploads\/2011\/10\/DSCF0460.jpg\" alt=\"\" class=\"wp-image-8384\" srcset=\"https:\/\/www.billard-club-sottevillais.com\/wp-content\/uploads\/2011\/10\/DSCF0460.jpg 800w, https:\/\/www.billard-club-sottevillais.com\/wp-content\/uploads\/2011\/10\/DSCF0460-300x225.jpg 300w\" sizes=\"auto, (max-width: 706px) 89vw, (max-width: 767px) 82vw, 740px\" \/><\/figure>\n\n\n\n<figure class=\"wp-block-image size-large\"><img loading=\"lazy\" decoding=\"async\" width=\"1024\" height=\"768\" data-id=\"5150\" src=\"http:\/\/www.billard-club-sottevillais.com\/\/wp-content\/uploads\/2014\/12\/DSCF3655.jpg\" alt=\"\" class=\"wp-image-5150\" srcset=\"https:\/\/www.billard-club-sottevillais.com\/wp-content\/uploads\/2014\/12\/DSCF3655.jpg 1024w, https:\/\/www.billard-club-sottevillais.com\/wp-content\/uploads\/2014\/12\/DSCF3655-300x225.jpg 300w\" sizes=\"auto, (max-width: 706px) 89vw, (max-width: 767px) 82vw, 740px\" \/><\/figure>\n<\/figure>\n\n\n\n<p><\/p>\n","protected":false},"excerpt":{"rendered":"<p>Bienvenue sur le nouveau site du Billard Club Sottevillais. &nbsp; D\u00e9couvrez toute l&rsquo;actualit\u00e9 du BCS COMPETITIONS Vous y trouverez les r\u00e9sultats sportifs du club mais aussi les informations sportives (Calendriers etc.) VIE DU CLUB Tournois internes, Grand Prix, Randonn\u00e9es, Soir\u00e9es \u00e0 th\u00e8mes, Galette des Rois \u2026 PAGES TECHNIQUES Toutes les pages techniques sont disponibles en &hellip; <\/p>\n<p class=\"link-more\"><a href=\"https:\/\/www.billard-club-sottevillais.com\/\" class=\"more-link\">Continuer la lecture<span class=\"screen-reader-text\"> de &laquo;&nbsp;accueil&nbsp;&raquo;<\/span><\/a><\/p>\n","protected":false},"author":1,"featured_media":0,"parent":0,"menu_order":0,"comment_status":"closed","ping_status":"closed","template":"","meta":{"footnotes":""},"class_list":["post-12321","page","type-page","status-publish","hentry"],"_links":{"self":[{"href":"https:\/\/www.billard-club-sottevillais.com\/index.php?rest_route=\/wp\/v2\/pages\/12321","targetHints":{"allow":["GET"]}}],"collection":[{"href":"https:\/\/www.billard-club-sottevillais.com\/index.php?rest_route=\/wp\/v2\/pages"}],"about":[{"href":"https:\/\/www.billard-club-sottevillais.com\/index.php?rest_route=\/wp\/v2\/types\/page"}],"author":[{"embeddable":true,"href":"https:\/\/www.billard-club-sottevillais.com\/index.php?rest_route=\/wp\/v2\/users\/1"}],"replies":[{"embeddable":true,"href":"https:\/\/www.billard-club-sottevillais.com\/index.php?rest_route=%2Fwp%2Fv2%2Fcomments&post=12321"}],"version-history":[{"count":49,"href":"https:\/\/www.billard-club-sottevillais.com\/index.php?rest_route=\/wp\/v2\/pages\/12321\/revisions"}],"predecessor-version":[{"id":14925,"href":"https:\/\/www.billard-club-sottevillais.com\/index.php?rest_route=\/wp\/v2\/pages\/12321\/revisions\/14925"}],"wp:attachment":[{"href":"https:\/\/www.billard-club-sottevillais.com\/index.php?rest_route=%2Fwp%2Fv2%2Fmedia&parent=12321"}],"curies":[{"name":"wp","href":"https:\/\/api.w.org\/{rel}","templated":true}]}}