{"id":7955,"date":"2017-02-12T16:13:14","date_gmt":"2017-02-12T16:13:14","guid":{"rendered":"http:\/\/www.billard-club-sottevillais.com\/?page_id=7955"},"modified":"2017-02-12T16:13:14","modified_gmt":"2017-02-12T16:13:14","slug":"3-bandes-r1-t3-12-fevrier-2017","status":"publish","type":"page","link":"http:\/\/www.billard-club-sottevillais.com\/?page_id=7955","title":{"rendered":"3 Bandes R1 T3 &#8211; 12 F\u00e9vrier 2017"},"content":{"rendered":"<p style=\"text-align: justify;\">R\u00e9sultats des Tournois, vous trouverez ici toutes les informations concernant les rencontres sportives auxquelles participe le Billard Club Sottevillais.<\/p>\n<p style=\"text-align: center;\"><!--more--><img loading=\"lazy\" decoding=\"async\" class=\"aligncenter size-full wp-image-59\" title=\"sport\" src=\"http:\/\/billardcf.cluster010.ovh.net\/wp-content\/uploads\/2011\/07\/sport.jpg\" alt=\"\" width=\"231\" height=\"116\" \/><\/p>\n<p>&nbsp;<\/p>\n<p style=\"text-align: left;\">Le 3\u00e8me tour de 3 bandes R1 s&rsquo;est d\u00e9roul\u00e9 le 12 f\u00e9vrier 2017 \u00e0 Sotteville-l\u00e8s-Rouen et \u00e0 St Nicolas d&rsquo;aliermont.<\/p>\n<p style=\"text-align: left;\">Les 3 sottevillais, Pascal Ippolito, Jean-Pierre Marlin et Christophe Maupin jouaient \u00e0 domicile.<\/p>\n<p style=\"text-align: left;\">A Sotteville, Pascal termine 7\u00e8me, Christophe finit 4\u00e8me et Jean-Pierre prend la 1\u00e8re place.<\/p>\n<p style=\"text-align: left;\"><em><br \/>\n<\/em><\/p>\n<p style=\"text-align: center;\"><img loading=\"lazy\" decoding=\"async\" class=\"aligncenter size-large wp-image-7959\" title=\"3 BANDES R1 T3 - 12 F\u00e9vrier 2017 (1)1\" src=\"http:\/\/www.billard-club-sottevillais.com\/wp-content\/uploads\/2017\/02\/3-BANDES-R1-T3-12-F\u00e9vrier-2017-11-723x1024.jpg\" alt=\"\" width=\"578\" height=\"819\" srcset=\"http:\/\/www.billard-club-sottevillais.com\/wp-content\/uploads\/2017\/02\/3-BANDES-R1-T3-12-F\u00e9vrier-2017-11-723x1024.jpg 723w, http:\/\/www.billard-club-sottevillais.com\/wp-content\/uploads\/2017\/02\/3-BANDES-R1-T3-12-F\u00e9vrier-2017-11-212x300.jpg 212w, http:\/\/www.billard-club-sottevillais.com\/wp-content\/uploads\/2017\/02\/3-BANDES-R1-T3-12-F\u00e9vrier-2017-11.jpg 1240w\" sizes=\"auto, (max-width: 578px) 100vw, 578px\" \/><\/p>\n<h4 style=\"padding-left: 30px;\"><img loading=\"lazy\" decoding=\"async\" class=\"aligncenter size-large wp-image-7960\" title=\"3 BANDES R1 T3 - 12 F\u00e9vrier 2017 (2)\" src=\"http:\/\/www.billard-club-sottevillais.com\/wp-content\/uploads\/2017\/02\/3-BANDES-R1-T3-12-F\u00e9vrier-2017-2-723x1024.jpg\" alt=\"\" width=\"578\" height=\"819\" srcset=\"http:\/\/www.billard-club-sottevillais.com\/wp-content\/uploads\/2017\/02\/3-BANDES-R1-T3-12-F\u00e9vrier-2017-2-723x1024.jpg 723w, http:\/\/www.billard-club-sottevillais.com\/wp-content\/uploads\/2017\/02\/3-BANDES-R1-T3-12-F\u00e9vrier-2017-2-212x300.jpg 212w, http:\/\/www.billard-club-sottevillais.com\/wp-content\/uploads\/2017\/02\/3-BANDES-R1-T3-12-F\u00e9vrier-2017-2.jpg 1240w\" sizes=\"auto, (max-width: 578px) 100vw, 578px\" \/><\/h4>\n<p><em><br \/>\n<\/em><\/p>\n<h4 style=\"padding-left: 30px; text-align: left;\">Le pdf ici :<a href=\"http:\/\/www.billard-club-sottevillais.com\/wp-content\/uploads\/2017\/02\/3-BANDES-R1-T3-12-F%C3%A9vrier-2017.pdf\" target=\"_blank\">3 BANDES &#8211; R1 T3 &#8211; 12 F\u00e9vrier 2017<\/a><\/h4>\n<p>&nbsp;<\/p>\n","protected":false},"excerpt":{"rendered":"<p>R\u00e9sultats des Tournois, vous trouverez ici toutes les informations concernant les rencontres sportives auxquelles participe le Billard Club Sottevillais.<\/p>\n","protected":false},"author":7,"featured_media":0,"parent":43,"menu_order":0,"comment_status":"open","ping_status":"open","template":"page-full.php","meta":{"footnotes":""},"class_list":["post-7955","page","type-page","status-publish","hentry"],"_links":{"self":[{"href":"http:\/\/www.billard-club-sottevillais.com\/index.php?rest_route=\/wp\/v2\/pages\/7955","targetHints":{"allow":["GET"]}}],"collection":[{"href":"http:\/\/www.billard-club-sottevillais.com\/index.php?rest_route=\/wp\/v2\/pages"}],"about":[{"href":"http:\/\/www.billard-club-sottevillais.com\/index.php?rest_route=\/wp\/v2\/types\/page"}],"author":[{"embeddable":true,"href":"http:\/\/www.billard-club-sottevillais.com\/index.php?rest_route=\/wp\/v2\/users\/7"}],"replies":[{"embeddable":true,"href":"http:\/\/www.billard-club-sottevillais.com\/index.php?rest_route=%2Fwp%2Fv2%2Fcomments&post=7955"}],"version-history":[{"count":4,"href":"http:\/\/www.billard-club-sottevillais.com\/index.php?rest_route=\/wp\/v2\/pages\/7955\/revisions"}],"predecessor-version":[{"id":7963,"href":"http:\/\/www.billard-club-sottevillais.com\/index.php?rest_route=\/wp\/v2\/pages\/7955\/revisions\/7963"}],"up":[{"embeddable":true,"href":"http:\/\/www.billard-club-sottevillais.com\/index.php?rest_route=\/wp\/v2\/pages\/43"}],"wp:attachment":[{"href":"http:\/\/www.billard-club-sottevillais.com\/index.php?rest_route=%2Fwp%2Fv2%2Fmedia&parent=7955"}],"curies":[{"name":"wp","href":"https:\/\/api.w.org\/{rel}","templated":true}]}}