{"id":7785,"date":"2017-01-08T20:16:10","date_gmt":"2017-01-08T20:16:10","guid":{"rendered":"http:\/\/www.billard-club-sottevillais.com\/?page_id=7785"},"modified":"2017-01-08T20:16:10","modified_gmt":"2017-01-08T20:16:10","slug":"3-bandes-r1-t2-08-janvier-2017","status":"publish","type":"page","link":"http:\/\/www.billard-club-sottevillais.com\/?page_id=7785","title":{"rendered":"3 Bandes R1 T2 &#8211; 08 Janvier 2017"},"content":{"rendered":"<p style=\"text-align: justify;\">R\u00e9sultats des Tournois, vous trouverez ici toutes les informations concernant les rencontres sportives auxquelles participe le Billard Club Sottevillais.<\/p>\n<p style=\"text-align: center;\"><!--more--><img loading=\"lazy\" decoding=\"async\" class=\"aligncenter size-full wp-image-59\" title=\"sport\" src=\"http:\/\/billardcf.cluster010.ovh.net\/wp-content\/uploads\/2011\/07\/sport.jpg\" alt=\"\" width=\"231\" height=\"116\" \/><\/p>\n<p>&nbsp;<\/p>\n<p style=\"text-align: left;\">Le 2\u00e8me tour de 3 bandes R1 s&rsquo;est d\u00e9roul\u00e9 le 08 Janvier 2017 \u00e0 Sotteville-l\u00e8s-Rouen et \u00e0 St Nicolas d&rsquo;aliermont.<\/p>\n<p style=\"text-align: left;\">Pascal Ippolito jouait \u00e0 domicile pendant que Jean-Pierre Marlin et Christophe Maupin jouaient \u00e0 St Nicolas.<\/p>\n<p style=\"text-align: left;\">A Sotteville, Pascal termine 6\u00e8me. Philippe Lebourgeois de Rouen termine 1er.<\/p>\n<p style=\"text-align: left;\">A St Nicolas, Jean-Pierre prend la 1\u00e8re place devant Christophe.<\/p>\n<p style=\"text-align: left;\"><em>A Sotteville:<\/em><\/p>\n<p style=\"text-align: center;\"><img loading=\"lazy\" decoding=\"async\" class=\"aligncenter size-large wp-image-7786\" title=\"3 BANDES R1 T2 08-01-17 Sotteville (1)\" src=\"http:\/\/www.billard-club-sottevillais.com\/wp-content\/uploads\/2017\/01\/3-BANDES-R1-T2-08-01-17-Sotteville-1-723x1024.jpg\" alt=\"\" width=\"578\" height=\"819\" srcset=\"http:\/\/www.billard-club-sottevillais.com\/wp-content\/uploads\/2017\/01\/3-BANDES-R1-T2-08-01-17-Sotteville-1-723x1024.jpg 723w, http:\/\/www.billard-club-sottevillais.com\/wp-content\/uploads\/2017\/01\/3-BANDES-R1-T2-08-01-17-Sotteville-1-212x300.jpg 212w, http:\/\/www.billard-club-sottevillais.com\/wp-content\/uploads\/2017\/01\/3-BANDES-R1-T2-08-01-17-Sotteville-1.jpg 1240w\" sizes=\"auto, (max-width: 578px) 100vw, 578px\" \/><\/p>\n<h4 style=\"padding-left: 30px;\"><img loading=\"lazy\" decoding=\"async\" class=\"aligncenter size-large wp-image-7787\" title=\"3 BANDES R1 T2 08-01-17 Sotteville (2)\" src=\"http:\/\/www.billard-club-sottevillais.com\/wp-content\/uploads\/2017\/01\/3-BANDES-R1-T2-08-01-17-Sotteville-2-723x1024.jpg\" alt=\"\" width=\"578\" height=\"819\" srcset=\"http:\/\/www.billard-club-sottevillais.com\/wp-content\/uploads\/2017\/01\/3-BANDES-R1-T2-08-01-17-Sotteville-2-723x1024.jpg 723w, http:\/\/www.billard-club-sottevillais.com\/wp-content\/uploads\/2017\/01\/3-BANDES-R1-T2-08-01-17-Sotteville-2-212x300.jpg 212w, http:\/\/www.billard-club-sottevillais.com\/wp-content\/uploads\/2017\/01\/3-BANDES-R1-T2-08-01-17-Sotteville-2.jpg 1240w\" sizes=\"auto, (max-width: 578px) 100vw, 578px\" \/><\/h4>\n<p><em>A St Nicolas:<\/em><\/p>\n<p style=\"text-align: center;\"><img loading=\"lazy\" decoding=\"async\" class=\"aligncenter size-large wp-image-7788\" title=\"3 Bandes T2 R1 08-01-17 St Nicolas (1)\" src=\"http:\/\/www.billard-club-sottevillais.com\/wp-content\/uploads\/2017\/01\/3-Bandes-T2-R1-08-01-17-St-Nicolas-1-723x1024.jpg\" alt=\"\" width=\"578\" height=\"819\" srcset=\"http:\/\/www.billard-club-sottevillais.com\/wp-content\/uploads\/2017\/01\/3-Bandes-T2-R1-08-01-17-St-Nicolas-1-723x1024.jpg 723w, http:\/\/www.billard-club-sottevillais.com\/wp-content\/uploads\/2017\/01\/3-Bandes-T2-R1-08-01-17-St-Nicolas-1-212x300.jpg 212w, http:\/\/www.billard-club-sottevillais.com\/wp-content\/uploads\/2017\/01\/3-Bandes-T2-R1-08-01-17-St-Nicolas-1.jpg 1240w\" sizes=\"auto, (max-width: 578px) 100vw, 578px\" \/><em><\/em><img loading=\"lazy\" decoding=\"async\" class=\"aligncenter size-large wp-image-7789\" title=\"3 Bandes T2 R1 08-01-17 St Nicolas (2)\" src=\"http:\/\/www.billard-club-sottevillais.com\/wp-content\/uploads\/2017\/01\/3-Bandes-T2-R1-08-01-17-St-Nicolas-2-723x1024.jpg\" alt=\"\" width=\"578\" height=\"819\" srcset=\"http:\/\/www.billard-club-sottevillais.com\/wp-content\/uploads\/2017\/01\/3-Bandes-T2-R1-08-01-17-St-Nicolas-2-723x1024.jpg 723w, http:\/\/www.billard-club-sottevillais.com\/wp-content\/uploads\/2017\/01\/3-Bandes-T2-R1-08-01-17-St-Nicolas-2-212x300.jpg 212w, http:\/\/www.billard-club-sottevillais.com\/wp-content\/uploads\/2017\/01\/3-Bandes-T2-R1-08-01-17-St-Nicolas-2.jpg 1240w\" sizes=\"auto, (max-width: 578px) 100vw, 578px\" \/><\/p>\n<h4 style=\"padding-left: 30px; text-align: left;\">Le pdf ici :<a href=\"http:\/\/www.billard-club-sottevillais.com\/wp-content\/uploads\/2017\/01\/3-BANDES-R1-T2-08-01-17-Sotteville.pdf\" target=\"_blank\">3 BANDES R1 T2 08-01-17 Sotteville<\/a><\/h4>\n<h4 style=\"padding-left: 30px; text-align: left;\">Le pdf ici :<a href=\"http:\/\/www.billard-club-sottevillais.com\/wp-content\/uploads\/2017\/01\/3-Bandes-T2-R1-08-01-17-St-Nicolas.pdf\" target=\"_blank\">3 Bandes T2 R1 08-01-17 St Nicolas<\/a><\/h4>\n<p>&nbsp;<\/p>\n","protected":false},"excerpt":{"rendered":"<p>R\u00e9sultats des Tournois, vous trouverez ici toutes les informations concernant les rencontres sportives auxquelles participe le Billard Club Sottevillais.<\/p>\n","protected":false},"author":7,"featured_media":0,"parent":43,"menu_order":0,"comment_status":"open","ping_status":"open","template":"page-full.php","meta":{"footnotes":""},"class_list":["post-7785","page","type-page","status-publish","hentry"],"_links":{"self":[{"href":"http:\/\/www.billard-club-sottevillais.com\/index.php?rest_route=\/wp\/v2\/pages\/7785","targetHints":{"allow":["GET"]}}],"collection":[{"href":"http:\/\/www.billard-club-sottevillais.com\/index.php?rest_route=\/wp\/v2\/pages"}],"about":[{"href":"http:\/\/www.billard-club-sottevillais.com\/index.php?rest_route=\/wp\/v2\/types\/page"}],"author":[{"embeddable":true,"href":"http:\/\/www.billard-club-sottevillais.com\/index.php?rest_route=\/wp\/v2\/users\/7"}],"replies":[{"embeddable":true,"href":"http:\/\/www.billard-club-sottevillais.com\/index.php?rest_route=%2Fwp%2Fv2%2Fcomments&post=7785"}],"version-history":[{"count":3,"href":"http:\/\/www.billard-club-sottevillais.com\/index.php?rest_route=\/wp\/v2\/pages\/7785\/revisions"}],"predecessor-version":[{"id":7954,"href":"http:\/\/www.billard-club-sottevillais.com\/index.php?rest_route=\/wp\/v2\/pages\/7785\/revisions\/7954"}],"up":[{"embeddable":true,"href":"http:\/\/www.billard-club-sottevillais.com\/index.php?rest_route=\/wp\/v2\/pages\/43"}],"wp:attachment":[{"href":"http:\/\/www.billard-club-sottevillais.com\/index.php?rest_route=%2Fwp%2Fv2%2Fmedia&parent=7785"}],"curies":[{"name":"wp","href":"https:\/\/api.w.org\/{rel}","templated":true}]}}