{"id":5950,"date":"2015-08-27T11:47:38","date_gmt":"2015-08-27T11:47:38","guid":{"rendered":"http:\/\/www.billard-club-sottevillais.com\/?page_id=5950"},"modified":"2015-08-27T11:57:07","modified_gmt":"2015-08-27T11:57:07","slug":"archives-saison-2014-2015","status":"publish","type":"page","link":"http:\/\/www.billard-club-sottevillais.com\/?page_id=5950","title":{"rendered":"Archives saison 2014 &#8211; 2015"},"content":{"rendered":"<h4><a href=\"http:\/\/billardcf.cluster010.ovh.net\/?page_id=5772\">Soir\u00e9e cartes<\/a><\/h4>\n<p style=\"text-align: justify;\">Le 17 avril 2015, le BCS s&rsquo;est transform\u00e9 en tripot ! Une dizaine d&rsquo;adh\u00e9rents sont venus jouer aux cartes : belote et tarot.<\/p>\n<p\/>\n<h4><a href=\"http:\/\/billardcf.cluster010.ovh.net\/?page_id=5698\">Soir\u00e9e bowling<\/a><\/h4>\n<p style=\"text-align: justify;\">Le 27 mars 2015, le BCS conviait ses adh\u00e9rents \u00e0 participer \u00e0 une soir\u00e9e bowling. Les boules sont plus grosses !<\/p>\n<p\/>\n<h4><a href=\"http:\/\/billardcf.cluster010.ovh.net\/?page_id=5421\">Tournoi interne de 5 quilles<\/a><\/h4>\n<p style=\"text-align: justify;\">Ce 7 f\u00e9vrier 2015, le BCS est tourn\u00e9 vers le 5 quilles<\/p>\n<p\/>\n<h4><a href=\"http:\/\/billardcf.cluster010.ovh.net\/?page_id=5290\">La Galette 2015<\/a><\/h4>\n<p style=\"text-align: justify;\">Le 17 janvier 2015, le BCS a fait le plein autour de la galette des rois<\/p>\n<p\/>\n<h4><a href=\"http:\/\/billardcf.cluster010.ovh.net\/?page_id=5188\">Formation : \u00e9valuation de fin d&rsquo;ann\u00e9e<\/a><\/h4>\n<p style=\"text-align: justify;\">Le 15 d\u00e9cembre 2014, Johann a organis\u00e9 une \u00e9valuation pour l&rsquo;ensemble de ses \u00ab\u00a0\u00e9l\u00e8ves\u00a0\u00bb. Un moment appr\u00e9ci\u00e9 de tous !<\/p>\n<p\/>\n<h4><a href=\"http:\/\/billardcf.cluster010.ovh.net\/?page_id=5093\">Tournoi interne de Casin 2014<\/a><\/h4>\n<p style=\"text-align: justify;\">Le tournoi interne de Casin : Ambiance amicale et s\u00e9rieuse.<\/p>\n<p\/>\n<h4><a href=\"http:\/\/billardcf.cluster010.ovh.net\/?page_id=4970\">Soir\u00e9e Beaujolais 2014<\/a><\/h4>\n<p style=\"text-align: justify;\">La soir\u00e9e Beaujolais : un moment d&rsquo;amiti\u00e9 partag\u00e9e.<\/p>\n<p\/>\n<h4><a href=\"http:\/\/billardcf.cluster010.ovh.net\/?page_id=4786\">Tournoi de Tactac<\/a><\/h4>\n<p style=\"text-align: justify;\">Le 25 octobre 2014, les adh\u00e9rents du BCS se rencontrent dans un tournoi interne de Tactac.<\/p>\n<p\/>\n<h4><a href=\"http:\/\/billardcf.cluster010.ovh.net\/?page_id=4658\">Assembl\u00e9e G\u00e9n\u00e9rale 2014<\/a><\/h4>\n<p style=\"text-align: justify;\">Le 14 juin 2014, les adh\u00e9rents sont venus nombreux pour assister \u00e0 l&rsquo;AG.<\/p>\n<p\/>\n&nbsp;<\/p>\n","protected":false},"excerpt":{"rendered":"<p>Soir\u00e9e cartes Le 17 avril 2015, le BCS s&rsquo;est transform\u00e9 en tripot ! Une dizaine d&rsquo;adh\u00e9rents sont venus jouer aux cartes : belote et tarot. Soir\u00e9e bowling Le 27 mars 2015, le BCS conviait ses adh\u00e9rents \u00e0 participer \u00e0 une soir\u00e9e bowling. Les boules sont plus grosses ! Tournoi interne de 5 quilles Ce 7 &hellip; <\/p>\n<p class=\"link-more\"><a href=\"http:\/\/www.billard-club-sottevillais.com\/?page_id=5950\" class=\"more-link\">Continuer la lecture<span class=\"screen-reader-text\"> de &laquo;&nbsp;Archives saison 2014 &#8211; 2015&nbsp;&raquo;<\/span><\/a><\/p>\n","protected":false},"author":3,"featured_media":0,"parent":35,"menu_order":0,"comment_status":"open","ping_status":"open","template":"page-full.php","meta":{"footnotes":""},"class_list":["post-5950","page","type-page","status-publish","hentry"],"_links":{"self":[{"href":"http:\/\/www.billard-club-sottevillais.com\/index.php?rest_route=\/wp\/v2\/pages\/5950","targetHints":{"allow":["GET"]}}],"collection":[{"href":"http:\/\/www.billard-club-sottevillais.com\/index.php?rest_route=\/wp\/v2\/pages"}],"about":[{"href":"http:\/\/www.billard-club-sottevillais.com\/index.php?rest_route=\/wp\/v2\/types\/page"}],"author":[{"embeddable":true,"href":"http:\/\/www.billard-club-sottevillais.com\/index.php?rest_route=\/wp\/v2\/users\/3"}],"replies":[{"embeddable":true,"href":"http:\/\/www.billard-club-sottevillais.com\/index.php?rest_route=%2Fwp%2Fv2%2Fcomments&post=5950"}],"version-history":[{"count":6,"href":"http:\/\/www.billard-club-sottevillais.com\/index.php?rest_route=\/wp\/v2\/pages\/5950\/revisions"}],"predecessor-version":[{"id":5959,"href":"http:\/\/www.billard-club-sottevillais.com\/index.php?rest_route=\/wp\/v2\/pages\/5950\/revisions\/5959"}],"up":[{"embeddable":true,"href":"http:\/\/www.billard-club-sottevillais.com\/index.php?rest_route=\/wp\/v2\/pages\/35"}],"wp:attachment":[{"href":"http:\/\/www.billard-club-sottevillais.com\/index.php?rest_route=%2Fwp%2Fv2%2Fmedia&parent=5950"}],"curies":[{"name":"wp","href":"https:\/\/api.w.org\/{rel}","templated":true}]}}