{"id":43,"date":"2011-07-22T10:25:13","date_gmt":"2011-07-22T10:25:13","guid":{"rendered":"http:\/\/billardcf.cluster010.ovh.net\/?page_id=43"},"modified":"2024-09-24T12:55:26","modified_gmt":"2024-09-24T12:55:26","slug":"informations-sprotives","status":"publish","type":"page","link":"http:\/\/www.billard-club-sottevillais.com\/?page_id=43","title":{"rendered":"COMPETITIONS"},"content":{"rendered":"<p style=\"text-align: justify;\">Calendrier et r\u00e9sultats des comp\u00e9titions, vous trouverez ici toutes les informations concernant l&rsquo;organisation des comp\u00e9titions et les r\u00e9sultats des rencontres sportives auxquelles participe le Billard Club Sottevillais.<\/p>\n<p style=\"text-align: center;\"><!--more--><a href=\"http:\/\/www.billard-club-sottevillais.com\/wp-content\/uploads\/2024\/09\/Res-sport2.jpg\"><img loading=\"lazy\" decoding=\"async\" class=\"aligncenter size-full wp-image-14908\" src=\"http:\/\/www.billard-club-sottevillais.com\/wp-content\/uploads\/2024\/09\/Res-sport2.jpg\" alt=\"\" width=\"384\" height=\"228\" srcset=\"http:\/\/www.billard-club-sottevillais.com\/wp-content\/uploads\/2024\/09\/Res-sport2.jpg 512w, http:\/\/www.billard-club-sottevillais.com\/wp-content\/uploads\/2024\/09\/Res-sport2-300x178.jpg 300w\" sizes=\"auto, (max-width: 384px) 100vw, 384px\" \/><\/a><\/p>\n<table id=\"Tableau_01\" border=\"0\" width=\"871\" cellspacing=\"0\" cellpadding=\"0\">\n<tbody>\n<tr>\n<td><\/td>\n<\/tr>\n<tr>\n<td>\n<h3 style=\"text-align: center;\"><a href=\"http:\/\/billardcf.cluster010.ovh.net\/?page_id=14934\"><strong>Informations sportives<\/strong><\/a><\/h3>\n<\/td>\n<td>\n<h3 style=\"text-align: center;\"><a href=\"http:\/\/billardcf.cluster010.ovh.net\/?page_id=14916\"><strong>R\u00e9sultats sportifs<\/strong><\/a><\/h3>\n<\/td>\n<td><\/td>\n<\/tr>\n<tr>\n<td><\/td>\n<\/tr>\n<\/tbody>\n<\/table>\n","protected":false},"excerpt":{"rendered":"<p>Calendrier et r\u00e9sultats des comp\u00e9titions, vous trouverez ici toutes les informations concernant l&rsquo;organisation des comp\u00e9titions et les r\u00e9sultats des rencontres sportives auxquelles participe le Billard Club Sottevillais.<\/p>\n","protected":false},"author":1,"featured_media":0,"parent":0,"menu_order":1,"comment_status":"open","ping_status":"open","template":"","meta":{"footnotes":""},"class_list":["post-43","page","type-page","status-publish","hentry"],"_links":{"self":[{"href":"http:\/\/www.billard-club-sottevillais.com\/index.php?rest_route=\/wp\/v2\/pages\/43","targetHints":{"allow":["GET"]}}],"collection":[{"href":"http:\/\/www.billard-club-sottevillais.com\/index.php?rest_route=\/wp\/v2\/pages"}],"about":[{"href":"http:\/\/www.billard-club-sottevillais.com\/index.php?rest_route=\/wp\/v2\/types\/page"}],"author":[{"embeddable":true,"href":"http:\/\/www.billard-club-sottevillais.com\/index.php?rest_route=\/wp\/v2\/users\/1"}],"replies":[{"embeddable":true,"href":"http:\/\/www.billard-club-sottevillais.com\/index.php?rest_route=%2Fwp%2Fv2%2Fcomments&post=43"}],"version-history":[{"count":874,"href":"http:\/\/www.billard-club-sottevillais.com\/index.php?rest_route=\/wp\/v2\/pages\/43\/revisions"}],"predecessor-version":[{"id":14964,"href":"http:\/\/www.billard-club-sottevillais.com\/index.php?rest_route=\/wp\/v2\/pages\/43\/revisions\/14964"}],"wp:attachment":[{"href":"http:\/\/www.billard-club-sottevillais.com\/index.php?rest_route=%2Fwp%2Fv2%2Fmedia&parent=43"}],"curies":[{"name":"wp","href":"https:\/\/api.w.org\/{rel}","templated":true}]}}