{"id":4002,"date":"2013-12-15T09:48:09","date_gmt":"2013-12-15T09:48:09","guid":{"rendered":"http:\/\/www.billard-club-sottevillais.com\/?page_id=4002"},"modified":"2013-12-15T10:49:53","modified_gmt":"2013-12-15T10:49:53","slug":"casin-2013","status":"publish","type":"page","link":"http:\/\/www.billard-club-sottevillais.com\/?page_id=4002","title":{"rendered":"Casin 2013"},"content":{"rendered":"<p>&nbsp;<\/p>\n<p style=\"text-align: justify;\">Le 14 d\u00e9cembre 2013, 12 joueurs se sont d\u00e9plac\u00e9s pour participer au tournoi interne de Casin organis\u00e9 pour les adh\u00e9rents du BCS. C&rsquo;est un tournoi avec handicap. Les gagnants de la pr\u00e9c\u00e9dente \u00e9dition ont vu leur distance augmenter.<br \/>\nVendredi 13 d\u00e9cembre, en pr\u00e9sence de nombreux joueurs, Bruno Pierrel a fait le tirage au sort des 4 poules.<\/p>\n<p>&nbsp;<\/p>\n<h3>R\u00e9sultat du tirage au sort et handicap<\/h3>\n<p>&nbsp;<\/p>\n<div align=\"center\">[flgallery id=57 \/]<\/div>\n<p>&nbsp;<br \/>\n<img loading=\"lazy\" decoding=\"async\" class=\"aligncenter size-full wp-image-4003\" title=\"Tirage\" src=\"http:\/\/www.billard-club-sottevillais.com\/wp-content\/uploads\/2013\/12\/Tirage.jpg\" alt=\"\" width=\"752\" height=\"86\" srcset=\"http:\/\/www.billard-club-sottevillais.com\/wp-content\/uploads\/2013\/12\/Tirage.jpg 752w, http:\/\/www.billard-club-sottevillais.com\/wp-content\/uploads\/2013\/12\/Tirage-300x34.jpg 300w\" sizes=\"auto, (max-width: 706px) 89vw, (max-width: 767px) 82vw, 740px\" \/><br \/>\n&nbsp;<\/p>\n<h3>Les poules en images<\/h3>\n<p>&nbsp;<\/p>\n<div align=\"center\">[flgallery id=60 \/]<\/div>\n<p>&nbsp;<\/p>\n<p style=\"text-align: justify;\">A 9h15, le coup d&rsquo;envoi est donn\u00e9 par Jean qui est directeur de jeu. Nous sommes partis pour trois tours de 50 minutes chacun. Ainsi, peu apr\u00e8s midi, le gong a r\u00e9sonn\u00e9 pour sonner la fin des tours de poule.<br \/>\nQuelques minutes plus tard, nous avions le classement des joueurs s\u00e9lectionn\u00e9s pour le concours principal et la consolante.<\/p>\n<p>&nbsp;<\/p>\n<h3>Le classement des poules<\/h3>\n<p>&nbsp;<br \/>\n<img loading=\"lazy\" decoding=\"async\" class=\"aligncenter size-full wp-image-4014\" title=\"Classement\" src=\"http:\/\/www.billard-club-sottevillais.com\/wp-content\/uploads\/2013\/12\/Classement.jpg\" alt=\"\" width=\"374\" height=\"403\" srcset=\"http:\/\/www.billard-club-sottevillais.com\/wp-content\/uploads\/2013\/12\/Classement.jpg 374w, http:\/\/www.billard-club-sottevillais.com\/wp-content\/uploads\/2013\/12\/Classement-278x300.jpg 278w\" sizes=\"auto, (max-width: 374px) 100vw, 374px\" \/><br \/>\n&nbsp;<\/p>\n<p style=\"text-align: justify;\">Maintenant que chacun est fix\u00e9 sur son sort, on peut prendre la direction du restaurant.<\/p>\n<p>&nbsp;<\/p>\n<h3>La pause repas<\/h3>\n<p>&nbsp;<\/p>\n<div align=\"center\">[flgallery id=61 \/]<\/div>\n<p>&nbsp;<\/p>\n<h3>La consolante<\/h3>\n<p>&nbsp;<br \/>\n<img loading=\"lazy\" decoding=\"async\" class=\"aligncenter size-full wp-image-4029\" title=\"Consolant\" src=\"http:\/\/www.billard-club-sottevillais.com\/wp-content\/uploads\/2013\/12\/Consolant.jpg\" alt=\"\" width=\"655\" height=\"438\" \/><br \/>\n&nbsp;<\/p>\n<p style=\"text-align: center;\"><img loading=\"lazy\" decoding=\"async\" class=\"aligncenter size-large wp-image-4049\" title=\"Consol-fin\" src=\"http:\/\/www.billard-club-sottevillais.com\/wp-content\/uploads\/2013\/12\/Consol-fin-777x1024.jpg\" alt=\"\" width=\"498\" height=\"655\" srcset=\"http:\/\/www.billard-club-sottevillais.com\/wp-content\/uploads\/2013\/12\/Consol-fin-777x1024.jpg 777w, http:\/\/www.billard-club-sottevillais.com\/wp-content\/uploads\/2013\/12\/Consol-fin-227x300.jpg 227w, http:\/\/www.billard-club-sottevillais.com\/wp-content\/uploads\/2013\/12\/Consol-fin.jpg 1473w\" sizes=\"auto, (max-width: 498px) 100vw, 498px\" \/><\/p>\n<p>&nbsp;<\/p>\n<p style=\"text-align: justify;\">Pendant que Pascal Ippolito prenait l&rsquo;avantage sur Christian Molina et prenait la 1\u00e8re place, Jean-Pierre M\u00e9gnan tirait son \u00e9pigle du jeu et s&rsquo;octroyait la 3\u00e8me place.<\/p>\n<p>&nbsp;<\/p>\n<h3>Le concours principal<\/h3>\n<p>&nbsp;<br \/>\n<img loading=\"lazy\" decoding=\"async\" class=\"aligncenter size-full wp-image-4087\" title=\"Principal1\" src=\"http:\/\/www.billard-club-sottevillais.com\/wp-content\/uploads\/2013\/12\/Principal1.jpg\" alt=\"\" width=\"655\" height=\"438\" srcset=\"http:\/\/www.billard-club-sottevillais.com\/wp-content\/uploads\/2013\/12\/Principal1.jpg 916w, http:\/\/www.billard-club-sottevillais.com\/wp-content\/uploads\/2013\/12\/Principal1-300x200.jpg 300w, http:\/\/www.billard-club-sottevillais.com\/wp-content\/uploads\/2013\/12\/Principal1-140x94.jpg 140w\" sizes=\"auto, (max-width: 655px) 100vw, 655px\" \/><br \/>\n&nbsp;<\/p>\n<h3>R\u00e9sultats des quarts<\/h3>\n<p>&nbsp;<br \/>\n<img loading=\"lazy\" decoding=\"async\" class=\"aligncenter size-full wp-image-4033\" title=\"Quart-Final\" src=\"http:\/\/www.billard-club-sottevillais.com\/wp-content\/uploads\/2013\/12\/Quart-Final.jpg\" alt=\"\" width=\"341\" height=\"454\" srcset=\"http:\/\/www.billard-club-sottevillais.com\/wp-content\/uploads\/2013\/12\/Quart-Final.jpg 341w, http:\/\/www.billard-club-sottevillais.com\/wp-content\/uploads\/2013\/12\/Quart-Final-225x300.jpg 225w\" sizes=\"auto, (max-width: 341px) 100vw, 341px\" \/><\/p>\n<h3>R\u00e9sultats des Demi-finales<\/h3>\n<p>&nbsp;<br \/>\n<img loading=\"lazy\" decoding=\"async\" class=\"aligncenter size-medium wp-image-4063\" title=\"Demi-fin\" src=\"http:\/\/www.billard-club-sottevillais.com\/wp-content\/uploads\/2013\/12\/Demi-fin-228x300.jpg\" alt=\"\" width=\"341\" height=\"450\" \/><br \/>\n&nbsp;<\/p>\n<h3 style=\"text-align: left;\">La grande finale<\/h3>\n<p>&nbsp;<br \/>\n<img loading=\"lazy\" decoding=\"async\" class=\"aligncenter size-full wp-image-4042\" title=\"Finalists\" src=\"http:\/\/www.billard-club-sottevillais.com\/wp-content\/uploads\/2013\/12\/Finalists.jpg\" alt=\"\" width=\"655\" height=\"499\" \/><br \/>\n&nbsp;<br \/>\n<img loading=\"lazy\" decoding=\"async\" class=\"aligncenter size-full wp-image-4073\" title=\"R\u00e9sultats\" src=\"http:\/\/www.billard-club-sottevillais.com\/wp-content\/uploads\/2013\/12\/R\u00e9sultats-1024x768.jpg\" alt=\"\" width=\"819\" height=\"615\" srcset=\"http:\/\/www.billard-club-sottevillais.com\/wp-content\/uploads\/2013\/12\/R\u00e9sultats-1024x768.jpg 1024w, http:\/\/www.billard-club-sottevillais.com\/wp-content\/uploads\/2013\/12\/R\u00e9sultats-300x225.jpg 300w\" sizes=\"auto, (max-width: 706px) 89vw, (max-width: 767px) 82vw, 740px\" \/><br \/>\n&nbsp;<\/p>\n<p style=\"text-align: justify;\">Patrick Lombard et Bruno Pierrel se sont donc rencontr\u00e9s pour la finale. Patrick avait trois s\u00e9ries \u00e0 faire et Bruno cinq. Nous avions d\u00e9cid\u00e9 de ne pas limiter le temps et d&rsquo;attendre que toutes les figures soient r\u00e9alis\u00e9es. Au bout d&rsquo;une heure et demie, alors que Patrick avait \u00e0 faire un \u00ab\u00a0deux bandes\u00a0\u00bb et deux \u00ab\u00a0bandes avant\u00a0\u00bb, Bruno cherchait inexorablement le \u00ab\u00a0bande avant\u00a0\u00bb qui lui manquait. Apr\u00e8s une quinzaine de tentatives, il signait la victoire. <\/p>\n<p>&nbsp;<\/p>\n<h3 style=\"text-align: left;\">La galerie photo<\/h3>\n<p>&nbsp;<\/p>\n<div align=\"center\">[flgallery id=62 \/]<\/div>\n<p>&nbsp;<\/p>\n","protected":false},"excerpt":{"rendered":"<p>&nbsp; Le 14 d\u00e9cembre 2013, 12 joueurs se sont d\u00e9plac\u00e9s pour participer au tournoi interne de Casin organis\u00e9 pour les adh\u00e9rents du BCS. C&rsquo;est un tournoi avec handicap. Les gagnants de la pr\u00e9c\u00e9dente \u00e9dition ont vu leur distance augmenter. Vendredi 13 d\u00e9cembre, en pr\u00e9sence de nombreux joueurs, Bruno Pierrel a fait le tirage au sort &hellip; <\/p>\n<p class=\"link-more\"><a href=\"http:\/\/www.billard-club-sottevillais.com\/?page_id=4002\" class=\"more-link\">Continuer la lecture<span class=\"screen-reader-text\"> de &laquo;&nbsp;Casin 2013&nbsp;&raquo;<\/span><\/a><\/p>\n","protected":false},"author":3,"featured_media":0,"parent":35,"menu_order":0,"comment_status":"open","ping_status":"open","template":"page-full.php","meta":{"footnotes":""},"class_list":["post-4002","page","type-page","status-publish","hentry"],"_links":{"self":[{"href":"http:\/\/www.billard-club-sottevillais.com\/index.php?rest_route=\/wp\/v2\/pages\/4002","targetHints":{"allow":["GET"]}}],"collection":[{"href":"http:\/\/www.billard-club-sottevillais.com\/index.php?rest_route=\/wp\/v2\/pages"}],"about":[{"href":"http:\/\/www.billard-club-sottevillais.com\/index.php?rest_route=\/wp\/v2\/types\/page"}],"author":[{"embeddable":true,"href":"http:\/\/www.billard-club-sottevillais.com\/index.php?rest_route=\/wp\/v2\/users\/3"}],"replies":[{"embeddable":true,"href":"http:\/\/www.billard-club-sottevillais.com\/index.php?rest_route=%2Fwp%2Fv2%2Fcomments&post=4002"}],"version-history":[{"count":77,"href":"http:\/\/www.billard-club-sottevillais.com\/index.php?rest_route=\/wp\/v2\/pages\/4002\/revisions"}],"predecessor-version":[{"id":4096,"href":"http:\/\/www.billard-club-sottevillais.com\/index.php?rest_route=\/wp\/v2\/pages\/4002\/revisions\/4096"}],"up":[{"embeddable":true,"href":"http:\/\/www.billard-club-sottevillais.com\/index.php?rest_route=\/wp\/v2\/pages\/35"}],"wp:attachment":[{"href":"http:\/\/www.billard-club-sottevillais.com\/index.php?rest_route=%2Fwp%2Fv2%2Fmedia&parent=4002"}],"curies":[{"name":"wp","href":"https:\/\/api.w.org\/{rel}","templated":true}]}}