{"id":3408,"date":"2013-10-01T09:39:47","date_gmt":"2013-10-01T09:39:47","guid":{"rendered":"http:\/\/www.billard-club-sottevillais.com\/?page_id=3408"},"modified":"2013-10-01T09:50:38","modified_gmt":"2013-10-01T09:50:38","slug":"porte-ouverte","status":"publish","type":"page","link":"http:\/\/www.billard-club-sottevillais.com\/?page_id=3408","title":{"rendered":"Porte ouverte"},"content":{"rendered":"<p style=\"text-align: justify;\"> Samedi 28 septembre, nous avons fait une journ\u00e9e porte ouverte pour inviter le public \u00e0 d\u00e9couvrir le billard fran\u00e7ais. Pour faire conna\u00eetre cette animation, nous avons distribu\u00e9 800 prospectus sur le march\u00e9 de Sotteville le jeudi pr\u00e9c\u00e9dent. Cette initiative n&rsquo;a pas \u00e9t\u00e9 vaine, car nous avons eu des visites et nous avons fait des inscriptions. Par ailleurs, plusieurs membres du club sont pass\u00e9 pour accompagner les visiteurs mais ils ont aussi fait quelques parties dans la bonne humeur &#8230;<br \/>\n&nbsp;<\/p>\n<p><center><br \/>\n[flgallery id=50 \/]<\/center><\/p>\n","protected":false},"excerpt":{"rendered":"<p>Samedi 28 septembre, nous avons fait une journ\u00e9e porte ouverte pour inviter le public \u00e0 d\u00e9couvrir le billard fran\u00e7ais. Pour faire conna\u00eetre cette animation, nous avons distribu\u00e9 800 prospectus sur le march\u00e9 de Sotteville le jeudi pr\u00e9c\u00e9dent. Cette initiative n&rsquo;a pas \u00e9t\u00e9 vaine, car nous avons eu des visites et nous avons fait des inscriptions. &hellip; <\/p>\n<p class=\"link-more\"><a href=\"http:\/\/www.billard-club-sottevillais.com\/?page_id=3408\" class=\"more-link\">Continuer la lecture<span class=\"screen-reader-text\"> de &laquo;&nbsp;Porte ouverte&nbsp;&raquo;<\/span><\/a><\/p>\n","protected":false},"author":3,"featured_media":0,"parent":35,"menu_order":0,"comment_status":"open","ping_status":"open","template":"page-full.php","meta":{"footnotes":""},"class_list":["post-3408","page","type-page","status-publish","hentry"],"_links":{"self":[{"href":"http:\/\/www.billard-club-sottevillais.com\/index.php?rest_route=\/wp\/v2\/pages\/3408","targetHints":{"allow":["GET"]}}],"collection":[{"href":"http:\/\/www.billard-club-sottevillais.com\/index.php?rest_route=\/wp\/v2\/pages"}],"about":[{"href":"http:\/\/www.billard-club-sottevillais.com\/index.php?rest_route=\/wp\/v2\/types\/page"}],"author":[{"embeddable":true,"href":"http:\/\/www.billard-club-sottevillais.com\/index.php?rest_route=\/wp\/v2\/users\/3"}],"replies":[{"embeddable":true,"href":"http:\/\/www.billard-club-sottevillais.com\/index.php?rest_route=%2Fwp%2Fv2%2Fcomments&post=3408"}],"version-history":[{"count":7,"href":"http:\/\/www.billard-club-sottevillais.com\/index.php?rest_route=\/wp\/v2\/pages\/3408\/revisions"}],"predecessor-version":[{"id":3418,"href":"http:\/\/www.billard-club-sottevillais.com\/index.php?rest_route=\/wp\/v2\/pages\/3408\/revisions\/3418"}],"up":[{"embeddable":true,"href":"http:\/\/www.billard-club-sottevillais.com\/index.php?rest_route=\/wp\/v2\/pages\/35"}],"wp:attachment":[{"href":"http:\/\/www.billard-club-sottevillais.com\/index.php?rest_route=%2Fwp%2Fv2%2Fmedia&parent=3408"}],"curies":[{"name":"wp","href":"https:\/\/api.w.org\/{rel}","templated":true}]}}