{"id":2035,"date":"2012-09-18T13:24:05","date_gmt":"2012-09-18T13:24:05","guid":{"rendered":"http:\/\/www.billard-club-sottevillais.com\/?page_id=2035"},"modified":"2012-09-18T13:24:05","modified_gmt":"2012-09-18T13:24:05","slug":"archives-saison-2011-2012","status":"publish","type":"page","link":"http:\/\/www.billard-club-sottevillais.com\/?page_id=2035","title":{"rendered":"Archives &#8211; Saison 2011 \/ 2012"},"content":{"rendered":"<h4><a href=\"http:\/\/billardcf.cluster010.ovh.net\/?page_id=1409\"> 90 ans \u00e7a se f\u00eate &#8211; 17 f\u00e9vrier 2012<\/a><\/h4>\n<p style=\"text-align: justify;\">          Marcel Caumartin est \u00e0 l&rsquo;honneur pour son 90\u00e8me anniversaire.<\/p>\n<h4><a href=\"http:\/\/billardcf.cluster010.ovh.net\/?page_id=1211\">Tournoi interne de 5 quilles &#8211; 28 janvier 2012<\/a><\/h4>\n<p style=\"text-align: justify;\">          Le BCS organise chaque ann\u00e9e le tournoi interne de 5 quilles &#8230;<\/p>\n<h4><a href=\"http:\/\/billardcf.cluster010.ovh.net\/?page_id=1109\">Formation 5 quilles &#8211; 21 janvier 2012<\/a><\/h4>\n<p style=\"text-align: justify;\">          Le BCS a accueilli la premi\u00e8re formation de 5 quilles organis\u00e9e par la Ligue de Normandie. Maxime et Denis Jublot \u00e9taient les ma\u00eetres du jeu !<\/p>\n<h4><a href=\"http:\/\/billardcf.cluster010.ovh.net\/?page_id=969\">Galette des rois &#8211; 7 janvier 2012<\/a><\/h4>\n<p style=\"text-align: justify;\">           Une nouvelle fois, les adh\u00e9rents du BCS se sont retrouv\u00e9s autour de la galette des rois. Grand moment de convivialit\u00e9.<\/p>\n<h4><a href=\"http:\/\/billardcf.cluster010.ovh.net\/?page_id=737\">Fl\u00e9chettes &#8211; 3 d\u00e9cembre 2011<\/a><\/h4>\n<p style=\"text-align: justify;\">        Le BCS s&rsquo;encanaille! Samedi 3 d\u00e9cembre, une dizaine de personnes s&rsquo;est retrouv\u00e9e pour jouer aux fl\u00e9chettes et au \u00ab\u00a04 billes\u00a0\u00bb. Un vrai moment de bonne humeur !<\/p>\n<h4><a href=\"http:\/\/billardcf.cluster010.ovh.net\/?page_id=589\">Soir\u00e9e Beaujolais &#8211; 18 novembre 2011<\/a><\/h4>\n<p style=\"text-align: justify;\">        Une trentaine d&rsquo;adh\u00e9rents s&rsquo;est retrouv\u00e9e le 18 novembre dans le cadre de la soir\u00e9e Beaujolais organis\u00e9e par le BCS. Le Beaujolais n&rsquo;est qu&rsquo;un pr\u00e9texte pour r\u00e9unir les adh\u00e9rents dans un contexte amical et festif &#8230; Soir\u00e9e tr\u00e8s appr\u00e9ci\u00e9e !<\/p>\n<h4><a href=\"http:\/\/billardcf.cluster010.ovh.net\/?page_id=508\">Randonn\u00e9e de Vatteville la Rue &#8211; 16 octobre 2011<\/a><\/h4>\n<p style=\"text-align: justify;\">        Le 16 octobre 2011, le BCS a propos\u00e9 \u00e0 ses adh\u00e9rents une randonn\u00e9e d&rsquo;une dizaine de kilom\u00e8tres autour de Vatteville la Rue.<\/p>\n<h4><a href=\"http:\/\/billardcf.cluster010.ovh.net\/?page_id=561\">Soir\u00e9e Sport &#8211; 14 octobre 2011<\/a><\/h4>\n<p style=\"text-align: justify;\">        La \u00ab\u00a0Soir\u00e9e du sport sottevillais\u00a0\u00bb organis\u00e9e par la Ville de Sotteville est l&rsquo;occasion de r\u00e9compenser les sportifs et les acteurs du milieu sportif. Le BCS \u00e9tait repr\u00e9sent\u00e9 \u00e0 cette manifestation.<\/p>\n<h4><a href=\"http:\/\/billardcf.cluster010.ovh.net\/?page_id=565\">Portes Ouvertes &#8211; 1er octobre 2011<\/a><\/h4>\n<p style=\"text-align: justify;\">        Cette ann\u00e9e les portes ouvertes du BCS \u00e9taient anim\u00e9es par Johann Petit. Gr\u00e2ce \u00e0 une forte couverture m\u00e9diatique, nous avons eu de nombreuses visites et surtout des adh\u00e9sions.<\/p>\n<h4><a href=\"http:\/\/billardcf.cluster010.ovh.net\/?page_id=413\">Forum des Associations de Sotteville-l\u00e8s-Rouen &#8211; 3 septembre 2011<\/a><\/h4>\n<p style=\"text-align: justify;\">        Le forum des associations est pour le Billard Club Sottevillais une occasion de s&rsquo;exposer et de prendre contact avec le public du forum. A cette occasion, le BCS \u00e9dite un journal interne qui est remis aux visiteurs et r\u00e9pond \u00e0 leurs interrogations \u2026 Un moment essentiel de la vie du club !<\/p>\n<h4><a href=\"http:\/\/billardcf.cluster010.ovh.net\/?page_id=410\">Assembl\u00e9e G\u00e9n\u00e9rale du Billard Club Sottevillais &#8211; 18 juin 2011<\/a><\/h4>\n<p style=\"text-align: justify;\">        L\u2019Assembl\u00e9e G\u00e9n\u00e9rale du BCS s\u2019est tenue le 18 juin 2011. Cette fois encore, la municipalit\u00e9 assistait \u00e0 nos travaux avec la pr\u00e9sence de Mme BORJA VIEGAS D\u2019ABREU. La suite dans cet article.<\/p>\n<h4><a href=\"http:\/\/billardcf.cluster010.ovh.net\/?page_id=499\">Randonn\u00e9e de Printemps &#8211; 17 avril 2011<\/a><\/h4>\n<p style=\"text-align: justify;\">        Les adh\u00e9rents du BCS sortent parfois de leur salle de billard pour s&rsquo;a\u00e9rer. Le 17 avril 2011, nous \u00e9tions \u00e0 Amfreville sur Iton pour une randonn\u00e9e d&rsquo;une dizaine de kilom\u00e8tres.<\/p>\n","protected":false},"excerpt":{"rendered":"<p>90 ans \u00e7a se f\u00eate &#8211; 17 f\u00e9vrier 2012 Marcel Caumartin est \u00e0 l&rsquo;honneur pour son 90\u00e8me anniversaire. Tournoi interne de 5 quilles &#8211; 28 janvier 2012 Le BCS organise chaque ann\u00e9e le tournoi interne de 5 quilles &#8230; Formation 5 quilles &#8211; 21 janvier 2012 Le BCS a accueilli la premi\u00e8re formation de 5 &hellip; <\/p>\n<p class=\"link-more\"><a href=\"http:\/\/www.billard-club-sottevillais.com\/?page_id=2035\" class=\"more-link\">Continuer la lecture<span class=\"screen-reader-text\"> de &laquo;&nbsp;Archives &#8211; Saison 2011 \/ 2012&nbsp;&raquo;<\/span><\/a><\/p>\n","protected":false},"author":3,"featured_media":0,"parent":35,"menu_order":0,"comment_status":"open","ping_status":"open","template":"page-full.php","meta":{"footnotes":""},"class_list":["post-2035","page","type-page","status-publish","hentry"],"_links":{"self":[{"href":"http:\/\/www.billard-club-sottevillais.com\/index.php?rest_route=\/wp\/v2\/pages\/2035","targetHints":{"allow":["GET"]}}],"collection":[{"href":"http:\/\/www.billard-club-sottevillais.com\/index.php?rest_route=\/wp\/v2\/pages"}],"about":[{"href":"http:\/\/www.billard-club-sottevillais.com\/index.php?rest_route=\/wp\/v2\/types\/page"}],"author":[{"embeddable":true,"href":"http:\/\/www.billard-club-sottevillais.com\/index.php?rest_route=\/wp\/v2\/users\/3"}],"replies":[{"embeddable":true,"href":"http:\/\/www.billard-club-sottevillais.com\/index.php?rest_route=%2Fwp%2Fv2%2Fcomments&post=2035"}],"version-history":[{"count":2,"href":"http:\/\/www.billard-club-sottevillais.com\/index.php?rest_route=\/wp\/v2\/pages\/2035\/revisions"}],"predecessor-version":[{"id":2037,"href":"http:\/\/www.billard-club-sottevillais.com\/index.php?rest_route=\/wp\/v2\/pages\/2035\/revisions\/2037"}],"up":[{"embeddable":true,"href":"http:\/\/www.billard-club-sottevillais.com\/index.php?rest_route=\/wp\/v2\/pages\/35"}],"wp:attachment":[{"href":"http:\/\/www.billard-club-sottevillais.com\/index.php?rest_route=%2Fwp%2Fv2%2Fmedia&parent=2035"}],"curies":[{"name":"wp","href":"https:\/\/api.w.org\/{rel}","templated":true}]}}