{"id":16005,"date":"2025-11-23T16:19:53","date_gmt":"2025-11-23T16:19:53","guid":{"rendered":"https:\/\/www.billard-club-sottevillais.com\/?page_id=16005"},"modified":"2025-11-23T18:44:34","modified_gmt":"2025-11-23T18:44:34","slug":"soiree-beaujolais-2025","status":"publish","type":"page","link":"http:\/\/www.billard-club-sottevillais.com\/?page_id=16005","title":{"rendered":"Soir\u00e9e Beaujolais 2025"},"content":{"rendered":"<p style=\"text-align: justify;\">Depuis combien de temps le Billard Club Sottevillais organise t\u2019il une soir\u00e9e Beaujolais ? 30 ans, 31 ans\u2026 Peu importe !<br \/>\nC\u2019est vrai que la soir\u00e9e Beaujolais fait partie de nos traditions. Ce n\u2019est pas que nous sommes accros \u00e0 ce breuvage, c\u2019est seulement que le Beaujolais est une occasion de r\u00e9unir nos adh\u00e9rents. Cette soir\u00e9e permet aux nouveaux arrivants de voir des gens qu\u2019ils ne rencontrent jamais. Et dans un contexte festif, c\u2019est mieux !<\/p>\n<p>Ce 21 novembre 2025, nous \u00e9tions donc une trentaine pour participer \u00e0 cette petite f\u00eate. Certes il n\u2019y avait pas la parit\u00e9 mais on s\u2019en approche.<\/p>\n<h3>En attendant &#8230;<\/h3>\n<p><center>[flgallery id=328 \/]<\/center><\/p>\n<p style=\"text-align: justify;\">Vers 19h30, Bruno, notre pr\u00e9sident a eu la bonne id\u00e9e de prendre la parole de mani\u00e8re sobre pour nous inviter \u00e0 lever nos verres (sobrement) a notre sant\u00e9 et \u00e0 celle du BCS. Ce que nous avons fait !<\/p>\n<p>Apr\u00e8s cet interm\u00e8de bien agr\u00e9able, nous avons dress\u00e9 le buffet. Ce buffet tr\u00e8s appr\u00e9ci\u00e9 des convives est confectionn\u00e9 par l\u2019ESAT (Etablissement et Service d\u2019Aide par le Travail) de Canteleu. En plus de faire une bonne action, nous avons le plaisir d\u2019avoir des ingr\u00e9dients de tr\u00e8s bonne qualit\u00e9.<\/p>\n<h3>Un buffet appr\u00e9ci\u00e9<\/h3>\n<p><center>[flgallery id=326 \/]<\/center><\/p>\n<p style=\"text-align: justify;\">Cette soir\u00e9e s\u2019est d\u00e9roul\u00e9e dans une ambiance tr\u00e8s agr\u00e9able. Les visages souriants les \u00e9clats de rire et la bienveillance g\u00e9n\u00e9rale \u00e9taient de mise pour cette belle soir\u00e9e.<\/p>\n<h3>Le repas<\/h3>\n<p><center>[flgallery id=327 \/]<\/center><\/p>\n<p style=\"text-align: justify;\">Il faut remercier Didier qui prend en charge l&rsquo;organisation totale de cette belle f\u00eate.<br \/>\nIl faut aussi remercier toutes les \u00ab\u00a0petites mains\u00a0\u00bb qui ont fait la plonge, le rangement puis le nettoyage de la salle. Merci \u00e0 vous.<\/p>\n","protected":false},"excerpt":{"rendered":"<p>Depuis combien de temps le Billard Club Sottevillais organise t\u2019il une soir\u00e9e Beaujolais ? 30 ans, 31 ans\u2026 Peu importe ! C\u2019est vrai que la soir\u00e9e Beaujolais fait partie de nos traditions. Ce n\u2019est pas que nous sommes accros \u00e0 ce breuvage, c\u2019est seulement que le Beaujolais est une occasion de r\u00e9unir nos adh\u00e9rents. Cette &hellip; <\/p>\n<p class=\"link-more\"><a href=\"http:\/\/www.billard-club-sottevillais.com\/?page_id=16005\" class=\"more-link\">Continuer la lecture<span class=\"screen-reader-text\"> de &laquo;&nbsp;Soir\u00e9e Beaujolais 2025&nbsp;&raquo;<\/span><\/a><\/p>\n","protected":false},"author":3,"featured_media":0,"parent":0,"menu_order":0,"comment_status":"closed","ping_status":"closed","template":"","meta":{"footnotes":""},"class_list":["post-16005","page","type-page","status-publish","hentry"],"_links":{"self":[{"href":"http:\/\/www.billard-club-sottevillais.com\/index.php?rest_route=\/wp\/v2\/pages\/16005","targetHints":{"allow":["GET"]}}],"collection":[{"href":"http:\/\/www.billard-club-sottevillais.com\/index.php?rest_route=\/wp\/v2\/pages"}],"about":[{"href":"http:\/\/www.billard-club-sottevillais.com\/index.php?rest_route=\/wp\/v2\/types\/page"}],"author":[{"embeddable":true,"href":"http:\/\/www.billard-club-sottevillais.com\/index.php?rest_route=\/wp\/v2\/users\/3"}],"replies":[{"embeddable":true,"href":"http:\/\/www.billard-club-sottevillais.com\/index.php?rest_route=%2Fwp%2Fv2%2Fcomments&post=16005"}],"version-history":[{"count":9,"href":"http:\/\/www.billard-club-sottevillais.com\/index.php?rest_route=\/wp\/v2\/pages\/16005\/revisions"}],"predecessor-version":[{"id":16162,"href":"http:\/\/www.billard-club-sottevillais.com\/index.php?rest_route=\/wp\/v2\/pages\/16005\/revisions\/16162"}],"wp:attachment":[{"href":"http:\/\/www.billard-club-sottevillais.com\/index.php?rest_route=%2Fwp%2Fv2%2Fmedia&parent=16005"}],"curies":[{"name":"wp","href":"https:\/\/api.w.org\/{rel}","templated":true}]}}