{"id":15327,"date":"2025-01-13T15:54:55","date_gmt":"2025-01-13T15:54:55","guid":{"rendered":"http:\/\/www.billard-club-sottevillais.com\/?page_id=15327"},"modified":"2025-01-13T15:54:55","modified_gmt":"2025-01-13T15:54:55","slug":"galette-2025","status":"publish","type":"page","link":"http:\/\/www.billard-club-sottevillais.com\/?page_id=15327","title":{"rendered":"Galette 2025"},"content":{"rendered":"<p style=\"text-align: justify;\">Samedi 11 janvier, le Billard Club Sottevillais a r\u00e9uni ses adh\u00e9rents sur le th\u00e8me de la galette des rois.<br \/>A partir de 13h, la salle a commenc\u00e9 \u00e0 se remplir, surtout le coin salon qui accueillait l&rsquo;indispensable petit caf\u00e9.<br \/>Nos adh\u00e9rents \u00e9taient l\u00e0 pour participer \u00e0 un tournoi de billard pas comme les autres. Dans ce tournoi, rien \u00e0 prouver, rien \u00e0 gagner. Le principe : un jeu d\u2019\u00e9quipe, des sets de vingt minutes, trois modes de jeu. A la fin du set, l\u2019\u00e9quipe s\u2019\u00e9vanouit pour voir un nouveau bin\u00f4me se cr\u00e9er.<\/p>\n<h3>Le tournoi<\/h3>\n<div align=\"center\">[flgallery id=308 \/]<\/div>\n<h3>Les tours de jeu<\/h3>\n<div align=\"center\">[flgallery id=309 \/]<\/div>\n<h3>La galette<\/h3>\n<p>La galette est une f\u00eate ouverte aux joueurs et leur famille. Nos adh\u00e9rents l&rsquo;ont bien compris, ils sont venus avec femme et enfants.<br \/>\nPeu apr\u00e8s 18h, nous sommes pass\u00e9s \u00e0 la partie festive. D&rsquo;abord Bruno a rassembl\u00e9 les pr\u00e9sents qu&rsquo;il a remerci\u00e9 puis il a rappel\u00e9 les fondamentaux de la politique du BCS. Il a ensuite invit\u00e9 les pr\u00e9sents \u00e0 savourer la galette.<\/p>\n<div align=\"center\">[flgallery id=310 \/]<\/div>\n<h3>Les r\u00e9sultats du tournoi<\/h3>\n<p><img loading=\"lazy\" decoding=\"async\" class=\"aligncenter size-large wp-image-15336\" src=\"http:\/\/www.billard-club-sottevillais.com\/wp-content\/uploads\/2025\/01\/Result-1024x645.jpg\" alt=\"\" width=\"1024\" height=\"645\" srcset=\"http:\/\/www.billard-club-sottevillais.com\/wp-content\/uploads\/2025\/01\/Result-1024x645.jpg 1024w, http:\/\/www.billard-club-sottevillais.com\/wp-content\/uploads\/2025\/01\/Result-300x189.jpg 300w, http:\/\/www.billard-club-sottevillais.com\/wp-content\/uploads\/2025\/01\/Result-768x483.jpg 768w, http:\/\/www.billard-club-sottevillais.com\/wp-content\/uploads\/2025\/01\/Result-1536x967.jpg 1536w, http:\/\/www.billard-club-sottevillais.com\/wp-content\/uploads\/2025\/01\/Result.jpg 1630w\" sizes=\"auto, (max-width: 706px) 89vw, (max-width: 767px) 82vw, 740px\" \/><\/p>\n<p>Notre doyen G\u00e9rard Gu\u00e9ret c&rsquo;est offert le luxe de finir premier de ce tournoi amical. Ne l&rsquo;\u00e9coutez pas quand il dit qu&rsquo;il ne sait plus jouer au billard !<\/p>\n","protected":false},"excerpt":{"rendered":"<p>Samedi 11 janvier, le Billard Club Sottevillais a r\u00e9uni ses adh\u00e9rents sur le th\u00e8me de la galette des rois.A partir de 13h, la salle a commenc\u00e9 \u00e0 se remplir, surtout le coin salon qui accueillait l&rsquo;indispensable petit caf\u00e9.Nos adh\u00e9rents \u00e9taient l\u00e0 pour participer \u00e0 un tournoi de billard pas comme les autres. Dans ce tournoi, &hellip; <\/p>\n<p class=\"link-more\"><a href=\"http:\/\/www.billard-club-sottevillais.com\/?page_id=15327\" class=\"more-link\">Continuer la lecture<span class=\"screen-reader-text\"> de &laquo;&nbsp;Galette 2025&nbsp;&raquo;<\/span><\/a><\/p>\n","protected":false},"author":3,"featured_media":0,"parent":0,"menu_order":0,"comment_status":"closed","ping_status":"closed","template":"","meta":{"footnotes":""},"class_list":["post-15327","page","type-page","status-publish","hentry"],"_links":{"self":[{"href":"http:\/\/www.billard-club-sottevillais.com\/index.php?rest_route=\/wp\/v2\/pages\/15327","targetHints":{"allow":["GET"]}}],"collection":[{"href":"http:\/\/www.billard-club-sottevillais.com\/index.php?rest_route=\/wp\/v2\/pages"}],"about":[{"href":"http:\/\/www.billard-club-sottevillais.com\/index.php?rest_route=\/wp\/v2\/types\/page"}],"author":[{"embeddable":true,"href":"http:\/\/www.billard-club-sottevillais.com\/index.php?rest_route=\/wp\/v2\/users\/3"}],"replies":[{"embeddable":true,"href":"http:\/\/www.billard-club-sottevillais.com\/index.php?rest_route=%2Fwp%2Fv2%2Fcomments&post=15327"}],"version-history":[{"count":9,"href":"http:\/\/www.billard-club-sottevillais.com\/index.php?rest_route=\/wp\/v2\/pages\/15327\/revisions"}],"predecessor-version":[{"id":15343,"href":"http:\/\/www.billard-club-sottevillais.com\/index.php?rest_route=\/wp\/v2\/pages\/15327\/revisions\/15343"}],"wp:attachment":[{"href":"http:\/\/www.billard-club-sottevillais.com\/index.php?rest_route=%2Fwp%2Fv2%2Fmedia&parent=15327"}],"curies":[{"name":"wp","href":"https:\/\/api.w.org\/{rel}","templated":true}]}}