{"id":14844,"date":"2024-09-06T09:20:34","date_gmt":"2024-09-06T09:20:34","guid":{"rendered":"http:\/\/www.billard-club-sottevillais.com\/?page_id=14844"},"modified":"2024-11-25T10:32:25","modified_gmt":"2024-11-25T10:32:25","slug":"arcjives-2023-2024","status":"publish","type":"page","link":"http:\/\/www.billard-club-sottevillais.com\/?page_id=14844","title":{"rendered":"Archives 2023 \/ 2024"},"content":{"rendered":"<p>&nbsp;<\/p>\n<h4><a href=\"http:\/\/billardcf.cluster010.ovh.net\/?page_id=14770\">Soir\u00e9e Tac-Tac<\/a><\/h4>\n<p style=\"text-align: justify;\">Le 3 mai 2024, le Billard Club Sottevillais a organis\u00e9 une soir\u00e9e Tac-Tac, un moment de billard et de bon temps.<\/p>\n<p>&nbsp;<\/p>\n<h4><a href=\"http:\/\/billardcf.cluster010.ovh.net\/?page_id=14657\">Visite du Pacific Vapeur Club<\/a><\/h4>\n<p style=\"text-align: justify;\">Le Billard Club Sottevillais a organis\u00e9 une visite du PVC, Alain Rachet \u00e9tait aux manettes.<\/p>\n<p>&nbsp;<\/p>\n<h4><a href=\"http:\/\/billardcf.cluster010.ovh.net\/?page_id=14599\">Soir\u00e9e 5 Quilles<\/a><\/h4>\n<p style=\"text-align: justify;\">Le Billard Club Sottevillais a organis\u00e9 une soir\u00e9e 5 Quilles le 16 f\u00e9vrier, une soir\u00e9e amicale qui a eu du succ\u00e8s.<\/p>\n<p>&nbsp;<\/p>\n<h4><a href=\"http:\/\/billardcf.cluster010.ovh.net\/?page_id=14543\">Galette des rois<\/a><\/h4>\n<p style=\"text-align: justify;\">Le Billard Club Sottevillais a organis\u00e9 sa galette des rois, une manifestation appr\u00e9ci\u00e9e des adh\u00e9rents.<\/p>\n<p>&nbsp;<\/p>\n<h4><a href=\"http:\/\/billardcf.cluster010.ovh.net\/?page_id=01\">Soir\u00e9e Beaujolais<\/a><\/h4>\n<p style=\"text-align: justify;\">En cette fin du mois de novembre nos adh\u00e9rents se sont retrouv\u00e9s pour le beaujolais nouveau.<\/p>\n<p>&nbsp;<\/p>\n<h4><a href=\"http:\/\/billardcf.cluster010.ovh.net\/?page_id=14314\">Soir\u00e9e 5 Quilles<\/a><\/h4>\n<p style=\"text-align: justify;\">Le Billard Club Sottevillais a organis\u00e9 une soir\u00e9e 5 Quilles le 27 octobre, cette formule attire toujours du monde<\/p>\n<p>&nbsp;<\/p>\n<h4><a href=\"http:\/\/billardcf.cluster010.ovh.net\/?page_id=14201\">Le BCS a 50 ans<\/a><\/h4>\n<p style=\"text-align: justify;\">Le Billard Club Sottevillais a f\u00eat\u00e9 ses 50 ans, un public nombreux \u00e9tait pr\u00e9sent<\/p>\n<p>&nbsp;<\/p>\n<h4><a href=\"http:\/\/billardcf.cluster010.ovh.net\/?page_id=14137\">Assembl\u00e9e G\u00e9n\u00e9rale 2023<\/a><\/h4>\n<p style=\"text-align: justify;\">Le Billard Club Sottevillais a organis\u00e9 son Assembl\u00e9e G\u00e9n\u00e9rale le 24 juin 2023 avec une tr\u00e8s bonne participation.<\/p>\n<p>&nbsp;<\/p>\n","protected":false},"excerpt":{"rendered":"<p>&nbsp; Soir\u00e9e Tac-Tac Le 3 mai 2024, le Billard Club Sottevillais a organis\u00e9 une soir\u00e9e Tac-Tac, un moment de billard et de bon temps. &nbsp; Visite du Pacific Vapeur Club Le Billard Club Sottevillais a organis\u00e9 une visite du PVC, Alain Rachet \u00e9tait aux manettes. &nbsp; Soir\u00e9e 5 Quilles Le Billard Club Sottevillais a organis\u00e9 &hellip; <\/p>\n<p class=\"link-more\"><a href=\"http:\/\/www.billard-club-sottevillais.com\/?page_id=14844\" class=\"more-link\">Continuer la lecture<span class=\"screen-reader-text\"> de &laquo;&nbsp;Archives 2023 \/ 2024&nbsp;&raquo;<\/span><\/a><\/p>\n","protected":false},"author":3,"featured_media":0,"parent":0,"menu_order":0,"comment_status":"closed","ping_status":"closed","template":"","meta":{"footnotes":""},"class_list":["post-14844","page","type-page","status-publish","hentry"],"_links":{"self":[{"href":"http:\/\/www.billard-club-sottevillais.com\/index.php?rest_route=\/wp\/v2\/pages\/14844","targetHints":{"allow":["GET"]}}],"collection":[{"href":"http:\/\/www.billard-club-sottevillais.com\/index.php?rest_route=\/wp\/v2\/pages"}],"about":[{"href":"http:\/\/www.billard-club-sottevillais.com\/index.php?rest_route=\/wp\/v2\/types\/page"}],"author":[{"embeddable":true,"href":"http:\/\/www.billard-club-sottevillais.com\/index.php?rest_route=\/wp\/v2\/users\/3"}],"replies":[{"embeddable":true,"href":"http:\/\/www.billard-club-sottevillais.com\/index.php?rest_route=%2Fwp%2Fv2%2Fcomments&post=14844"}],"version-history":[{"count":4,"href":"http:\/\/www.billard-club-sottevillais.com\/index.php?rest_route=\/wp\/v2\/pages\/14844\/revisions"}],"predecessor-version":[{"id":15173,"href":"http:\/\/www.billard-club-sottevillais.com\/index.php?rest_route=\/wp\/v2\/pages\/14844\/revisions\/15173"}],"wp:attachment":[{"href":"http:\/\/www.billard-club-sottevillais.com\/index.php?rest_route=%2Fwp%2Fv2%2Fmedia&parent=14844"}],"curies":[{"name":"wp","href":"https:\/\/api.w.org\/{rel}","templated":true}]}}