{"id":14641,"date":"2024-03-10T17:43:43","date_gmt":"2024-03-10T17:43:43","guid":{"rendered":"http:\/\/www.billard-club-sottevillais.com\/?page_id=14641"},"modified":"2024-03-10T17:44:23","modified_gmt":"2024-03-10T17:44:23","slug":"bande-r2-finale-departementale-du-10-mars-2024","status":"publish","type":"page","link":"http:\/\/www.billard-club-sottevillais.com\/?page_id=14641","title":{"rendered":"BANDE R2 &#8211; Finale D\u00e9partementale du 10 Mars 2024"},"content":{"rendered":"<p style=\"text-align: justify;\">R\u00e9sultats des Tournois, vous trouverez ici toutes les informations concernant les rencontres sportives auxquelles participe le Billard Club Sottevillais.<\/p>\n<p style=\"text-align: center;\"><!--more--><\/p>\n<p><img loading=\"lazy\" decoding=\"async\" class=\"aligncenter size-full wp-image-59\" title=\"sport\" src=\"http:\/\/billardcf.cluster010.ovh.net\/wp-content\/uploads\/2011\/07\/sport.jpg\" alt=\"\" width=\"231\" height=\"116\" \/><\/p>\n<h2>\u00a0<\/h2>\n<p style=\"text-align: justify;\">La finale d\u00e9partementale de Bande R2 s&rsquo;est d\u00e9roul\u00e9e le 10 Mars 2024 au Havre. Michel Guillaume repr\u00e9sentait le BCS pour cette finale \u00e0 4 joueurs.<\/p>\n<p>Avec 3 d\u00e9faites, Michel termine 4\u00e8me.<\/p>\n<p>Claude Davitti de Oissel en gagnant deux matchs avec deux points de bonus termine 1er. Il est champion d\u00e9partemental.<\/p>\n<p style=\"text-align: center;\"><img loading=\"lazy\" decoding=\"async\" class=\"aligncenter wp-image-14645\" src=\"http:\/\/www.billard-club-sottevillais.com\/wp-content\/uploads\/2024\/03\/FM_Finale-Comite_BANDE-R2_10-03-2024_LE-HAVRE-1024x724.jpg\" alt=\"\" width=\"750\" height=\"530\" srcset=\"http:\/\/www.billard-club-sottevillais.com\/wp-content\/uploads\/2024\/03\/FM_Finale-Comite_BANDE-R2_10-03-2024_LE-HAVRE-1024x724.jpg 1024w, http:\/\/www.billard-club-sottevillais.com\/wp-content\/uploads\/2024\/03\/FM_Finale-Comite_BANDE-R2_10-03-2024_LE-HAVRE-300x212.jpg 300w, http:\/\/www.billard-club-sottevillais.com\/wp-content\/uploads\/2024\/03\/FM_Finale-Comite_BANDE-R2_10-03-2024_LE-HAVRE-768x543.jpg 768w, http:\/\/www.billard-club-sottevillais.com\/wp-content\/uploads\/2024\/03\/FM_Finale-Comite_BANDE-R2_10-03-2024_LE-HAVRE-1536x1086.jpg 1536w, http:\/\/www.billard-club-sottevillais.com\/wp-content\/uploads\/2024\/03\/FM_Finale-Comite_BANDE-R2_10-03-2024_LE-HAVRE-rotated.jpg 1754w\" sizes=\"auto, (max-width: 706px) 89vw, (max-width: 767px) 82vw, 740px\" \/><\/p>\n<h4 style=\"padding-left: 30px;\">Le Pdf ici :<a href=\"http:\/\/www.billard-club-sottevillais.com\/wp-content\/uploads\/2024\/03\/FM_Finale-Comite_BANDE-R2_10-03-2024_LE-HAVRE.pdf\" data-wplink-edit=\"true\">FM_Finale Comit\u00e9_BANDE R2_10-03-2024_LE HAVRE<\/a><\/h4>\n\n\n<p><\/p>\n","protected":false},"excerpt":{"rendered":"<p>R\u00e9sultats des Tournois, vous trouverez ici toutes les informations concernant les rencontres sportives auxquelles participe le Billard Club Sottevillais.<\/p>\n","protected":false},"author":7,"featured_media":0,"parent":0,"menu_order":0,"comment_status":"closed","ping_status":"closed","template":"","meta":{"footnotes":""},"class_list":["post-14641","page","type-page","status-publish","hentry"],"_links":{"self":[{"href":"http:\/\/www.billard-club-sottevillais.com\/index.php?rest_route=\/wp\/v2\/pages\/14641","targetHints":{"allow":["GET"]}}],"collection":[{"href":"http:\/\/www.billard-club-sottevillais.com\/index.php?rest_route=\/wp\/v2\/pages"}],"about":[{"href":"http:\/\/www.billard-club-sottevillais.com\/index.php?rest_route=\/wp\/v2\/types\/page"}],"author":[{"embeddable":true,"href":"http:\/\/www.billard-club-sottevillais.com\/index.php?rest_route=\/wp\/v2\/users\/7"}],"replies":[{"embeddable":true,"href":"http:\/\/www.billard-club-sottevillais.com\/index.php?rest_route=%2Fwp%2Fv2%2Fcomments&post=14641"}],"version-history":[{"count":3,"href":"http:\/\/www.billard-club-sottevillais.com\/index.php?rest_route=\/wp\/v2\/pages\/14641\/revisions"}],"predecessor-version":[{"id":14648,"href":"http:\/\/www.billard-club-sottevillais.com\/index.php?rest_route=\/wp\/v2\/pages\/14641\/revisions\/14648"}],"wp:attachment":[{"href":"http:\/\/www.billard-club-sottevillais.com\/index.php?rest_route=%2Fwp%2Fv2%2Fmedia&parent=14641"}],"curies":[{"name":"wp","href":"https:\/\/api.w.org\/{rel}","templated":true}]}}