{"id":14570,"date":"2024-02-11T20:17:37","date_gmt":"2024-02-11T20:17:37","guid":{"rendered":"http:\/\/www.billard-club-sottevillais.com\/?page_id=14570"},"modified":"2024-02-18T18:53:38","modified_gmt":"2024-02-18T18:53:38","slug":"libre-r3-t3-11-fevrier-2024","status":"publish","type":"page","link":"http:\/\/www.billard-club-sottevillais.com\/?page_id=14570","title":{"rendered":"Libre R3 T3 &#8211; 11 F\u00e9vrier 2024"},"content":{"rendered":"<p style=\"text-align: justify;\">R\u00e9sultats des Tournois, vous trouverez ici toutes les informations concernant les rencontres sportives auxquelles participe le Billard Club Sottevillais.<\/p>\n<p style=\"text-align: center;\"><!--more--><img loading=\"lazy\" decoding=\"async\" class=\"aligncenter size-full wp-image-59\" title=\"sport\" src=\"http:\/\/billardcf.cluster010.ovh.net\/wp-content\/uploads\/2011\/07\/sport.jpg\" alt=\"\" width=\"231\" height=\"116\" \/><\/p>\n<p style=\"text-align: justify;\">Le 3\u00e8me tour de libre R3 s&rsquo;est d\u00e9roul\u00e9 le 11 F\u00e9vrier 2024. Les joueurs de R3 \u00e9taient repartis en 3 poules. Tous les joueurs d&rsquo;une m\u00eame poule se rencontrent. Pascal Ippolito \u00e9tait \u00e0 Oissel et Alain Rachet repr\u00e9sentait le club \u00e0 Cany-Barville.<\/p>\n<p>A Cany, tous les joueurs remportent 2 matchs chacun, ils sont donc d\u00e9partag\u00e9s \u00e0 la moyenne. Alain prend la 4\u00e8me place.<br \/>\nPhilippe Lebourgeois de Rouen remporte ce tour.<\/p>\n<p>A Oissel, Pascal gagne 2 matchs. Il termine 5\u00e8me. Laurent Miga de Oissel remporte ce tour<\/p>\n<p><em>A Cany :<\/em><img loading=\"lazy\" decoding=\"async\" class=\"aligncenter wp-image-14571\" src=\"http:\/\/www.billard-club-sottevillais.com\/wp-content\/uploads\/2024\/02\/T3_LIBRE-R3_11-02-2024_CANY-BARVILLE-1024x724.jpg\" alt=\"\" width=\"750\" height=\"530\" srcset=\"http:\/\/www.billard-club-sottevillais.com\/wp-content\/uploads\/2024\/02\/T3_LIBRE-R3_11-02-2024_CANY-BARVILLE-1024x724.jpg 1024w, http:\/\/www.billard-club-sottevillais.com\/wp-content\/uploads\/2024\/02\/T3_LIBRE-R3_11-02-2024_CANY-BARVILLE-300x212.jpg 300w, http:\/\/www.billard-club-sottevillais.com\/wp-content\/uploads\/2024\/02\/T3_LIBRE-R3_11-02-2024_CANY-BARVILLE-768x543.jpg 768w, http:\/\/www.billard-club-sottevillais.com\/wp-content\/uploads\/2024\/02\/T3_LIBRE-R3_11-02-2024_CANY-BARVILLE-1536x1086.jpg 1536w, http:\/\/www.billard-club-sottevillais.com\/wp-content\/uploads\/2024\/02\/T3_LIBRE-R3_11-02-2024_CANY-BARVILLE-rotated.jpg 1754w\" sizes=\"auto, (max-width: 706px) 89vw, (max-width: 767px) 82vw, 740px\" \/><\/p>\n<p><em>A Oissel :<br \/>\n<\/em><\/p>\n<p><img loading=\"lazy\" decoding=\"async\" class=\"aligncenter wp-image-14586\" src=\"http:\/\/www.billard-club-sottevillais.com\/wp-content\/uploads\/2024\/02\/FM_T3_LIBRE-R3_11-02-2024_OISSEL-1024x724.jpg\" alt=\"\" width=\"750\" height=\"530\" srcset=\"http:\/\/www.billard-club-sottevillais.com\/wp-content\/uploads\/2024\/02\/FM_T3_LIBRE-R3_11-02-2024_OISSEL-1024x724.jpg 1024w, http:\/\/www.billard-club-sottevillais.com\/wp-content\/uploads\/2024\/02\/FM_T3_LIBRE-R3_11-02-2024_OISSEL-300x212.jpg 300w, http:\/\/www.billard-club-sottevillais.com\/wp-content\/uploads\/2024\/02\/FM_T3_LIBRE-R3_11-02-2024_OISSEL-768x543.jpg 768w, http:\/\/www.billard-club-sottevillais.com\/wp-content\/uploads\/2024\/02\/FM_T3_LIBRE-R3_11-02-2024_OISSEL-1536x1086.jpg 1536w, http:\/\/www.billard-club-sottevillais.com\/wp-content\/uploads\/2024\/02\/FM_T3_LIBRE-R3_11-02-2024_OISSEL-rotated.jpg 1754w\" sizes=\"auto, (max-width: 706px) 89vw, (max-width: 767px) 82vw, 740px\" \/><\/p>\n<h4 style=\"padding-left: 30px;\">Le pdf ici :<a href=\"http:\/\/www.billard-club-sottevillais.com\/wp-content\/uploads\/2024\/02\/T3_LIBRE-R3_11-02-2024_CANY-BARVILLE.pdf\">T3_LIBRE R3_11-02-2024_CANY BARVILLE<\/a><\/h4>\n<h4 style=\"padding-left: 30px;\">Le pdf ici :<a href=\"http:\/\/www.billard-club-sottevillais.com\/wp-content\/uploads\/2024\/02\/FM_T3_LIBRE-R3_11-02-2024_OISSEL.pdf\">FM_T3_LIBRE R3_11-02-2024_OISSEL<\/a><\/h4>\n","protected":false},"excerpt":{"rendered":"<p>R\u00e9sultats des Tournois, vous trouverez ici toutes les informations concernant les rencontres sportives auxquelles participe le Billard Club Sottevillais.<\/p>\n","protected":false},"author":7,"featured_media":0,"parent":0,"menu_order":0,"comment_status":"closed","ping_status":"closed","template":"","meta":{"footnotes":""},"class_list":["post-14570","page","type-page","status-publish","hentry"],"_links":{"self":[{"href":"http:\/\/www.billard-club-sottevillais.com\/index.php?rest_route=\/wp\/v2\/pages\/14570","targetHints":{"allow":["GET"]}}],"collection":[{"href":"http:\/\/www.billard-club-sottevillais.com\/index.php?rest_route=\/wp\/v2\/pages"}],"about":[{"href":"http:\/\/www.billard-club-sottevillais.com\/index.php?rest_route=\/wp\/v2\/types\/page"}],"author":[{"embeddable":true,"href":"http:\/\/www.billard-club-sottevillais.com\/index.php?rest_route=\/wp\/v2\/users\/7"}],"replies":[{"embeddable":true,"href":"http:\/\/www.billard-club-sottevillais.com\/index.php?rest_route=%2Fwp%2Fv2%2Fcomments&post=14570"}],"version-history":[{"count":3,"href":"http:\/\/www.billard-club-sottevillais.com\/index.php?rest_route=\/wp\/v2\/pages\/14570\/revisions"}],"predecessor-version":[{"id":14588,"href":"http:\/\/www.billard-club-sottevillais.com\/index.php?rest_route=\/wp\/v2\/pages\/14570\/revisions\/14588"}],"wp:attachment":[{"href":"http:\/\/www.billard-club-sottevillais.com\/index.php?rest_route=%2Fwp%2Fv2%2Fmedia&parent=14570"}],"curies":[{"name":"wp","href":"https:\/\/api.w.org\/{rel}","templated":true}]}}