{"id":14280,"date":"2023-10-22T17:57:30","date_gmt":"2023-10-22T17:57:30","guid":{"rendered":"http:\/\/www.billard-club-sottevillais.com\/?page_id=14280"},"modified":"2023-10-22T17:57:30","modified_gmt":"2023-10-22T17:57:30","slug":"libre-r1-t1-22-octobre-2023","status":"publish","type":"page","link":"http:\/\/www.billard-club-sottevillais.com\/?page_id=14280","title":{"rendered":"Libre R1  T1 &#8211; 22 octobre 2023"},"content":{"rendered":"<p style=\"text-align: justify;\">R\u00e9sultats des Tournois, vous trouverez ici toutes les informations concernant les rencontres sportives auxquelles participe le Billard Club Sottevillais.<\/p>\n<p style=\"text-align: center;\"><!--more--><img loading=\"lazy\" decoding=\"async\" class=\"aligncenter size-full wp-image-59\" title=\"sport\" src=\"http:\/\/billardcf.cluster010.ovh.net\/wp-content\/uploads\/2011\/07\/sport.jpg\" alt=\"\" width=\"231\" height=\"116\" \/><\/p>\n<p style=\"text-align: justify;\">Le 1er tour de libre R1 s&rsquo;est d\u00e9roul\u00e9 le 22 Octobre 2023. Les joueurs de R1 \u00e9taient repartis en 2 poules. Tous les joueurs d&rsquo;une m\u00eame poule se rencontrent. Bruno Pierrel repr\u00e9sentait le club \u00e0 Oissel dans un tour \u00e0 6.<\/p>\n<p>Bruno gagne 3 matchs avec 2pts de bonus. Il termine 2\u00e8me derri\u00e8re Laurent Lefebvre de Oissel qui remporte tous ses matchs.<\/p>\n<p style=\"text-align: justify;\">\n<p style=\"text-align: justify;\"><img loading=\"lazy\" decoding=\"async\" class=\"aligncenter wp-image-14281\" src=\"http:\/\/www.billard-club-sottevillais.com\/wp-content\/uploads\/2023\/10\/T-1-Libre-R1-OISSEL-22-10-23-1024x724.jpg\" alt=\"\" width=\"750\" height=\"530\" srcset=\"http:\/\/www.billard-club-sottevillais.com\/wp-content\/uploads\/2023\/10\/T-1-Libre-R1-OISSEL-22-10-23-1024x724.jpg 1024w, http:\/\/www.billard-club-sottevillais.com\/wp-content\/uploads\/2023\/10\/T-1-Libre-R1-OISSEL-22-10-23-300x212.jpg 300w, http:\/\/www.billard-club-sottevillais.com\/wp-content\/uploads\/2023\/10\/T-1-Libre-R1-OISSEL-22-10-23-768x543.jpg 768w, http:\/\/www.billard-club-sottevillais.com\/wp-content\/uploads\/2023\/10\/T-1-Libre-R1-OISSEL-22-10-23-1536x1086.jpg 1536w, http:\/\/www.billard-club-sottevillais.com\/wp-content\/uploads\/2023\/10\/T-1-Libre-R1-OISSEL-22-10-23-rotated.jpg 1754w\" sizes=\"auto, (max-width: 706px) 89vw, (max-width: 767px) 82vw, 740px\" \/><\/p>\n<h4 style=\"padding-left: 30px;\">Le pdf ici :<a href=\"http:\/\/www.billard-club-sottevillais.com\/wp-content\/uploads\/2023\/10\/T-1-Libre-R1-OISSEL-22-10-23.pdf\" data-wplink-edit=\"true\">T 1 Libre R1 OISSEL 22-10-23<\/a><\/h4>\n","protected":false},"excerpt":{"rendered":"<p>R\u00e9sultats des Tournois, vous trouverez ici toutes les informations concernant les rencontres sportives auxquelles participe le Billard Club Sottevillais.<\/p>\n","protected":false},"author":7,"featured_media":0,"parent":0,"menu_order":0,"comment_status":"closed","ping_status":"closed","template":"","meta":{"footnotes":""},"class_list":["post-14280","page","type-page","status-publish","hentry"],"_links":{"self":[{"href":"http:\/\/www.billard-club-sottevillais.com\/index.php?rest_route=\/wp\/v2\/pages\/14280","targetHints":{"allow":["GET"]}}],"collection":[{"href":"http:\/\/www.billard-club-sottevillais.com\/index.php?rest_route=\/wp\/v2\/pages"}],"about":[{"href":"http:\/\/www.billard-club-sottevillais.com\/index.php?rest_route=\/wp\/v2\/types\/page"}],"author":[{"embeddable":true,"href":"http:\/\/www.billard-club-sottevillais.com\/index.php?rest_route=\/wp\/v2\/users\/7"}],"replies":[{"embeddable":true,"href":"http:\/\/www.billard-club-sottevillais.com\/index.php?rest_route=%2Fwp%2Fv2%2Fcomments&post=14280"}],"version-history":[{"count":1,"href":"http:\/\/www.billard-club-sottevillais.com\/index.php?rest_route=\/wp\/v2\/pages\/14280\/revisions"}],"predecessor-version":[{"id":14283,"href":"http:\/\/www.billard-club-sottevillais.com\/index.php?rest_route=\/wp\/v2\/pages\/14280\/revisions\/14283"}],"wp:attachment":[{"href":"http:\/\/www.billard-club-sottevillais.com\/index.php?rest_route=%2Fwp%2Fv2%2Fmedia&parent=14280"}],"curies":[{"name":"wp","href":"https:\/\/api.w.org\/{rel}","templated":true}]}}