{"id":14184,"date":"2023-09-25T16:43:15","date_gmt":"2023-09-25T16:43:15","guid":{"rendered":"http:\/\/www.billard-club-sottevillais.com\/?page_id=14184"},"modified":"2023-11-24T14:40:42","modified_gmt":"2023-11-24T14:40:42","slug":"archives-saison-2022-2023","status":"publish","type":"page","link":"http:\/\/www.billard-club-sottevillais.com\/?page_id=14184","title":{"rendered":"Archives saison 2022\/2023"},"content":{"rendered":"<h4><a href=\"http:\/\/billardcf.cluster010.ovh.net\/?page_id=13247\">Soir\u00e9e Tac-Tac<\/a><\/h4>\n<p style=\"text-align: justify;\">Le Billard Club Sottevillais a organis\u00e9 une soir\u00e9e Tac-Tac le vendredi 8 avril 2022.<\/p>\n<p>&nbsp;<\/p>\n<h4><a href=\"http:\/\/billardcf.cluster010.ovh.net\/?page_id=13966\">Soir\u00e9e P\u00e9tanque<\/a><\/h4>\n<p style=\"text-align: justify;\">Le Billard Club Sottevillais a organis\u00e9 pour ses adh\u00e9rents une soir\u00e9e P\u00e9tanque. Nous pouvions accueillir 16 joueurs, nous avons fait la plein.<\/p>\n<p>&nbsp;<\/p>\n<h4><a href=\"http:\/\/billardcf.cluster010.ovh.net\/?page_id=13753\">La galette &#8211; 7 Janvier 2023<\/a><\/h4>\n<p style=\"text-align: justify;\">De retour au billard, la galette a connu une forte participation.<\/p>\n<p>&nbsp;<\/p>\n<h4><a href=\"http:\/\/billardcf.cluster010.ovh.net\/?page_id=13682\">Soir\u00e9e 5 quilles &#8211; 16 D\u00e9cembre 2022<\/a><\/h4>\n<p style=\"text-align: justify;\">Le 16 d\u00e9cembre, le BCS a organis\u00e9 une soir\u00e9e 5 quilles. Une petite vingtaine de joueurs \u00e9tait au rendez-vous.<\/p>\n<p>&nbsp;<\/p>\n<h4><a href=\"http:\/\/billardcf.cluster010.ovh.net\/?page_id=13624\">Soir\u00e9e Beaujolais 2022<\/a><\/h4>\n<p style=\"text-align: justify;\">Le 18 novembre, le BCS a organis\u00e9 la soir\u00e9e Beaujolais. Une belle manifestation avec un public nombreux.<\/p>\n<p>&nbsp;<\/p>\n<h4><a href=\"http:\/\/billardcf.cluster010.ovh.net\/?page_id=13497\">Soir\u00e9e Tac-Tac 10-2022<\/a><\/h4>\n<p style=\"text-align: justify;\">Le 28 octobre, le BCS a organis\u00e9 une soir\u00e9e Tac-Tac, la premi\u00e8re depuis le d\u00e9but de saison.<\/p>\n<p>&nbsp;<\/p>\n<h4><a href=\"http:\/\/billardcf.cluster010.ovh.net\/?page_id=13322\">Assembl\u00e9e G\u00e9n\u00e9rale 2022<\/a><\/h4>\n<p style=\"text-align: justify;\">Le 11 juin, le BCS a r\u00e9uni son Assembl\u00e9e G\u00e9n\u00e9rale. Les adh\u00e9rents nombreux ont adopt\u00e9 \u00e0 l&rsquo;unanimit\u00e9, la politique propos\u00e9e pour la saison 2022\/2023<\/p>\n","protected":false},"excerpt":{"rendered":"<p>Soir\u00e9e Tac-Tac Le Billard Club Sottevillais a organis\u00e9 une soir\u00e9e Tac-Tac le vendredi 8 avril 2022. &nbsp; Soir\u00e9e P\u00e9tanque Le Billard Club Sottevillais a organis\u00e9 pour ses adh\u00e9rents une soir\u00e9e P\u00e9tanque. Nous pouvions accueillir 16 joueurs, nous avons fait la plein. &nbsp; La galette &#8211; 7 Janvier 2023 De retour au billard, la galette a &hellip; <\/p>\n<p class=\"link-more\"><a href=\"http:\/\/www.billard-club-sottevillais.com\/?page_id=14184\" class=\"more-link\">Continuer la lecture<span class=\"screen-reader-text\"> de &laquo;&nbsp;Archives saison 2022\/2023&nbsp;&raquo;<\/span><\/a><\/p>\n","protected":false},"author":3,"featured_media":0,"parent":0,"menu_order":0,"comment_status":"closed","ping_status":"closed","template":"","meta":{"footnotes":""},"class_list":["post-14184","page","type-page","status-publish","hentry"],"_links":{"self":[{"href":"http:\/\/www.billard-club-sottevillais.com\/index.php?rest_route=\/wp\/v2\/pages\/14184","targetHints":{"allow":["GET"]}}],"collection":[{"href":"http:\/\/www.billard-club-sottevillais.com\/index.php?rest_route=\/wp\/v2\/pages"}],"about":[{"href":"http:\/\/www.billard-club-sottevillais.com\/index.php?rest_route=\/wp\/v2\/types\/page"}],"author":[{"embeddable":true,"href":"http:\/\/www.billard-club-sottevillais.com\/index.php?rest_route=\/wp\/v2\/users\/3"}],"replies":[{"embeddable":true,"href":"http:\/\/www.billard-club-sottevillais.com\/index.php?rest_route=%2Fwp%2Fv2%2Fcomments&post=14184"}],"version-history":[{"count":5,"href":"http:\/\/www.billard-club-sottevillais.com\/index.php?rest_route=\/wp\/v2\/pages\/14184\/revisions"}],"predecessor-version":[{"id":14413,"href":"http:\/\/www.billard-club-sottevillais.com\/index.php?rest_route=\/wp\/v2\/pages\/14184\/revisions\/14413"}],"wp:attachment":[{"href":"http:\/\/www.billard-club-sottevillais.com\/index.php?rest_route=%2Fwp%2Fv2%2Fmedia&parent=14184"}],"curies":[{"name":"wp","href":"https:\/\/api.w.org\/{rel}","templated":true}]}}