{"id":13721,"date":"2023-01-08T18:57:07","date_gmt":"2023-01-08T18:57:07","guid":{"rendered":"http:\/\/www.billard-club-sottevillais.com\/?page_id=13721"},"modified":"2023-01-09T19:34:53","modified_gmt":"2023-01-09T19:34:53","slug":"libre-r3-t2-08-janvier-2023","status":"publish","type":"page","link":"http:\/\/www.billard-club-sottevillais.com\/?page_id=13721","title":{"rendered":"Libre R3 T2 &#8211; 08 Janvier 2023"},"content":{"rendered":"<p style=\"text-align: justify;\">R\u00e9sultats des Tournois, vous trouverez ici toutes les informations concernant les rencontres sportives auxquelles participe le Billard Club Sottevillais.<\/p>\n<p style=\"text-align: center;\"><!--more--><img loading=\"lazy\" decoding=\"async\" class=\"aligncenter size-full wp-image-59\" title=\"sport\" src=\"http:\/\/billardcf.cluster010.ovh.net\/wp-content\/uploads\/2011\/07\/sport.jpg\" alt=\"\" width=\"231\" height=\"116\" \/><\/p>\n<p style=\"text-align: justify;\">Le 2\u00e8me tour de libre R3 s&rsquo;est d\u00e9roul\u00e9 le 08 Janvier 2023. Alain Rachet et Thierry Rohart jouaient \u00e0 F\u00e9camp dans un tour \u00e0 9 joueurs.<\/p>\n<p style=\"text-align: justify;\">Thierry termine 4\u00e8me et Alain 2\u00e8me. Didier Verdrel de St Nicolas d&rsquo;aliermont remporte ce tour.<\/p>\n<p style=\"text-align: center;\">\n<p style=\"text-align: left;\"><em><img loading=\"lazy\" decoding=\"async\" class=\"aligncenter size-large wp-image-13741\" src=\"http:\/\/www.billard-club-sottevillais.com\/wp-content\/uploads\/2023\/01\/Libre-R3-T2-Fecamp-08-01-20231-724x1024.jpg\" alt=\"\" width=\"525\" height=\"743\" srcset=\"http:\/\/www.billard-club-sottevillais.com\/wp-content\/uploads\/2023\/01\/Libre-R3-T2-Fecamp-08-01-20231-724x1024.jpg 724w, http:\/\/www.billard-club-sottevillais.com\/wp-content\/uploads\/2023\/01\/Libre-R3-T2-Fecamp-08-01-20231-212x300.jpg 212w, http:\/\/www.billard-club-sottevillais.com\/wp-content\/uploads\/2023\/01\/Libre-R3-T2-Fecamp-08-01-20231-768x1086.jpg 768w, http:\/\/www.billard-club-sottevillais.com\/wp-content\/uploads\/2023\/01\/Libre-R3-T2-Fecamp-08-01-20231-1086x1536.jpg 1086w, http:\/\/www.billard-club-sottevillais.com\/wp-content\/uploads\/2023\/01\/Libre-R3-T2-Fecamp-08-01-20231.jpg 1240w\" sizes=\"auto, (max-width: 525px) 100vw, 525px\" \/> <img loading=\"lazy\" decoding=\"async\" class=\"aligncenter size-large wp-image-13742\" src=\"http:\/\/www.billard-club-sottevillais.com\/wp-content\/uploads\/2023\/01\/Libre-R3-T2-Fecamp-08-01-20232-724x1024.jpg\" alt=\"\" width=\"525\" height=\"743\" srcset=\"http:\/\/www.billard-club-sottevillais.com\/wp-content\/uploads\/2023\/01\/Libre-R3-T2-Fecamp-08-01-20232-724x1024.jpg 724w, http:\/\/www.billard-club-sottevillais.com\/wp-content\/uploads\/2023\/01\/Libre-R3-T2-Fecamp-08-01-20232-212x300.jpg 212w, http:\/\/www.billard-club-sottevillais.com\/wp-content\/uploads\/2023\/01\/Libre-R3-T2-Fecamp-08-01-20232-768x1086.jpg 768w, http:\/\/www.billard-club-sottevillais.com\/wp-content\/uploads\/2023\/01\/Libre-R3-T2-Fecamp-08-01-20232-1086x1536.jpg 1086w, http:\/\/www.billard-club-sottevillais.com\/wp-content\/uploads\/2023\/01\/Libre-R3-T2-Fecamp-08-01-20232.jpg 1240w\" sizes=\"auto, (max-width: 525px) 100vw, 525px\" \/> <\/em><\/p>\n<h4 style=\"padding-left: 30px;\">Le pdf ici : <em><a href=\"http:\/\/www.billard-club-sottevillais.com\/wp-content\/uploads\/2023\/01\/Libre-R3-T2-Fecamp-08-01-2023.pdf\" target=\"_blank\" rel=\"noopener\">Libre R3 T2 F\u00e9camp 08 01 2023<\/a><\/em><\/h4>\n","protected":false},"excerpt":{"rendered":"<p>R\u00e9sultats des Tournois, vous trouverez ici toutes les informations concernant les rencontres sportives auxquelles participe le Billard Club Sottevillais.<\/p>\n","protected":false},"author":7,"featured_media":0,"parent":0,"menu_order":0,"comment_status":"closed","ping_status":"closed","template":"","meta":{"footnotes":""},"class_list":["post-13721","page","type-page","status-publish","hentry"],"_links":{"self":[{"href":"http:\/\/www.billard-club-sottevillais.com\/index.php?rest_route=\/wp\/v2\/pages\/13721","targetHints":{"allow":["GET"]}}],"collection":[{"href":"http:\/\/www.billard-club-sottevillais.com\/index.php?rest_route=\/wp\/v2\/pages"}],"about":[{"href":"http:\/\/www.billard-club-sottevillais.com\/index.php?rest_route=\/wp\/v2\/types\/page"}],"author":[{"embeddable":true,"href":"http:\/\/www.billard-club-sottevillais.com\/index.php?rest_route=\/wp\/v2\/users\/7"}],"replies":[{"embeddable":true,"href":"http:\/\/www.billard-club-sottevillais.com\/index.php?rest_route=%2Fwp%2Fv2%2Fcomments&post=13721"}],"version-history":[{"count":3,"href":"http:\/\/www.billard-club-sottevillais.com\/index.php?rest_route=\/wp\/v2\/pages\/13721\/revisions"}],"predecessor-version":[{"id":13744,"href":"http:\/\/www.billard-club-sottevillais.com\/index.php?rest_route=\/wp\/v2\/pages\/13721\/revisions\/13744"}],"wp:attachment":[{"href":"http:\/\/www.billard-club-sottevillais.com\/index.php?rest_route=%2Fwp%2Fv2%2Fmedia&parent=13721"}],"curies":[{"name":"wp","href":"https:\/\/api.w.org\/{rel}","templated":true}]}}