{"id":13554,"date":"2022-11-14T17:52:09","date_gmt":"2022-11-14T17:52:09","guid":{"rendered":"http:\/\/www.billard-club-sottevillais.com\/?page_id=13554"},"modified":"2022-11-20T21:21:30","modified_gmt":"2022-11-20T21:21:30","slug":"libre-r4-t1-13-novembre-2022","status":"publish","type":"page","link":"http:\/\/www.billard-club-sottevillais.com\/?page_id=13554","title":{"rendered":"Libre R4 T1 &#8211; 13 Novembre 2022"},"content":{"rendered":"<p style=\"text-align: justify;\">R\u00e9sultats des Tournois, vous trouverez ici toutes les informations concernant les rencontres sportives auxquelles participe le Billard Club Sottevillais.<\/p>\n<p style=\"text-align: center;\"><!--more--><img loading=\"lazy\" decoding=\"async\" class=\"aligncenter size-full wp-image-59\" title=\"sport\" src=\"http:\/\/billardcf.cluster010.ovh.net\/wp-content\/uploads\/2011\/07\/sport.jpg\" alt=\"\" width=\"231\" height=\"116\" \/><\/p>\n<p style=\"text-align: justify;\">Le 1er tour de libre R4 s&rsquo;est d\u00e9roul\u00e9 le 13 Novembre 2022 \u00e0 F\u00e9camp et \u00e0 Cany-Barville. Michel Guillaume, S\u00e9bastien Hid\u00e9e et Serge Petit \u00e9taient \u00e0 F\u00e9camp pour un tour \u00e0 4 joueurs. Dans le m\u00eame temps, Xavier Sauvage repr\u00e9sentait le BCS \u00e0 Cany-Barville dans un tour \u00e0 9 joueurs.<\/p>\n<p>A F\u00e9camp, S\u00e9bastien termine 4\u00e8me, Serge 2\u00e8me et Michel 1er.<\/p>\n<p style=\"text-align: justify;\">A Cany-Barville, Xavier prend la 6\u00e8me place.\u00a0 Cedric Chevalier de Rouen termine 1er.<\/p>\n<p style=\"text-align: justify;\"><em>A F\u00e9camp,<\/em><\/p>\n<p><img loading=\"lazy\" decoding=\"async\" class=\"aligncenter wp-image-13614\" src=\"http:\/\/www.billard-club-sottevillais.com\/wp-content\/uploads\/2022\/11\/Libre-R4-T1-13-Novembre-2022-1024x724.jpg\" alt=\"\" width=\"750\" height=\"530\" srcset=\"http:\/\/www.billard-club-sottevillais.com\/wp-content\/uploads\/2022\/11\/Libre-R4-T1-13-Novembre-2022-1024x724.jpg 1024w, http:\/\/www.billard-club-sottevillais.com\/wp-content\/uploads\/2022\/11\/Libre-R4-T1-13-Novembre-2022-300x212.jpg 300w, http:\/\/www.billard-club-sottevillais.com\/wp-content\/uploads\/2022\/11\/Libre-R4-T1-13-Novembre-2022-768x543.jpg 768w, http:\/\/www.billard-club-sottevillais.com\/wp-content\/uploads\/2022\/11\/Libre-R4-T1-13-Novembre-2022-1536x1086.jpg 1536w, http:\/\/www.billard-club-sottevillais.com\/wp-content\/uploads\/2022\/11\/Libre-R4-T1-13-Novembre-2022-rotated.jpg 1754w\" sizes=\"auto, (max-width: 706px) 89vw, (max-width: 767px) 82vw, 740px\" \/><\/p>\n<p style=\"text-align: center;\">\n<p><em>A Cany-Barville,<\/em><\/p>\n<p><img loading=\"lazy\" decoding=\"async\" class=\"aligncenter size-large wp-image-13572\" src=\"http:\/\/www.billard-club-sottevillais.com\/wp-content\/uploads\/2022\/11\/Libre-R4-T1-Cany-13-11-20221-724x1024.jpg\" alt=\"\" width=\"525\" height=\"743\" srcset=\"http:\/\/www.billard-club-sottevillais.com\/wp-content\/uploads\/2022\/11\/Libre-R4-T1-Cany-13-11-20221-724x1024.jpg 724w, http:\/\/www.billard-club-sottevillais.com\/wp-content\/uploads\/2022\/11\/Libre-R4-T1-Cany-13-11-20221-212x300.jpg 212w, http:\/\/www.billard-club-sottevillais.com\/wp-content\/uploads\/2022\/11\/Libre-R4-T1-Cany-13-11-20221-768x1086.jpg 768w, http:\/\/www.billard-club-sottevillais.com\/wp-content\/uploads\/2022\/11\/Libre-R4-T1-Cany-13-11-20221-1086x1536.jpg 1086w, http:\/\/www.billard-club-sottevillais.com\/wp-content\/uploads\/2022\/11\/Libre-R4-T1-Cany-13-11-20221.jpg 1240w\" sizes=\"auto, (max-width: 525px) 100vw, 525px\" \/> <img loading=\"lazy\" decoding=\"async\" class=\"aligncenter size-large wp-image-13573\" src=\"http:\/\/www.billard-club-sottevillais.com\/wp-content\/uploads\/2022\/11\/Libre-R4-T1-Cany-13-11-20222-724x1024.jpg\" alt=\"\" width=\"525\" height=\"743\" srcset=\"http:\/\/www.billard-club-sottevillais.com\/wp-content\/uploads\/2022\/11\/Libre-R4-T1-Cany-13-11-20222-724x1024.jpg 724w, http:\/\/www.billard-club-sottevillais.com\/wp-content\/uploads\/2022\/11\/Libre-R4-T1-Cany-13-11-20222-212x300.jpg 212w, http:\/\/www.billard-club-sottevillais.com\/wp-content\/uploads\/2022\/11\/Libre-R4-T1-Cany-13-11-20222-768x1086.jpg 768w, http:\/\/www.billard-club-sottevillais.com\/wp-content\/uploads\/2022\/11\/Libre-R4-T1-Cany-13-11-20222-1086x1536.jpg 1086w, http:\/\/www.billard-club-sottevillais.com\/wp-content\/uploads\/2022\/11\/Libre-R4-T1-Cany-13-11-20222.jpg 1240w\" sizes=\"auto, (max-width: 525px) 100vw, 525px\" \/><\/p>\n<h4 style=\"padding-left: 30px;\">Le pdf ici : <a href=\"http:\/\/www.billard-club-sottevillais.com\/wp-content\/uploads\/2022\/11\/Libre-R4-T1-13-Novembre-2022.pdf\" target=\"_blank\" rel=\"noopener\">Libre R4 T1 13 Novembre 2022<\/a><\/h4>\n<h4 style=\"padding-left: 30px;\">Le pdf ici :<a href=\"http:\/\/www.billard-club-sottevillais.com\/wp-content\/uploads\/2022\/11\/Libre-R4-T1-Cany-13-11-2022.pdf\" target=\"_blank\" rel=\"noopener\">Libre R4 T1 Cany 13-11-2022<\/a><\/h4>\n","protected":false},"excerpt":{"rendered":"<p>R\u00e9sultats des Tournois, vous trouverez ici toutes les informations concernant les rencontres sportives auxquelles participe le Billard Club Sottevillais.<\/p>\n","protected":false},"author":7,"featured_media":0,"parent":0,"menu_order":0,"comment_status":"closed","ping_status":"closed","template":"","meta":{"footnotes":""},"class_list":["post-13554","page","type-page","status-publish","hentry"],"_links":{"self":[{"href":"http:\/\/www.billard-club-sottevillais.com\/index.php?rest_route=\/wp\/v2\/pages\/13554","targetHints":{"allow":["GET"]}}],"collection":[{"href":"http:\/\/www.billard-club-sottevillais.com\/index.php?rest_route=\/wp\/v2\/pages"}],"about":[{"href":"http:\/\/www.billard-club-sottevillais.com\/index.php?rest_route=\/wp\/v2\/types\/page"}],"author":[{"embeddable":true,"href":"http:\/\/www.billard-club-sottevillais.com\/index.php?rest_route=\/wp\/v2\/users\/7"}],"replies":[{"embeddable":true,"href":"http:\/\/www.billard-club-sottevillais.com\/index.php?rest_route=%2Fwp%2Fv2%2Fcomments&post=13554"}],"version-history":[{"count":5,"href":"http:\/\/www.billard-club-sottevillais.com\/index.php?rest_route=\/wp\/v2\/pages\/13554\/revisions"}],"predecessor-version":[{"id":13620,"href":"http:\/\/www.billard-club-sottevillais.com\/index.php?rest_route=\/wp\/v2\/pages\/13554\/revisions\/13620"}],"wp:attachment":[{"href":"http:\/\/www.billard-club-sottevillais.com\/index.php?rest_route=%2Fwp%2Fv2%2Fmedia&parent=13554"}],"curies":[{"name":"wp","href":"https:\/\/api.w.org\/{rel}","templated":true}]}}