{"id":13193,"date":"2022-04-05T18:20:49","date_gmt":"2022-04-05T18:20:49","guid":{"rendered":"http:\/\/www.billard-club-sottevillais.com\/?page_id=13193"},"modified":"2022-04-05T18:20:49","modified_gmt":"2022-04-05T18:20:49","slug":"equipe-d2-05-avril-2022","status":"publish","type":"page","link":"http:\/\/www.billard-club-sottevillais.com\/?page_id=13193","title":{"rendered":"Equipe D2 &#8211; 05 avril 2022"},"content":{"rendered":"<p style=\"text-align: justify;\">R\u00e9sultats des Tournois, vous trouverez ici toutes les informations concernant les rencontres sportives auxquelles participe le Billard Club Sottevillais.<\/p>\n<p style=\"text-align: center;\"><!--more--><img loading=\"lazy\" decoding=\"async\" class=\"aligncenter size-full wp-image-59\" title=\"sport\" src=\"http:\/\/billardcf.cluster010.ovh.net\/wp-content\/uploads\/2011\/07\/sport.jpg\" alt=\"\" width=\"231\" height=\"116\" \/><\/p>\n<p>\u00a0<\/p>\n<p style=\"text-align: justify;\">Le 5 Avril 2022, notre \u00e9quipe D2 compos\u00e9e de Michel Maison, Alain Rachet et Jean-Pierre Guerout se rendait \u00e0 Lisieux.<\/p>\n<p style=\"text-align: justify;\">L&rsquo;\u00e9quipe de Sotteville s&rsquo;iincline 10 \u00e0 8.<\/p>\n<p style=\"text-align: center;\"><img loading=\"lazy\" decoding=\"async\" class=\"aligncenter wp-image-13194\" src=\"http:\/\/www.billard-club-sottevillais.com\/wp-content\/uploads\/2022\/04\/PL-D2-Lisieux-A-Sotteville-A-05.04.2022.jpg\" alt=\"\" width=\"880\" height=\"1245\" srcset=\"http:\/\/www.billard-club-sottevillais.com\/wp-content\/uploads\/2022\/04\/PL-D2-Lisieux-A-Sotteville-A-05.04.2022.jpg 1240w, http:\/\/www.billard-club-sottevillais.com\/wp-content\/uploads\/2022\/04\/PL-D2-Lisieux-A-Sotteville-A-05.04.2022-212x300.jpg 212w, http:\/\/www.billard-club-sottevillais.com\/wp-content\/uploads\/2022\/04\/PL-D2-Lisieux-A-Sotteville-A-05.04.2022-724x1024.jpg 724w, http:\/\/www.billard-club-sottevillais.com\/wp-content\/uploads\/2022\/04\/PL-D2-Lisieux-A-Sotteville-A-05.04.2022-768x1086.jpg 768w, http:\/\/www.billard-club-sottevillais.com\/wp-content\/uploads\/2022\/04\/PL-D2-Lisieux-A-Sotteville-A-05.04.2022-1086x1536.jpg 1086w\" sizes=\"auto, (max-width: 706px) 89vw, (max-width: 767px) 82vw, 740px\" \/><\/p>\n<h4 style=\"padding-left: 30px;\">Le pdf ici : <a href=\"http:\/\/www.billard-club-sottevillais.com\/wp-content\/uploads\/2022\/04\/PL-D2-Lisieux-A-Sotteville-A-05.04.2022.pdf\" target=\"_blank\" rel=\"noopener\">PL D2 Lisieux A &#8211; Sotteville A 05.04.2022<\/a><\/h4>\n\n\n<p><\/p>\n","protected":false},"excerpt":{"rendered":"<p>R\u00e9sultats des Tournois, vous trouverez ici toutes les informations concernant les rencontres sportives auxquelles participe le Billard Club Sottevillais.<\/p>\n","protected":false},"author":7,"featured_media":0,"parent":0,"menu_order":0,"comment_status":"closed","ping_status":"closed","template":"","meta":{"footnotes":""},"class_list":["post-13193","page","type-page","status-publish","hentry"],"_links":{"self":[{"href":"http:\/\/www.billard-club-sottevillais.com\/index.php?rest_route=\/wp\/v2\/pages\/13193","targetHints":{"allow":["GET"]}}],"collection":[{"href":"http:\/\/www.billard-club-sottevillais.com\/index.php?rest_route=\/wp\/v2\/pages"}],"about":[{"href":"http:\/\/www.billard-club-sottevillais.com\/index.php?rest_route=\/wp\/v2\/types\/page"}],"author":[{"embeddable":true,"href":"http:\/\/www.billard-club-sottevillais.com\/index.php?rest_route=\/wp\/v2\/users\/7"}],"replies":[{"embeddable":true,"href":"http:\/\/www.billard-club-sottevillais.com\/index.php?rest_route=%2Fwp%2Fv2%2Fcomments&post=13193"}],"version-history":[{"count":2,"href":"http:\/\/www.billard-club-sottevillais.com\/index.php?rest_route=\/wp\/v2\/pages\/13193\/revisions"}],"predecessor-version":[{"id":13197,"href":"http:\/\/www.billard-club-sottevillais.com\/index.php?rest_route=\/wp\/v2\/pages\/13193\/revisions\/13197"}],"wp:attachment":[{"href":"http:\/\/www.billard-club-sottevillais.com\/index.php?rest_route=%2Fwp%2Fv2%2Fmedia&parent=13193"}],"curies":[{"name":"wp","href":"https:\/\/api.w.org\/{rel}","templated":true}]}}