{"id":13019,"date":"2022-01-16T18:42:10","date_gmt":"2022-01-16T18:42:10","guid":{"rendered":"http:\/\/www.billard-club-sottevillais.com\/?page_id=13019"},"modified":"2022-01-16T18:42:10","modified_gmt":"2022-01-16T18:42:10","slug":"libre-r1-t2-16-janvier-2022","status":"publish","type":"page","link":"http:\/\/www.billard-club-sottevillais.com\/?page_id=13019","title":{"rendered":"Libre R1 T2 &#8211; 16 Janvier 2022"},"content":{"rendered":"<p style=\"text-align: justify;\">R\u00e9sultats des Tournois, vous trouverez ici toutes les informations concernant les rencontres sportives auxquelles participe le Billard Club Sottevillais.<\/p>\n<p style=\"text-align: center;\"><!--more--><img loading=\"lazy\" decoding=\"async\" class=\"aligncenter size-full wp-image-59\" title=\"sport\" src=\"http:\/\/billardcf.cluster010.ovh.net\/wp-content\/uploads\/2011\/07\/sport.jpg\" alt=\"\" width=\"231\" height=\"116\" \/><\/p>\n<p style=\"text-align: justify;\">Le 16 Janvier 2022, a lieu le 2\u00e8me tour de libre R1 \u00e0 Sotteville-l\u00e8s-Rouen. Bruno Pierrel participait \u00e0 ce tour de jeu.<\/p>\n<p style=\"text-align: justify;\">Bruno finit 4\u00e8me. Jerome Staigre de La Saussaye prend la 1\u00e8re place.<\/p>\n<p style=\"text-align: center;\"><img loading=\"lazy\" decoding=\"async\" class=\"aligncenter size-large wp-image-13020\" src=\"http:\/\/www.billard-club-sottevillais.com\/wp-content\/uploads\/2022\/01\/LIBRE-R1-T2-16.01.22-Sotteville1-724x1024.jpg\" alt=\"\" width=\"525\" height=\"743\" srcset=\"http:\/\/www.billard-club-sottevillais.com\/wp-content\/uploads\/2022\/01\/LIBRE-R1-T2-16.01.22-Sotteville1-724x1024.jpg 724w, http:\/\/www.billard-club-sottevillais.com\/wp-content\/uploads\/2022\/01\/LIBRE-R1-T2-16.01.22-Sotteville1-212x300.jpg 212w, http:\/\/www.billard-club-sottevillais.com\/wp-content\/uploads\/2022\/01\/LIBRE-R1-T2-16.01.22-Sotteville1-768x1086.jpg 768w, http:\/\/www.billard-club-sottevillais.com\/wp-content\/uploads\/2022\/01\/LIBRE-R1-T2-16.01.22-Sotteville1-1086x1536.jpg 1086w, http:\/\/www.billard-club-sottevillais.com\/wp-content\/uploads\/2022\/01\/LIBRE-R1-T2-16.01.22-Sotteville1.jpg 1240w\" sizes=\"auto, (max-width: 525px) 100vw, 525px\" \/><img loading=\"lazy\" decoding=\"async\" class=\"aligncenter size-large wp-image-13021\" src=\"http:\/\/www.billard-club-sottevillais.com\/wp-content\/uploads\/2022\/01\/LIBRE-R1-T2-16.01.22-Sotteville2-724x1024.jpg\" alt=\"\" width=\"525\" height=\"743\" srcset=\"http:\/\/www.billard-club-sottevillais.com\/wp-content\/uploads\/2022\/01\/LIBRE-R1-T2-16.01.22-Sotteville2-724x1024.jpg 724w, http:\/\/www.billard-club-sottevillais.com\/wp-content\/uploads\/2022\/01\/LIBRE-R1-T2-16.01.22-Sotteville2-212x300.jpg 212w, http:\/\/www.billard-club-sottevillais.com\/wp-content\/uploads\/2022\/01\/LIBRE-R1-T2-16.01.22-Sotteville2-768x1086.jpg 768w, http:\/\/www.billard-club-sottevillais.com\/wp-content\/uploads\/2022\/01\/LIBRE-R1-T2-16.01.22-Sotteville2-1086x1536.jpg 1086w, http:\/\/www.billard-club-sottevillais.com\/wp-content\/uploads\/2022\/01\/LIBRE-R1-T2-16.01.22-Sotteville2.jpg 1240w\" sizes=\"auto, (max-width: 525px) 100vw, 525px\" \/>Le pdf ici : <a href=\"http:\/\/www.billard-club-sottevillais.com\/wp-content\/uploads\/2022\/01\/LIBRE-R1-T2-16.01.22-Sotteville.pdf\" target=\"_blank\" rel=\"noopener\">LIBRE R1 T2 16.01.22 Sotteville<\/a><\/p>\n\n\n<p><\/p>\n","protected":false},"excerpt":{"rendered":"<p>R\u00e9sultats des Tournois, vous trouverez ici toutes les informations concernant les rencontres sportives auxquelles participe le Billard Club Sottevillais.<\/p>\n","protected":false},"author":7,"featured_media":0,"parent":0,"menu_order":0,"comment_status":"closed","ping_status":"closed","template":"","meta":{"footnotes":""},"class_list":["post-13019","page","type-page","status-publish","hentry"],"_links":{"self":[{"href":"http:\/\/www.billard-club-sottevillais.com\/index.php?rest_route=\/wp\/v2\/pages\/13019","targetHints":{"allow":["GET"]}}],"collection":[{"href":"http:\/\/www.billard-club-sottevillais.com\/index.php?rest_route=\/wp\/v2\/pages"}],"about":[{"href":"http:\/\/www.billard-club-sottevillais.com\/index.php?rest_route=\/wp\/v2\/types\/page"}],"author":[{"embeddable":true,"href":"http:\/\/www.billard-club-sottevillais.com\/index.php?rest_route=\/wp\/v2\/users\/7"}],"replies":[{"embeddable":true,"href":"http:\/\/www.billard-club-sottevillais.com\/index.php?rest_route=%2Fwp%2Fv2%2Fcomments&post=13019"}],"version-history":[{"count":1,"href":"http:\/\/www.billard-club-sottevillais.com\/index.php?rest_route=\/wp\/v2\/pages\/13019\/revisions"}],"predecessor-version":[{"id":13023,"href":"http:\/\/www.billard-club-sottevillais.com\/index.php?rest_route=\/wp\/v2\/pages\/13019\/revisions\/13023"}],"wp:attachment":[{"href":"http:\/\/www.billard-club-sottevillais.com\/index.php?rest_route=%2Fwp%2Fv2%2Fmedia&parent=13019"}],"curies":[{"name":"wp","href":"https:\/\/api.w.org\/{rel}","templated":true}]}}