{"id":11722,"date":"2019-11-26T16:58:05","date_gmt":"2019-11-26T16:58:05","guid":{"rendered":"http:\/\/www.billard-club-sottevillais.com\/?page_id=11722"},"modified":"2021-11-20T16:59:54","modified_gmt":"2021-11-20T16:59:54","slug":"beaujolais-2019","status":"publish","type":"page","link":"http:\/\/www.billard-club-sottevillais.com\/?page_id=11722","title":{"rendered":"Beaujolais 2019"},"content":{"rendered":"<p style=\"text-align: justify;\">S&rsquo;il est vrai qu&rsquo;\u00e0 17h la salle \u00e9tait presque vide, petit \u00e0 petit, les billards ont \u00e9t\u00e9 occup\u00e9s par les convives du soir. Puis autour de 18h, chacun s&rsquo;est occup\u00e9 qui \u00e0 \u00e9quiper un billard pour recevoir le buffet, qui \u00e0 aller chercher les victuailles et le Beaujolais qui va bien avec.<br \/>\nNous sommes le 22 novembre, il est 19h, c&rsquo;est la soir\u00e9e Beaujolais.<br \/>\nDepuis un quart d&rsquo;heure, nos adh\u00e9rents arrivent souvent en couple. Nous sommes une trentaine.<br \/>\nLa soir\u00e9e Beaujolais est une manifestation pris\u00e9e. Pour cela, nous avons trois cartes ma\u00eetresses : un buffet de qualit\u00e9, un Beaujolais appr\u00e9ci\u00e9 et surtout un public qui arrive avec sa bonne humeur, c&rsquo;est lui qui met l&rsquo;ambiance.<\/p>\n<p>&nbsp;<br \/>\n<img loading=\"lazy\" decoding=\"async\" class=\"aligncenter size-large wp-image-11726\" src=\"http:\/\/www.billard-club-sottevillais.com\/wp-content\/uploads\/2019\/11\/Buffet-1024x768.jpg\" alt=\"\" width=\"614\" height=\"461\" srcset=\"http:\/\/www.billard-club-sottevillais.com\/wp-content\/uploads\/2019\/11\/Buffet.jpg 1024w, http:\/\/www.billard-club-sottevillais.com\/wp-content\/uploads\/2019\/11\/Buffet-300x225.jpg 300w, http:\/\/www.billard-club-sottevillais.com\/wp-content\/uploads\/2019\/11\/Buffet-768x576.jpg 768w\" sizes=\"auto, (max-width: 614px) 100vw, 614px\" \/><br \/>\n&nbsp;<\/p>\n<p style=\"text-align: justify;\">Apr\u00e8s avoir laiss\u00e9 le temps \u00e0 chacun de se mettre \u00e0 l&rsquo;aise, le ma\u00eetre de c\u00e9r\u00e9monie, Bruno Pierrel a pris succinctement la parole et nous retiendrons pour l&rsquo;essentiel que le moment \u00e9tait venu de d\u00e9guster cette nouvelle cuv\u00e9e.<\/p>\n<p>&nbsp;<\/p>\n<h3>Le verre de l&rsquo;amiti\u00e9 !<\/h3>\n<p>&nbsp;<br \/>\n<center><div class=\"flgallery-227 flgallery-art flgallery-embed\" style=\"width: 550px; height: 400px; overflow: hidden;\"><object classid=\"clsid:D27CDB6E-AE6D-11cf-96B8-444553540000\" id=\"flgallery-227\" width=\"550\" height=\"400\" style=\"width:550px; height:400px; margin:0; padding:0;\"><param name=\"movie\" value=\"http:\/\/www.billard-club-sottevillais.com\/wp-content\/plugins\/global-flash-galleries\/swf\/Art.swf\" \/><param name=\"flashVars\" value=\"XMLFile=http%3A%2F%2Fwww.billard-club-sottevillais.com%2Fwp-content%2Fflgallery%2Fxml%2F1%2F227.xml\" \/><param name=\"allowFullScreen\" value=\"true\" \/><param name=\"allowScriptAccess\" value=\"always\" \/><param name=\"quality\" value=\"high\" \/><param name=\"wmode\" value=\"transparent\" \/><param name=\"swfversion\" value=\"9.0.45.0\" \/><param name=\"expressinstall\" value=\"http:\/\/www.billard-club-sottevillais.com\/wp-content\/plugins\/global-flash-galleries\/js\/swfobject\/expressInstall.swf\" \/><object type=\"application\/x-shockwave-flash\" data=\"http:\/\/www.billard-club-sottevillais.com\/wp-content\/plugins\/global-flash-galleries\/swf\/Art.swf\" width=\"550\" height=\"400\" style=\"width:550px; height:400px; margin:0; padding:0; outline:none;\"><param name=\"flashVars\" value=\"XMLFile=http%3A%2F%2Fwww.billard-club-sottevillais.com%2Fwp-content%2Fflgallery%2Fxml%2F1%2F227.xml\" \/><param name=\"allowFullScreen\" value=\"true\" \/><param name=\"allowScriptAccess\" value=\"always\" \/><param name=\"quality\" value=\"high\" \/><param name=\"wmode\" value=\"transparent\" \/><param name=\"swfversion\" value=\"9.0.45.0\" \/><param name=\"expressinstall\" value=\"http:\/\/www.billard-club-sottevillais.com\/wp-content\/plugins\/global-flash-galleries\/js\/swfobject\/expressInstall.swf\" \/><div class=\"flgallery-altcontent\"><ol style=\"list-style:none;\"><li style=\"display:inline;\"><a href=\"http:\/\/www.billard-club-sottevillais.com\/wp-content\/flgallery\/images\/dbdiseql4z8l.jpg\"><img decoding=\"async\" src=\"http:\/\/www.billard-club-sottevillais.com\/wp-content\/flgallery\/tmp\/img-dbdiseql4z8l.160x120.jpg\" alt=\"DSCF5776\" \/><\/a><\/li><li style=\"display:inline;\"><a href=\"http:\/\/www.billard-club-sottevillais.com\/wp-content\/flgallery\/images\/qgvyiyvpcvrv.jpg\"><img decoding=\"async\" src=\"http:\/\/www.billard-club-sottevillais.com\/wp-content\/flgallery\/tmp\/img-qgvyiyvpcvrv.160x120.jpg\" alt=\"DSCF5778\" \/><\/a><\/li><li style=\"display:inline;\"><a href=\"http:\/\/www.billard-club-sottevillais.com\/wp-content\/flgallery\/images\/wkp5fjomw4s0.jpg\"><img decoding=\"async\" src=\"http:\/\/www.billard-club-sottevillais.com\/wp-content\/flgallery\/tmp\/img-wkp5fjomw4s0.160x120.jpg\" alt=\"DSCF5779\" \/><\/a><\/li><li style=\"display:inline;\"><a href=\"http:\/\/www.billard-club-sottevillais.com\/wp-content\/flgallery\/images\/svoe6y69j673.jpg\"><img decoding=\"async\" src=\"http:\/\/www.billard-club-sottevillais.com\/wp-content\/flgallery\/tmp\/img-svoe6y69j673.160x120.jpg\" alt=\"DSCF5780\" \/><\/a><\/li><li style=\"display:inline;\"><a href=\"http:\/\/www.billard-club-sottevillais.com\/wp-content\/flgallery\/images\/p70k6mg7efmf.jpg\"><img decoding=\"async\" src=\"http:\/\/www.billard-club-sottevillais.com\/wp-content\/flgallery\/tmp\/img-p70k6mg7efmf.160x120.jpg\" alt=\"DSCF5781\" \/><\/a><\/li><li style=\"display:inline;\"><a href=\"http:\/\/www.billard-club-sottevillais.com\/wp-content\/flgallery\/images\/ud3lkkjdp5p2.jpg\"><img decoding=\"async\" src=\"http:\/\/www.billard-club-sottevillais.com\/wp-content\/flgallery\/tmp\/img-ud3lkkjdp5p2.160x120.jpg\" alt=\"DSCF5782\" \/><\/a><\/li><li style=\"display:inline;\"><a href=\"http:\/\/www.billard-club-sottevillais.com\/wp-content\/flgallery\/images\/zldsk8qbdt3f.jpg\"><img decoding=\"async\" src=\"http:\/\/www.billard-club-sottevillais.com\/wp-content\/flgallery\/tmp\/img-zldsk8qbdt3f.160x120.jpg\" alt=\"DSCF5783\" \/><\/a><\/li><li style=\"display:inline;\"><a href=\"http:\/\/www.billard-club-sottevillais.com\/wp-content\/flgallery\/images\/46qpq0dljggy.jpg\"><img decoding=\"async\" src=\"http:\/\/www.billard-club-sottevillais.com\/wp-content\/flgallery\/tmp\/img-46qpq0dljggy.160x120.jpg\" alt=\"DSCF5784\" \/><\/a><\/li><li style=\"display:inline;\"><a href=\"http:\/\/www.billard-club-sottevillais.com\/wp-content\/flgallery\/images\/idl118k12vdo.jpg\"><img decoding=\"async\" src=\"http:\/\/www.billard-club-sottevillais.com\/wp-content\/flgallery\/tmp\/img-idl118k12vdo.160x120.jpg\" alt=\"DSCF5787\" \/><\/a><\/li><li style=\"display:inline;\"><a href=\"http:\/\/www.billard-club-sottevillais.com\/wp-content\/flgallery\/images\/b2e2ekft211l.jpg\"><img decoding=\"async\" src=\"http:\/\/www.billard-club-sottevillais.com\/wp-content\/flgallery\/tmp\/img-b2e2ekft211l.160x120.jpg\" alt=\"DSCF5789\" \/><\/a><\/li><li style=\"display:inline;\"><a href=\"http:\/\/www.billard-club-sottevillais.com\/wp-content\/flgallery\/images\/0ei41ebl1lhl.jpg\"><img decoding=\"async\" src=\"http:\/\/www.billard-club-sottevillais.com\/wp-content\/flgallery\/tmp\/img-0ei41ebl1lhl.160x120.jpg\" alt=\"DSCF5790\" \/><\/a><\/li><li style=\"display:inline;\"><a href=\"http:\/\/www.billard-club-sottevillais.com\/wp-content\/flgallery\/images\/pd16w9vvs06f.jpg\"><img decoding=\"async\" src=\"http:\/\/www.billard-club-sottevillais.com\/wp-content\/flgallery\/tmp\/img-pd16w9vvs06f.160x120.jpg\" alt=\"DSCF5791\" \/><\/a><\/li><\/ol><\/div><\/object><\/object><script type=\"text\/javascript\">jQuery(document).ready(function($) { if (!swfobject.hasFlashPlayerVersion('9.0.45.0')) { altgallery({ type: 'Art', width: '550', height: '400', images: { folder: 'http:\/\/www.billard-club-sottevillais.com\/wp-content\/plugins\/global-flash-galleries\/img\/' }, config: 'http:\/\/www.billard-club-sottevillais.com\/wp-content\/flgallery\/xml\/1\/227.xml', configType: 'xml', fullscreen: 'never', callback: function(gallery) { var container = gallery.canvas.element.parents('.flgallery-embed'); var parent = container.parent(); var initialWidth = container.width(); var prevWidth; container.css({ width: '', height: '' }); function scale() { var parentWidth = parent.width(); if (parentWidth != prevWidth) { gallery.canvas.scale(parentWidth \/ initialWidth); prevWidth = parentWidth; } } scale(); $(window).resize(scale); } }, '#flgallery-227 .flgallery-altcontent'); } });<\/script><\/div><\/center><br \/>\n&nbsp;<\/p>\n<p style=\"text-align: justify;\">Cette ann\u00e9e, plut\u00f4t que de passer \u00e0 table tout de suite, nous avons pr\u00e9f\u00e9r\u00e9 laisser les gens former de petits groupes qui discutent debout, le verre \u00e0 la main. Ainsi, chacun pouvait selon son gr\u00e9 passer d&rsquo;un groupe \u00e0 l&rsquo;autre. Quand la faim s&rsquo;est fait sentir, nous avons dress\u00e9 les tables puis nous avons rempli nos assiettes.<\/p>\n<p>&nbsp;<\/p>\n<h3>A table !<\/h3>\n<p>&nbsp;<br \/>\n<center><div class=\"flgallery-228 flgallery-art flgallery-embed\" style=\"width: 550px; height: 400px; overflow: hidden;\"><object classid=\"clsid:D27CDB6E-AE6D-11cf-96B8-444553540000\" id=\"flgallery-228\" width=\"550\" height=\"400\" style=\"width:550px; height:400px; margin:0; padding:0;\"><param name=\"movie\" value=\"http:\/\/www.billard-club-sottevillais.com\/wp-content\/plugins\/global-flash-galleries\/swf\/Art.swf\" \/><param name=\"flashVars\" value=\"XMLFile=http%3A%2F%2Fwww.billard-club-sottevillais.com%2Fwp-content%2Fflgallery%2Fxml%2F1%2F228.xml\" \/><param name=\"allowFullScreen\" value=\"true\" \/><param name=\"allowScriptAccess\" value=\"always\" \/><param name=\"quality\" value=\"high\" \/><param name=\"wmode\" value=\"transparent\" \/><param name=\"swfversion\" value=\"9.0.45.0\" \/><param name=\"expressinstall\" value=\"http:\/\/www.billard-club-sottevillais.com\/wp-content\/plugins\/global-flash-galleries\/js\/swfobject\/expressInstall.swf\" \/><object type=\"application\/x-shockwave-flash\" data=\"http:\/\/www.billard-club-sottevillais.com\/wp-content\/plugins\/global-flash-galleries\/swf\/Art.swf\" width=\"550\" height=\"400\" style=\"width:550px; height:400px; margin:0; padding:0; outline:none;\"><param name=\"flashVars\" value=\"XMLFile=http%3A%2F%2Fwww.billard-club-sottevillais.com%2Fwp-content%2Fflgallery%2Fxml%2F1%2F228.xml\" \/><param name=\"allowFullScreen\" value=\"true\" \/><param name=\"allowScriptAccess\" value=\"always\" \/><param name=\"quality\" value=\"high\" \/><param name=\"wmode\" value=\"transparent\" \/><param name=\"swfversion\" value=\"9.0.45.0\" \/><param name=\"expressinstall\" value=\"http:\/\/www.billard-club-sottevillais.com\/wp-content\/plugins\/global-flash-galleries\/js\/swfobject\/expressInstall.swf\" \/><div class=\"flgallery-altcontent\"><ol style=\"list-style:none;\"><li style=\"display:inline;\"><a href=\"http:\/\/www.billard-club-sottevillais.com\/wp-content\/flgallery\/images\/\/wp-content\/uploads\/2019\/11\/DSCF5802.jpg\"><img decoding=\"async\" src=\"http:\/\/www.billard-club-sottevillais.com\/wp-content\/flgallery\/tmp\/img-ec6077178c41657bab91564d5647f03f.160x120.jpg\" alt=\"DSCF5802\" \/><\/a><\/li><li style=\"display:inline;\"><a href=\"http:\/\/www.billard-club-sottevillais.com\/wp-content\/flgallery\/images\/\/wp-content\/uploads\/2019\/11\/DSCF5811.jpg\"><img decoding=\"async\" src=\"http:\/\/www.billard-club-sottevillais.com\/wp-content\/flgallery\/tmp\/img-181060a16e1913af5b3303f3ef07e4dc.160x120.jpg\" alt=\"DSCF5811\" \/><\/a><\/li><li style=\"display:inline;\"><a href=\"http:\/\/www.billard-club-sottevillais.com\/wp-content\/flgallery\/images\/\/wp-content\/uploads\/2019\/11\/DSCF5793.jpg\"><img decoding=\"async\" src=\"http:\/\/www.billard-club-sottevillais.com\/wp-content\/flgallery\/tmp\/img-aa272ac34201c6024fa97f1776bac13b.160x120.jpg\" alt=\"DSCF5793\" \/><\/a><\/li><li style=\"display:inline;\"><a href=\"http:\/\/www.billard-club-sottevillais.com\/wp-content\/flgallery\/images\/\/wp-content\/uploads\/2019\/11\/DSCF5822.jpg\"><img decoding=\"async\" src=\"http:\/\/www.billard-club-sottevillais.com\/wp-content\/flgallery\/tmp\/img-c735dd21b74906ea956bc2959e92fb2e.160x120.jpg\" alt=\"DSCF5822\" \/><\/a><\/li><li style=\"display:inline;\"><a href=\"http:\/\/www.billard-club-sottevillais.com\/wp-content\/flgallery\/images\/\/wp-content\/uploads\/2019\/11\/DSCF5821.jpg\"><img decoding=\"async\" src=\"http:\/\/www.billard-club-sottevillais.com\/wp-content\/flgallery\/tmp\/img-5e3db698150479a735e3cf5f8a5fdf2a.160x120.jpg\" alt=\"DSCF5821\" \/><\/a><\/li><li style=\"display:inline;\"><a href=\"http:\/\/www.billard-club-sottevillais.com\/wp-content\/flgallery\/images\/\/wp-content\/uploads\/2019\/11\/DSCF5820.jpg\"><img decoding=\"async\" src=\"http:\/\/www.billard-club-sottevillais.com\/wp-content\/flgallery\/tmp\/img-9bf8f825d736027835c0a421a5980045.160x120.jpg\" alt=\"DSCF5820\" \/><\/a><\/li><li style=\"display:inline;\"><a href=\"http:\/\/www.billard-club-sottevillais.com\/wp-content\/flgallery\/images\/\/wp-content\/uploads\/2019\/11\/DSCF5818.jpg\"><img decoding=\"async\" src=\"http:\/\/www.billard-club-sottevillais.com\/wp-content\/flgallery\/tmp\/img-9259f45bd243ba6da8ad116a73a0ea74.160x120.jpg\" alt=\"DSCF5818\" \/><\/a><\/li><li style=\"display:inline;\"><a href=\"http:\/\/www.billard-club-sottevillais.com\/wp-content\/flgallery\/images\/\/wp-content\/uploads\/2019\/11\/DSCF5814.jpg\"><img decoding=\"async\" src=\"http:\/\/www.billard-club-sottevillais.com\/wp-content\/flgallery\/tmp\/img-e8af5d9106a4f13f140ce3d6ef4dd99c.160x120.jpg\" alt=\"DSCF5814\" \/><\/a><\/li><li style=\"display:inline;\"><a href=\"http:\/\/www.billard-club-sottevillais.com\/wp-content\/flgallery\/images\/\/wp-content\/uploads\/2019\/11\/DSCF5812.jpg\"><img decoding=\"async\" src=\"http:\/\/www.billard-club-sottevillais.com\/wp-content\/flgallery\/tmp\/img-290ed01b99f7ef5c0f4e4fc37c0ebde4.160x120.jpg\" alt=\"DSCF5812\" \/><\/a><\/li><li style=\"display:inline;\"><a href=\"http:\/\/www.billard-club-sottevillais.com\/wp-content\/flgallery\/images\/\/wp-content\/uploads\/2019\/11\/DSCF5809.jpg\"><img decoding=\"async\" src=\"http:\/\/www.billard-club-sottevillais.com\/wp-content\/flgallery\/tmp\/img-ef67f59067d02f36daeb6c5ead9e90c2.160x120.jpg\" alt=\"DSCF5809\" \/><\/a><\/li><li style=\"display:inline;\"><a href=\"http:\/\/www.billard-club-sottevillais.com\/wp-content\/flgallery\/images\/\/wp-content\/uploads\/2019\/11\/DSCF5808.jpg\"><img decoding=\"async\" src=\"http:\/\/www.billard-club-sottevillais.com\/wp-content\/flgallery\/tmp\/img-287c0edbcf721916397ec51b7a9896f7.160x120.jpg\" alt=\"DSCF5808\" \/><\/a><\/li><li style=\"display:inline;\"><a href=\"http:\/\/www.billard-club-sottevillais.com\/wp-content\/flgallery\/images\/\/wp-content\/uploads\/2019\/11\/DSCF5805.jpg\"><img decoding=\"async\" src=\"http:\/\/www.billard-club-sottevillais.com\/wp-content\/flgallery\/tmp\/img-a14bab9798e1a3f6216a3d82fe246022.160x120.jpg\" alt=\"DSCF5805\" \/><\/a><\/li><li style=\"display:inline;\"><a href=\"http:\/\/www.billard-club-sottevillais.com\/wp-content\/flgallery\/images\/\/wp-content\/uploads\/2019\/11\/DSCF5801.jpg\"><img decoding=\"async\" src=\"http:\/\/www.billard-club-sottevillais.com\/wp-content\/flgallery\/tmp\/img-43d627cf4c8000128fe05fe017c7fea8.160x120.jpg\" alt=\"DSCF5801\" \/><\/a><\/li><li style=\"display:inline;\"><a href=\"http:\/\/www.billard-club-sottevillais.com\/wp-content\/flgallery\/images\/\/wp-content\/uploads\/2019\/11\/DSCF5799.jpg\"><img decoding=\"async\" src=\"http:\/\/www.billard-club-sottevillais.com\/wp-content\/flgallery\/tmp\/img-e7ce26ea23608650833e3dd52e38a935.160x120.jpg\" alt=\"DSCF5799\" \/><\/a><\/li><li style=\"display:inline;\"><a href=\"http:\/\/www.billard-club-sottevillais.com\/wp-content\/flgallery\/images\/\/wp-content\/uploads\/2019\/11\/DSCF5798.jpg\"><img decoding=\"async\" src=\"http:\/\/www.billard-club-sottevillais.com\/wp-content\/flgallery\/tmp\/img-28956091927408a1c003b9cbc765248c.160x120.jpg\" alt=\"DSCF5798\" \/><\/a><\/li><\/ol><\/div><\/object><\/object><script type=\"text\/javascript\">jQuery(document).ready(function($) { if (!swfobject.hasFlashPlayerVersion('9.0.45.0')) { altgallery({ type: 'Art', width: '550', height: '400', images: { folder: 'http:\/\/www.billard-club-sottevillais.com\/wp-content\/plugins\/global-flash-galleries\/img\/' }, config: 'http:\/\/www.billard-club-sottevillais.com\/wp-content\/flgallery\/xml\/1\/228.xml', configType: 'xml', fullscreen: 'never', callback: function(gallery) { var container = gallery.canvas.element.parents('.flgallery-embed'); var parent = container.parent(); var initialWidth = container.width(); var prevWidth; container.css({ width: '', height: '' }); function scale() { var parentWidth = parent.width(); if (parentWidth != prevWidth) { gallery.canvas.scale(parentWidth \/ initialWidth); prevWidth = parentWidth; } } scale(); $(window).resize(scale); } }, '#flgallery-228 .flgallery-altcontent'); } });<\/script><\/div><\/center><br \/>\n&nbsp;<\/p>\n<p style=\"text-align: justify;\">Apr\u00e8s avoir fait ripaille, il a fallu  ranger et nettoyer la salle pour recevoir le lendemain les enfants du Ludosport.<br \/>\nIl faut ici  remercier le groupe de b\u00e9n\u00e9voles qui a d\u00e9barrass\u00e9 les tables, fait la plonge, pass\u00e9 l&rsquo;aspirateur. Merci Mesdames, vous avez pris une large part de ces t\u00e2ches.<br \/>\nMerci \u00e0 Didier qui organise cette soir\u00e9e de A \u00e0 Z.<\/p>\n<p>&nbsp;<\/p>\n","protected":false},"excerpt":{"rendered":"<p>S&rsquo;il est vrai qu&rsquo;\u00e0 17h la salle \u00e9tait presque vide, petit \u00e0 petit, les billards ont \u00e9t\u00e9 occup\u00e9s par les convives du soir. Puis autour de 18h, chacun s&rsquo;est occup\u00e9 qui \u00e0 \u00e9quiper un billard pour recevoir le buffet, qui \u00e0 aller chercher les victuailles et le Beaujolais qui va bien avec. Nous sommes le &hellip; <\/p>\n<p class=\"link-more\"><a href=\"http:\/\/www.billard-club-sottevillais.com\/?page_id=11722\" class=\"more-link\">Continuer la lecture<span class=\"screen-reader-text\"> de &laquo;&nbsp;Beaujolais 2019&nbsp;&raquo;<\/span><\/a><\/p>\n","protected":false},"author":3,"featured_media":0,"parent":35,"menu_order":0,"comment_status":"closed","ping_status":"closed","template":"page-full.php","meta":{"footnotes":""},"class_list":["post-11722","page","type-page","status-publish","hentry"],"_links":{"self":[{"href":"http:\/\/www.billard-club-sottevillais.com\/index.php?rest_route=\/wp\/v2\/pages\/11722","targetHints":{"allow":["GET"]}}],"collection":[{"href":"http:\/\/www.billard-club-sottevillais.com\/index.php?rest_route=\/wp\/v2\/pages"}],"about":[{"href":"http:\/\/www.billard-club-sottevillais.com\/index.php?rest_route=\/wp\/v2\/types\/page"}],"author":[{"embeddable":true,"href":"http:\/\/www.billard-club-sottevillais.com\/index.php?rest_route=\/wp\/v2\/users\/3"}],"replies":[{"embeddable":true,"href":"http:\/\/www.billard-club-sottevillais.com\/index.php?rest_route=%2Fwp%2Fv2%2Fcomments&post=11722"}],"version-history":[{"count":21,"href":"http:\/\/www.billard-club-sottevillais.com\/index.php?rest_route=\/wp\/v2\/pages\/11722\/revisions"}],"predecessor-version":[{"id":13622,"href":"http:\/\/www.billard-club-sottevillais.com\/index.php?rest_route=\/wp\/v2\/pages\/11722\/revisions\/13622"}],"up":[{"embeddable":true,"href":"http:\/\/www.billard-club-sottevillais.com\/index.php?rest_route=\/wp\/v2\/pages\/35"}],"wp:attachment":[{"href":"http:\/\/www.billard-club-sottevillais.com\/index.php?rest_route=%2Fwp%2Fv2%2Fmedia&parent=11722"}],"curies":[{"name":"wp","href":"https:\/\/api.w.org\/{rel}","templated":true}]}}