{"id":11489,"date":"2019-09-21T14:54:52","date_gmt":"2019-09-21T14:54:52","guid":{"rendered":"http:\/\/www.billard-club-sottevillais.com\/?page_id=11489"},"modified":"2019-09-21T15:03:31","modified_gmt":"2019-09-21T15:03:31","slug":"pot-daccueil","status":"publish","type":"page","link":"http:\/\/www.billard-club-sottevillais.com\/?page_id=11489","title":{"rendered":"Pot d&rsquo;accueil"},"content":{"rendered":"<p style=\"text-align: justify;\">Chaque ann\u00e9e, le BCS propose \u00e0 ses adh\u00e9rents un repas au restaurant le jour de l&rsquo;Assembl\u00e9e G\u00e9n\u00e9rale. Cette ann\u00e9e, l&rsquo;AG tombait pendant l&rsquo;Armada et nous avons pr\u00e9f\u00e9r\u00e9 annuler le repas au profit d&rsquo;un pot d&rsquo;accueil organis\u00e9 en d\u00e9but de saison.<\/p>\n<p>Le 20 septembre 2019, le Billard Club Sottevillais a donc convi\u00e9 ses adh\u00e9rents \u00e0 partager un verre de l&rsquo;amiti\u00e9 agr\u00e9ment\u00e9 de quelques amuses gueule.<\/p>\n<p>&nbsp;<br \/>\n<a href=\"http:\/\/www.billard-club-sottevillais.com\/wp-content\/uploads\/2019\/09\/IMG_2017.jpg\"><img loading=\"lazy\" decoding=\"async\" class=\"aligncenter size-large wp-image-11493\" src=\"http:\/\/www.billard-club-sottevillais.com\/wp-content\/uploads\/2019\/09\/IMG_2017-1024x768.jpg\" alt=\"\" width=\"737\" height=\"553\" srcset=\"http:\/\/www.billard-club-sottevillais.com\/wp-content\/uploads\/2019\/09\/IMG_2017.jpg 1024w, http:\/\/www.billard-club-sottevillais.com\/wp-content\/uploads\/2019\/09\/IMG_2017-300x225.jpg 300w, http:\/\/www.billard-club-sottevillais.com\/wp-content\/uploads\/2019\/09\/IMG_2017-768x576.jpg 768w\" sizes=\"auto, (max-width: 737px) 100vw, 737px\" \/><\/a><br \/>\n&nbsp;<br \/>\n<center><div class=\"flgallery-222 flgallery-art flgallery-embed\" style=\"width: 550px; height: 400px; overflow: hidden;\"><object classid=\"clsid:D27CDB6E-AE6D-11cf-96B8-444553540000\" id=\"flgallery-222\" width=\"550\" height=\"400\" style=\"width:550px; height:400px; margin:0; padding:0;\"><param name=\"movie\" value=\"http:\/\/www.billard-club-sottevillais.com\/wp-content\/plugins\/global-flash-galleries\/swf\/Art.swf\" \/><param name=\"flashVars\" value=\"XMLFile=http%3A%2F%2Fwww.billard-club-sottevillais.com%2Fwp-content%2Fflgallery%2Fxml%2F1%2F222.xml\" \/><param name=\"allowFullScreen\" value=\"true\" \/><param name=\"allowScriptAccess\" value=\"always\" \/><param name=\"quality\" value=\"high\" \/><param name=\"wmode\" value=\"transparent\" \/><param name=\"swfversion\" value=\"9.0.45.0\" \/><param name=\"expressinstall\" value=\"http:\/\/www.billard-club-sottevillais.com\/wp-content\/plugins\/global-flash-galleries\/js\/swfobject\/expressInstall.swf\" \/><object type=\"application\/x-shockwave-flash\" data=\"http:\/\/www.billard-club-sottevillais.com\/wp-content\/plugins\/global-flash-galleries\/swf\/Art.swf\" width=\"550\" height=\"400\" style=\"width:550px; height:400px; margin:0; padding:0; outline:none;\"><param name=\"flashVars\" value=\"XMLFile=http%3A%2F%2Fwww.billard-club-sottevillais.com%2Fwp-content%2Fflgallery%2Fxml%2F1%2F222.xml\" \/><param name=\"allowFullScreen\" value=\"true\" \/><param name=\"allowScriptAccess\" value=\"always\" \/><param name=\"quality\" value=\"high\" \/><param name=\"wmode\" value=\"transparent\" \/><param name=\"swfversion\" value=\"9.0.45.0\" \/><param name=\"expressinstall\" value=\"http:\/\/www.billard-club-sottevillais.com\/wp-content\/plugins\/global-flash-galleries\/js\/swfobject\/expressInstall.swf\" \/><div class=\"flgallery-altcontent\"><ol style=\"list-style:none;\"><li style=\"display:inline;\"><a href=\"http:\/\/www.billard-club-sottevillais.com\/wp-content\/flgallery\/images\/9gcqjan0luc8.jpg\"><img decoding=\"async\" src=\"http:\/\/www.billard-club-sottevillais.com\/wp-content\/flgallery\/tmp\/img-9gcqjan0luc8.160x120.jpg\" alt=\"IMG 2018\" \/><\/a><\/li><li style=\"display:inline;\"><a href=\"http:\/\/www.billard-club-sottevillais.com\/wp-content\/flgallery\/images\/broqxm3jc1jg.jpg\"><img decoding=\"async\" src=\"http:\/\/www.billard-club-sottevillais.com\/wp-content\/flgallery\/tmp\/img-broqxm3jc1jg.160x120.jpg\" alt=\"IMG 2019\" \/><\/a><\/li><li style=\"display:inline;\"><a href=\"http:\/\/www.billard-club-sottevillais.com\/wp-content\/flgallery\/images\/oa7sfllbc3qf.jpg\"><img decoding=\"async\" src=\"http:\/\/www.billard-club-sottevillais.com\/wp-content\/flgallery\/tmp\/img-oa7sfllbc3qf.160x120.jpg\" alt=\"IMG 2023\" \/><\/a><\/li><li style=\"display:inline;\"><a href=\"http:\/\/www.billard-club-sottevillais.com\/wp-content\/flgallery\/images\/zk4tg5pdfirl.jpg\"><img decoding=\"async\" src=\"http:\/\/www.billard-club-sottevillais.com\/wp-content\/flgallery\/tmp\/img-zk4tg5pdfirl.160x120.jpg\" alt=\"IMG 2024\" \/><\/a><\/li><li style=\"display:inline;\"><a href=\"http:\/\/www.billard-club-sottevillais.com\/wp-content\/flgallery\/images\/y9y1n2v8t5ih.jpg\"><img decoding=\"async\" src=\"http:\/\/www.billard-club-sottevillais.com\/wp-content\/flgallery\/tmp\/img-y9y1n2v8t5ih.160x120.jpg\" alt=\"IMG 2029\" \/><\/a><\/li><li style=\"display:inline;\"><a href=\"http:\/\/www.billard-club-sottevillais.com\/wp-content\/flgallery\/images\/tf6xho9sgcei.jpg\"><img decoding=\"async\" src=\"http:\/\/www.billard-club-sottevillais.com\/wp-content\/flgallery\/tmp\/img-tf6xho9sgcei.160x120.jpg\" alt=\"IMG 2030\" \/><\/a><\/li><li style=\"display:inline;\"><a href=\"http:\/\/www.billard-club-sottevillais.com\/wp-content\/flgallery\/images\/qhmcwoxhnl16.jpg\"><img decoding=\"async\" src=\"http:\/\/www.billard-club-sottevillais.com\/wp-content\/flgallery\/tmp\/img-qhmcwoxhnl16.160x120.jpg\" alt=\"IMG 2031\" \/><\/a><\/li><li style=\"display:inline;\"><a href=\"http:\/\/www.billard-club-sottevillais.com\/wp-content\/flgallery\/images\/gw8pd7bt16bv.jpg\"><img decoding=\"async\" src=\"http:\/\/www.billard-club-sottevillais.com\/wp-content\/flgallery\/tmp\/img-gw8pd7bt16bv.160x120.jpg\" alt=\"IMG 2033\" \/><\/a><\/li><li style=\"display:inline;\"><a href=\"http:\/\/www.billard-club-sottevillais.com\/wp-content\/flgallery\/images\/5kqv5m5sa6dj.jpg\"><img decoding=\"async\" src=\"http:\/\/www.billard-club-sottevillais.com\/wp-content\/flgallery\/tmp\/img-5kqv5m5sa6dj.160x120.jpg\" alt=\"IMG 2034\" \/><\/a><\/li><li style=\"display:inline;\"><a href=\"http:\/\/www.billard-club-sottevillais.com\/wp-content\/flgallery\/images\/luug9l2naywq.jpg\"><img decoding=\"async\" src=\"http:\/\/www.billard-club-sottevillais.com\/wp-content\/flgallery\/tmp\/img-luug9l2naywq.160x120.jpg\" alt=\"IMG 2040\" \/><\/a><\/li><li style=\"display:inline;\"><a href=\"http:\/\/www.billard-club-sottevillais.com\/wp-content\/flgallery\/images\/z3ta33qyfgms.jpg\"><img decoding=\"async\" src=\"http:\/\/www.billard-club-sottevillais.com\/wp-content\/flgallery\/tmp\/img-z3ta33qyfgms.160x120.jpg\" alt=\"IMG 2043\" \/><\/a><\/li><li style=\"display:inline;\"><a href=\"http:\/\/www.billard-club-sottevillais.com\/wp-content\/flgallery\/images\/z5shpgf73e87.jpg\"><img decoding=\"async\" src=\"http:\/\/www.billard-club-sottevillais.com\/wp-content\/flgallery\/tmp\/img-z5shpgf73e87.160x120.jpg\" alt=\"IMG 2045\" \/><\/a><\/li><\/ol><\/div><\/object><\/object><script type=\"text\/javascript\">jQuery(document).ready(function($) { if (!swfobject.hasFlashPlayerVersion('9.0.45.0')) { altgallery({ type: 'Art', width: '550', height: '400', images: { folder: 'http:\/\/www.billard-club-sottevillais.com\/wp-content\/plugins\/global-flash-galleries\/img\/' }, config: 'http:\/\/www.billard-club-sottevillais.com\/wp-content\/flgallery\/xml\/1\/222.xml', configType: 'xml', fullscreen: 'never', callback: function(gallery) { var container = gallery.canvas.element.parents('.flgallery-embed'); var parent = container.parent(); var initialWidth = container.width(); var prevWidth; container.css({ width: '', height: '' }); function scale() { var parentWidth = parent.width(); if (parentWidth != prevWidth) { gallery.canvas.scale(parentWidth \/ initialWidth); prevWidth = parentWidth; } } scale(); $(window).resize(scale); } }, '#flgallery-222 .flgallery-altcontent'); } });<\/script><\/div><\/center><br \/>\n&nbsp;<\/p>\n<p style=\"text-align: justify;\">Une vingtaine d&rsquo;adh\u00e9rents s&rsquo;est d\u00e9plac\u00e9. Il faut dire que tout notre effectif n&rsquo;est pas encore rentr\u00e9 de vacances, le beau temps qui persiste encourage aux activit\u00e9s ext\u00e9rieures.<\/p>\n","protected":false},"excerpt":{"rendered":"<p>Chaque ann\u00e9e, le BCS propose \u00e0 ses adh\u00e9rents un repas au restaurant le jour de l&rsquo;Assembl\u00e9e G\u00e9n\u00e9rale. Cette ann\u00e9e, l&rsquo;AG tombait pendant l&rsquo;Armada et nous avons pr\u00e9f\u00e9r\u00e9 annuler le repas au profit d&rsquo;un pot d&rsquo;accueil organis\u00e9 en d\u00e9but de saison. Le 20 septembre 2019, le Billard Club Sottevillais a donc convi\u00e9 ses adh\u00e9rents \u00e0 partager &hellip; <\/p>\n<p class=\"link-more\"><a href=\"http:\/\/www.billard-club-sottevillais.com\/?page_id=11489\" class=\"more-link\">Continuer la lecture<span class=\"screen-reader-text\"> de &laquo;&nbsp;Pot d&rsquo;accueil&nbsp;&raquo;<\/span><\/a><\/p>\n","protected":false},"author":3,"featured_media":0,"parent":35,"menu_order":0,"comment_status":"closed","ping_status":"closed","template":"page-full.php","meta":{"footnotes":""},"class_list":["post-11489","page","type-page","status-publish","hentry"],"_links":{"self":[{"href":"http:\/\/www.billard-club-sottevillais.com\/index.php?rest_route=\/wp\/v2\/pages\/11489","targetHints":{"allow":["GET"]}}],"collection":[{"href":"http:\/\/www.billard-club-sottevillais.com\/index.php?rest_route=\/wp\/v2\/pages"}],"about":[{"href":"http:\/\/www.billard-club-sottevillais.com\/index.php?rest_route=\/wp\/v2\/types\/page"}],"author":[{"embeddable":true,"href":"http:\/\/www.billard-club-sottevillais.com\/index.php?rest_route=\/wp\/v2\/users\/3"}],"replies":[{"embeddable":true,"href":"http:\/\/www.billard-club-sottevillais.com\/index.php?rest_route=%2Fwp%2Fv2%2Fcomments&post=11489"}],"version-history":[{"count":8,"href":"http:\/\/www.billard-club-sottevillais.com\/index.php?rest_route=\/wp\/v2\/pages\/11489\/revisions"}],"predecessor-version":[{"id":11501,"href":"http:\/\/www.billard-club-sottevillais.com\/index.php?rest_route=\/wp\/v2\/pages\/11489\/revisions\/11501"}],"up":[{"embeddable":true,"href":"http:\/\/www.billard-club-sottevillais.com\/index.php?rest_route=\/wp\/v2\/pages\/35"}],"wp:attachment":[{"href":"http:\/\/www.billard-club-sottevillais.com\/index.php?rest_route=%2Fwp%2Fv2%2Fmedia&parent=11489"}],"curies":[{"name":"wp","href":"https:\/\/api.w.org\/{rel}","templated":true}]}}